{"id":2168,"date":"2025-05-27T14:37:44","date_gmt":"2025-05-27T17:37:44","guid":{"rendered":"https:\/\/www2.unifap.br\/ppgd\/?page_id=2168"},"modified":"2026-02-04T19:07:21","modified_gmt":"2026-02-04T22:07:21","slug":"projetos-de-pesquisa","status":"publish","type":"page","link":"https:\/\/www2.unifap.br\/ppgd\/docente\/projetos-de-pesquisa\/","title":{"rendered":"Projetos de Pesquisa"},"content":{"rendered":"\t\t<div data-elementor-type=\"wp-page\" data-elementor-id=\"2168\" class=\"elementor elementor-2168\">\n\t\t\t\t<div class=\"elementor-element elementor-element-83c567c e-flex e-con-boxed e-con e-parent\" data-id=\"83c567c\" data-element_type=\"container\" data-e-type=\"container\" data-settings=\"{&quot;background_background&quot;:&quot;classic&quot;}\">\n\t\t\t\t\t<div class=\"e-con-inner\">\n\t\t<div class=\"elementor-element elementor-element-e9ab38b e-flex e-con-boxed e-con e-child\" data-id=\"e9ab38b\" data-element_type=\"container\" data-e-type=\"container\">\n\t\t\t\t\t<div class=\"e-con-inner\">\n\t\t\t\t<div class=\"elementor-element elementor-element-8b17d06 elementor-widget-mobile__width-initial elementor-widget elementor-widget-page-title\" data-id=\"8b17d06\" data-element_type=\"widget\" data-e-type=\"widget\" data-widget_type=\"page-title.default\">\n\t\t\t\t<div class=\"elementor-widget-container\">\n\t\t\t\t\t\t\t\n\t\t<div class=\"hfe-page-title hfe-page-title-wrapper elementor-widget-heading\">\n\n\t\t\t\t\t\t\t\t<h2 class=\"elementor-heading-title elementor-size-default\">\n\t\t\t\t\t\t\t\t\n\t\t\t\tProjetos de Pesquisa  \n\t\t\t<\/h2 > \n\t\t\t\t\t<\/div>\n\t\t\t\t\t\t<\/div>\n\t\t\t\t<\/div>\n\t\t\t\t<div class=\"elementor-element elementor-element-23bb28c elementor-view-default elementor-widget elementor-widget-icon\" data-id=\"23bb28c\" data-element_type=\"widget\" data-e-type=\"widget\" data-widget_type=\"icon.default\">\n\t\t\t\t<div class=\"elementor-widget-container\">\n\t\t\t\t\t\t\t<div class=\"elementor-icon-wrapper\">\n\t\t\t<div class=\"elementor-icon\">\n\t\t\t<svg aria-hidden=\"true\" class=\"e-font-icon-svg e-fas-balance-scale\" viewBox=\"0 0 640 512\" xmlns=\"http:\/\/www.w3.org\/2000\/svg\"><path d=\"M256 336h-.02c0-16.18 1.34-8.73-85.05-181.51-17.65-35.29-68.19-35.36-85.87 0C-2.06 328.75.02 320.33.02 336H0c0 44.18 57.31 80 128 80s128-35.82 128-80zM128 176l72 144H56l72-144zm511.98 160c0-16.18 1.34-8.73-85.05-181.51-17.65-35.29-68.19-35.36-85.87 0-87.12 174.26-85.04 165.84-85.04 181.51H384c0 44.18 57.31 80 128 80s128-35.82 128-80h-.02zM440 320l72-144 72 144H440zm88 128H352V153.25c23.51-10.29 41.16-31.48 46.39-57.25H528c8.84 0 16-7.16 16-16V48c0-8.84-7.16-16-16-16H383.64C369.04 12.68 346.09 0 320 0s-49.04 12.68-63.64 32H112c-8.84 0-16 7.16-16 16v32c0 8.84 7.16 16 16 16h129.61c5.23 25.76 22.87 46.96 46.39 57.25V448H112c-8.84 0-16 7.16-16 16v32c0 8.84 7.16 16 16 16h416c8.84 0 16-7.16 16-16v-32c0-8.84-7.16-16-16-16z\"><\/path><\/svg>\t\t\t<\/div>\n\t\t<\/div>\n\t\t\t\t\t\t<\/div>\n\t\t\t\t<\/div>\n\t\t\t\t\t<\/div>\n\t\t\t\t<\/div>\n\t\t<div class=\"elementor-element elementor-element-98ac9d5 e-con-full e-flex e-con e-child\" data-id=\"98ac9d5\" data-element_type=\"container\" data-e-type=\"container\">\n\t\t<div class=\"elementor-element elementor-element-5d3d24d e-flex e-con-boxed e-con e-child\" data-id=\"5d3d24d\" data-element_type=\"container\" data-e-type=\"container\">\n\t\t\t\t\t<div class=\"e-con-inner\">\n\t\t\t\t<div class=\"elementor-element elementor-element-5743b85 elementor-widget__width-inherit elementor-widget-divider--view-line elementor-widget elementor-widget-divider\" data-id=\"5743b85\" data-element_type=\"widget\" data-e-type=\"widget\" data-widget_type=\"divider.default\">\n\t\t\t\t<div class=\"elementor-widget-container\">\n\t\t\t\t\t\t\t<div class=\"elementor-divider\">\n\t\t\t<span class=\"elementor-divider-separator\">\n\t\t\t\t\t\t<\/span>\n\t\t<\/div>\n\t\t\t\t\t\t<\/div>\n\t\t\t\t<\/div>\n\t\t\t\t\t<\/div>\n\t\t\t\t<\/div>\n\t\t<div class=\"elementor-element elementor-element-b17d976 e-flex e-con-boxed e-con e-child\" data-id=\"b17d976\" data-element_type=\"container\" data-e-type=\"container\">\n\t\t\t\t\t<div class=\"e-con-inner\">\n\t\t\t\t<div class=\"elementor-element elementor-element-4b31a9a elementor-widget elementor-widget-accordion\" data-id=\"4b31a9a\" data-element_type=\"widget\" data-e-type=\"widget\" data-widget_type=\"accordion.default\">\n\t\t\t\t<div class=\"elementor-widget-container\">\n\t\t\t\t\t\t\t<div class=\"elementor-accordion\">\n\t\t\t\t\t\t\t<div class=\"elementor-accordion-item\">\n\t\t\t\t\t<div id=\"elementor-tab-title-7881\" class=\"elementor-tab-title\" data-tab=\"1\" role=\"button\" aria-controls=\"elementor-tab-content-7881\" aria-expanded=\"false\">\n\t\t\t\t\t\t\t\t\t\t\t\t\t<span class=\"elementor-accordion-icon elementor-accordion-icon-left\" aria-hidden=\"true\">\n\t\t\t\t\t\t\t\t\t\t\t\t\t\t\t<span class=\"elementor-accordion-icon-closed\"><svg class=\"e-font-icon-svg e-fas-plus\" viewBox=\"0 0 448 512\" xmlns=\"http:\/\/www.w3.org\/2000\/svg\"><path d=\"M416 208H272V64c0-17.67-14.33-32-32-32h-32c-17.67 0-32 14.33-32 32v144H32c-17.67 0-32 14.33-32 32v32c0 17.67 14.33 32 32 32h144v144c0 17.67 14.33 32 32 32h32c17.67 0 32-14.33 32-32V304h144c17.67 0 32-14.33 32-32v-32c0-17.67-14.33-32-32-32z\"><\/path><\/svg><\/span>\n\t\t\t\t\t\t\t\t<span class=\"elementor-accordion-icon-opened\"><svg class=\"e-font-icon-svg e-fas-minus\" viewBox=\"0 0 448 512\" xmlns=\"http:\/\/www.w3.org\/2000\/svg\"><path d=\"M416 208H32c-17.67 0-32 14.33-32 32v32c0 17.67 14.33 32 32 32h384c17.67 0 32-14.33 32-32v-32c0-17.67-14.33-32-32-32z\"><\/path><\/svg><\/span>\n\t\t\t\t\t\t\t\t\t\t\t\t\t\t<\/span>\n\t\t\t\t\t\t\t\t\t\t\t\t<a class=\"elementor-accordion-title\" tabindex=\"0\">Caleidosc\u00f3pio Tucuju do Direito<\/a>\n\t\t\t\t\t<\/div>\n\t\t\t\t\t<div id=\"elementor-tab-content-7881\" class=\"elementor-tab-content elementor-clearfix\" data-tab=\"1\" role=\"region\" aria-labelledby=\"elementor-tab-title-7881\"><p>Projeto vinculado a um grupo de pesquisa hom\u00f4nimo, registrado no Diret\u00f3rio de Grupos de Pesquisa no Brasil, em atividade desde 2015, que vem sendo renovado periodicamente. Nasceu movido pela inten\u00e7\u00e3o de disseminar o estudo da Leg\u00edstica, como saber jur\u00eddico pouco conhecido, promovendo um debate sobre a participa\u00e7\u00e3o popular na cria\u00e7\u00e3o do Direito, sobretudo via processo legislativo. Atualmente, \u00e9 um projeto guarda-chuva que conta com tr\u00eas linhas de pesquisa: 1) Direitos Humanos e Estado Democr\u00e1tico de Direito: fundamenta\u00e7\u00e3o, participa\u00e7\u00e3o e efetividade; 2) Pesquisa Emp\u00edrica em Direito; 3) Direito e Desenvolvimento. As linhas convergem ao reivindicarem em seus trabalhos um maior rigor metodol\u00f3gico e interdisciplinaridade para a ci\u00eancia jur\u00eddica. Ainda, convergem quanto \u00e0 abertura do campo de discuss\u00e3o para o momento de cria\u00e7\u00e3o do direito, aproximando o direito da realidade social (texto e contexto).<\/p><p><strong>Docentes vinculados:<\/strong><\/p><p>Profa. Dra. Linara Oeiras Assun\u00e7\u00e3o\u00a0 &#8211; (coordenadora);<\/p><p>Prof. Dr. Iaci Pelaes dos Reis.<\/p><p><strong>Linha de Pesquisa:<\/strong><\/p><p>Justi\u00e7a Social e Desenvolvimento.<\/p><\/div>\n\t\t\t\t<\/div>\n\t\t\t\t\t\t\t<div class=\"elementor-accordion-item\">\n\t\t\t\t\t<div id=\"elementor-tab-title-7882\" class=\"elementor-tab-title\" data-tab=\"2\" role=\"button\" aria-controls=\"elementor-tab-content-7882\" aria-expanded=\"false\">\n\t\t\t\t\t\t\t\t\t\t\t\t\t<span class=\"elementor-accordion-icon elementor-accordion-icon-left\" aria-hidden=\"true\">\n\t\t\t\t\t\t\t\t\t\t\t\t\t\t\t<span class=\"elementor-accordion-icon-closed\"><svg class=\"e-font-icon-svg e-fas-plus\" viewBox=\"0 0 448 512\" xmlns=\"http:\/\/www.w3.org\/2000\/svg\"><path d=\"M416 208H272V64c0-17.67-14.33-32-32-32h-32c-17.67 0-32 14.33-32 32v144H32c-17.67 0-32 14.33-32 32v32c0 17.67 14.33 32 32 32h144v144c0 17.67 14.33 32 32 32h32c17.67 0 32-14.33 32-32V304h144c17.67 0 32-14.33 32-32v-32c0-17.67-14.33-32-32-32z\"><\/path><\/svg><\/span>\n\t\t\t\t\t\t\t\t<span class=\"elementor-accordion-icon-opened\"><svg class=\"e-font-icon-svg e-fas-minus\" viewBox=\"0 0 448 512\" xmlns=\"http:\/\/www.w3.org\/2000\/svg\"><path d=\"M416 208H32c-17.67 0-32 14.33-32 32v32c0 17.67 14.33 32 32 32h384c17.67 0 32-14.33 32-32v-32c0-17.67-14.33-32-32-32z\"><\/path><\/svg><\/span>\n\t\t\t\t\t\t\t\t\t\t\t\t\t\t<\/span>\n\t\t\t\t\t\t\t\t\t\t\t\t<a class=\"elementor-accordion-title\" tabindex=\"0\">Cidadania, direitos e sensos de justi\u00e7a no Brasil<\/a>\n\t\t\t\t\t<\/div>\n\t\t\t\t\t<div id=\"elementor-tab-content-7882\" class=\"elementor-tab-content elementor-clearfix\" data-tab=\"2\" role=\"region\" aria-labelledby=\"elementor-tab-title-7882\"><p>A antropologia, com seu foco etnogr\u00e1fico, tem muito a contribuir para as reflex\u00f5es sobre a experi\u00eancia democr\u00e1tica e sobre a cidadania. Ao se deslocar a an\u00e1lise da dimens\u00e3o formal da cidadania para a dimens\u00e3o de como os direitos s\u00e3o vividos, concebidos e problematizados cotidianamente pelos atores e grupos sociais concretos, abre-se espa\u00e7o para se perceber diferentes rearranjos que podem revelar concep\u00e7\u00f5es completamente diferentes da formula\u00e7\u00e3o euroc\u00eantrica. Ao fazer isso, os antrop\u00f3logos t\u00eam desestabilizado abordagens que naturalizam o modelo liberal, demonstrando que n\u00e3o \u00e9 poss\u00edvel compreender a cidadania como um status puramente legal que garante ao indiv\u00edduo um conjunto de direitos e deveres em sua rela\u00e7\u00e3o com o Estado, como apontam os trabalhos de Rosaldo (1994), Ong (1996), Dagnino (1998), Feldman (2007), Lazar (2008), Damatta (2000), Cardoso de Oliveira (2002; 2013), Caldeira (2000) e Holston (2008). Inspirado pela produ\u00e7\u00e3o destes autores e autoras, nesta pesquisa propomos mapear o &#8220;estado da arte&#8221; dos estudos sobre cidadania e sensos de direitos e de justi\u00e7a produzidos por antrop\u00f3logas e por antrop\u00f3logos no Brasil, tra\u00e7ando assim o seu perfil, os temas e grupos mais abordados nesta produ\u00e7\u00e3o. Al\u00e9m disto, \u00e9 nosso interesse refletir e problematizar as demandas por direitos de cidadania elaboradas por membros de grupos em situa\u00e7\u00e3o de vulnerabilidade, apresentando as categorias locais elaboradas por estes atores sociais. Tamb\u00e9m \u00e9 nosso interesse estabelecer uma an\u00e1lise sobre as conflu\u00eancias e diverg\u00eancias entre estas categorias &#8220;nativas&#8221; e a defini\u00e7\u00e3o formal do conceito cidadania.<\/p><p><strong>Docentes vinculados: <\/strong><\/p><p>Prof. Dr. Marcus Andr\u00e9 de Souza Cardoso da Silva \u2013 (coordenador);<\/p><p>Prof. Dr. Diego Moura de Ara\u00fajo;<\/p><p>Prof. Dr. Dinaldo Barbosa da Silva J\u00fanior;<\/p><p>Prof. Dr. Luiz Laboissiere Junior.<\/p><p><strong>Linha de Pesquisa:<\/strong><\/p><p>Sistemas de Justi\u00e7a e Direitos Humanos.<\/p><\/div>\n\t\t\t\t<\/div>\n\t\t\t\t\t\t\t<div class=\"elementor-accordion-item\">\n\t\t\t\t\t<div id=\"elementor-tab-title-7883\" class=\"elementor-tab-title\" data-tab=\"3\" role=\"button\" aria-controls=\"elementor-tab-content-7883\" aria-expanded=\"false\">\n\t\t\t\t\t\t\t\t\t\t\t\t\t<span class=\"elementor-accordion-icon elementor-accordion-icon-left\" aria-hidden=\"true\">\n\t\t\t\t\t\t\t\t\t\t\t\t\t\t\t<span class=\"elementor-accordion-icon-closed\"><svg class=\"e-font-icon-svg e-fas-plus\" viewBox=\"0 0 448 512\" xmlns=\"http:\/\/www.w3.org\/2000\/svg\"><path d=\"M416 208H272V64c0-17.67-14.33-32-32-32h-32c-17.67 0-32 14.33-32 32v144H32c-17.67 0-32 14.33-32 32v32c0 17.67 14.33 32 32 32h144v144c0 17.67 14.33 32 32 32h32c17.67 0 32-14.33 32-32V304h144c17.67 0 32-14.33 32-32v-32c0-17.67-14.33-32-32-32z\"><\/path><\/svg><\/span>\n\t\t\t\t\t\t\t\t<span class=\"elementor-accordion-icon-opened\"><svg class=\"e-font-icon-svg e-fas-minus\" viewBox=\"0 0 448 512\" xmlns=\"http:\/\/www.w3.org\/2000\/svg\"><path d=\"M416 208H32c-17.67 0-32 14.33-32 32v32c0 17.67 14.33 32 32 32h384c17.67 0 32-14.33 32-32v-32c0-17.67-14.33-32-32-32z\"><\/path><\/svg><\/span>\n\t\t\t\t\t\t\t\t\t\t\t\t\t\t<\/span>\n\t\t\t\t\t\t\t\t\t\t\t\t<a class=\"elementor-accordion-title\" tabindex=\"0\">N\u00facleo de Estudos em Direito Socioambiental na Amaz\u00f4nia - NEDISA<\/a>\n\t\t\t\t\t<\/div>\n\t\t\t\t\t<div id=\"elementor-tab-content-7883\" class=\"elementor-tab-content elementor-clearfix\" data-tab=\"3\" role=\"region\" aria-labelledby=\"elementor-tab-title-7883\"><p>Os bens socioambientais culturais protegidos constitucionalmente s\u00e3o os de cultura material como o hist\u00f3rico, art\u00edsticos, arqueol\u00f3gicos, etnogr\u00e1ficos, paisag\u00edstico, bibliogr\u00e1ficos. E os imateriais, que se constituem nas pr\u00e1ticas, no saber-fazer-criar, celebra\u00e7\u00f5es, m\u00fasicas e dan\u00e7as, dentre outro. Portanto, o grupo tem como objetivo a realiza\u00e7\u00e3o de pesquisas sobre o Direito Socioambiental, que estuda a intera\u00e7\u00e3o dos seres humanos e o meio ambiente, e os desdobramentos no ordenamento jur\u00eddico. O enfoque ser\u00e1 dado na observa\u00e7\u00e3o e contribui\u00e7\u00f5es para o enfrentamento das din\u00e2micas sociais que envolvem a sobreviv\u00eancia dos modos de vida dos povos na Amaz\u00f4nia (ind\u00edgenas, quilombolas, ribeirinhos, extrativistas, agricultores, dentre outros) e as constru\u00e7\u00f5es culturais materiais e imateriais no decorrer do tempo. As an\u00e1lises tamb\u00e9m s\u00e3o pautadas a partir da contrariedade entre a sociedade hegem\u00f4nica e das sociedades tradicionais, as suas interfer\u00eancias e amea\u00e7as aos modos de reprodu\u00e7\u00e3o, organiza\u00e7\u00e3o social e o reconhecimento de Direitos dos povos.<\/p><p><strong>Docentes vinculados:<\/strong><\/p><p>Profa. Dra. Juliana Monteiro Pedro &#8211; (coordenadora);<\/p><p>Prof. Dr. Ant\u00f4nio Sabino da Silva Neto;<\/p><p>Prof. Dr. Carlos Frederico Mares de Souza Filho.<\/p><p><strong>Linha de Pesquisa:<\/strong><\/p><p>Justi\u00e7a Social e Desenvolvimento.<\/p><\/div>\n\t\t\t\t<\/div>\n\t\t\t\t\t\t\t<div class=\"elementor-accordion-item\">\n\t\t\t\t\t<div id=\"elementor-tab-title-7884\" class=\"elementor-tab-title\" data-tab=\"4\" role=\"button\" aria-controls=\"elementor-tab-content-7884\" aria-expanded=\"false\">\n\t\t\t\t\t\t\t\t\t\t\t\t\t<span class=\"elementor-accordion-icon elementor-accordion-icon-left\" aria-hidden=\"true\">\n\t\t\t\t\t\t\t\t\t\t\t\t\t\t\t<span class=\"elementor-accordion-icon-closed\"><svg class=\"e-font-icon-svg e-fas-plus\" viewBox=\"0 0 448 512\" xmlns=\"http:\/\/www.w3.org\/2000\/svg\"><path d=\"M416 208H272V64c0-17.67-14.33-32-32-32h-32c-17.67 0-32 14.33-32 32v144H32c-17.67 0-32 14.33-32 32v32c0 17.67 14.33 32 32 32h144v144c0 17.67 14.33 32 32 32h32c17.67 0 32-14.33 32-32V304h144c17.67 0 32-14.33 32-32v-32c0-17.67-14.33-32-32-32z\"><\/path><\/svg><\/span>\n\t\t\t\t\t\t\t\t<span class=\"elementor-accordion-icon-opened\"><svg class=\"e-font-icon-svg e-fas-minus\" viewBox=\"0 0 448 512\" xmlns=\"http:\/\/www.w3.org\/2000\/svg\"><path d=\"M416 208H32c-17.67 0-32 14.33-32 32v32c0 17.67 14.33 32 32 32h384c17.67 0 32-14.33 32-32v-32c0-17.67-14.33-32-32-32z\"><\/path><\/svg><\/span>\n\t\t\t\t\t\t\t\t\t\t\t\t\t\t<\/span>\n\t\t\t\t\t\t\t\t\t\t\t\t<a class=\"elementor-accordion-title\" tabindex=\"0\">Observat\u00f3rio da Justi\u00e7a Amapaense: o Acesso \u00e0 justi\u00e7a de grupos exclu\u00eddos do Estado do Amap\u00e1<\/a>\n\t\t\t\t\t<\/div>\n\t\t\t\t\t<div id=\"elementor-tab-content-7884\" class=\"elementor-tab-content elementor-clearfix\" data-tab=\"4\" role=\"region\" aria-labelledby=\"elementor-tab-title-7884\"><p>O Observat\u00f3rio da Justi\u00e7a \u00e9 um projeto que tem como objetivo pesquisar sobre a efetividade do acesso \u00e0 justi\u00e7a de grupos vulnerabilizados e exclu\u00eddos socialmente e do processo de reivindica\u00e7\u00e3o de direitos, especialmente os povos ind\u00edgenas e comunidades tradicionais da Amaz\u00f4nia. As an\u00e1lises e pesquisas institucionais s\u00e3o importantes para melhorar a presta\u00e7\u00e3o de servi\u00e7o no \u00e2mbito do Tribunal, mas a an\u00e1lise vista sob o \u00e2ngulo externo traz a visibilidade da necessidade de pol\u00edticas que visem n\u00e3o somente resolver conflitos, por meio da jurisdi\u00e7\u00e3o ou outras formas complementares, mas desenvolver a cidadania e empoderar o cidad\u00e3o sobre a import\u00e2ncia da dissemina\u00e7\u00e3o da cultura da paz, bem como viabilizar o exerc\u00edcio dos direitos humanos, vistos sob o enfoque da teoria cr\u00edtica.<\/p><p><strong>Docentes vinculadas:<\/strong><\/p><p>Profa. Dra. Simone Maria Palheta Pires \u2013 (coordenadora);<\/p><p>Profa. Dra. Helena Cristina Guimar\u00e3es Queiroz Sim\u00f5es;<\/p><p>Profa. Dra. Daize Fernanda Wagner.<\/p><p><strong>Linha de Pesquisa:<\/strong><\/p><p>Sistemas de Justi\u00e7a e Direitos Humanos.<\/p><\/div>\n\t\t\t\t<\/div>\n\t\t\t\t\t\t\t<div class=\"elementor-accordion-item\">\n\t\t\t\t\t<div id=\"elementor-tab-title-7885\" class=\"elementor-tab-title\" data-tab=\"5\" role=\"button\" aria-controls=\"elementor-tab-content-7885\" aria-expanded=\"false\">\n\t\t\t\t\t\t\t\t\t\t\t\t\t<span class=\"elementor-accordion-icon elementor-accordion-icon-left\" aria-hidden=\"true\">\n\t\t\t\t\t\t\t\t\t\t\t\t\t\t\t<span class=\"elementor-accordion-icon-closed\"><svg class=\"e-font-icon-svg e-fas-plus\" viewBox=\"0 0 448 512\" xmlns=\"http:\/\/www.w3.org\/2000\/svg\"><path d=\"M416 208H272V64c0-17.67-14.33-32-32-32h-32c-17.67 0-32 14.33-32 32v144H32c-17.67 0-32 14.33-32 32v32c0 17.67 14.33 32 32 32h144v144c0 17.67 14.33 32 32 32h32c17.67 0 32-14.33 32-32V304h144c17.67 0 32-14.33 32-32v-32c0-17.67-14.33-32-32-32z\"><\/path><\/svg><\/span>\n\t\t\t\t\t\t\t\t<span class=\"elementor-accordion-icon-opened\"><svg class=\"e-font-icon-svg e-fas-minus\" viewBox=\"0 0 448 512\" xmlns=\"http:\/\/www.w3.org\/2000\/svg\"><path d=\"M416 208H32c-17.67 0-32 14.33-32 32v32c0 17.67 14.33 32 32 32h384c17.67 0 32-14.33 32-32v-32c0-17.67-14.33-32-32-32z\"><\/path><\/svg><\/span>\n\t\t\t\t\t\t\t\t\t\t\t\t\t\t<\/span>\n\t\t\t\t\t\t\t\t\t\t\t\t<a class=\"elementor-accordion-title\" tabindex=\"0\">Propriedade Intelectual e Sociedade: interdisciplinaridades para a Ci\u00eancia, Tecnologia &amp; Inova\u00e7\u00e3o (PROPIS-CT&amp;I)<\/a>\n\t\t\t\t\t<\/div>\n\t\t\t\t\t<div id=\"elementor-tab-content-7885\" class=\"elementor-tab-content elementor-clearfix\" data-tab=\"5\" role=\"region\" aria-labelledby=\"elementor-tab-title-7885\"><p>A pretens\u00e3o \u00e9 disseminar e divulgar o sistema legal de prote\u00e7\u00e3o jur\u00eddica pela Propriedade Intelectual para a comunidade acad\u00eamica e para a sociedade a partir do planejamento de estrat\u00e9gias institucionais desde a gradua\u00e7\u00e3o at\u00e9 a p\u00f3s-gradua\u00e7\u00e3o. Com efeito, ser\u00e3o adotados os m\u00e9todos explorat\u00f3rios a partir dos cursos de forma\u00e7\u00e3o at\u00e9 a p\u00f3s-gradua\u00e7\u00e3o no que se refere ao prop\u00f3sito de fomentar e estimular a produ\u00e7\u00e3o de inova\u00e7\u00e3o na Universidade para Sociedade. Por conseguinte, a partir da pesquisa explorat\u00f3ria poder\u00e1 ser tamb\u00e9m analisada a quest\u00e3o relacionada \u00e0 parceria p\u00fablico-privada e ao empreendedorismo no Estado do Amap\u00e1.<\/p><p><strong>Docentes vinculados:<\/strong><\/p><p>Profa. Dra. Sabrina Carvalho Verzola &#8211; (coordenadora);<\/p><p>Prof. Dr.\u00a0Nicolau El\u00e1dio Bassalo Crispino.<\/p><p><strong>Linha de Pesquisa:<\/strong><\/p><p>Justi\u00e7a Social e Desenvolvimento.<\/p><\/div>\n\t\t\t\t<\/div>\n\t\t\t\t\t\t\t\t<\/div>\n\t\t\t\t\t\t<\/div>\n\t\t\t\t<\/div>\n\t\t\t\t\t<\/div>\n\t\t\t\t<\/div>\n\t\t\t\t<\/div>\n\t\t\t\t\t<\/div>\n\t\t\t\t<\/div>\n\t\t\t\t<\/div>\n\t\t","protected":false},"excerpt":{"rendered":"<p>Projetos de Pesquisa Caleidosc\u00f3pio Tucuju do Direito Projeto vinculado a um grupo de pesquisa hom\u00f4nimo, registrado no Diret\u00f3rio de Grupos de Pesquisa no Brasil, em atividade desde 2015, que vem sendo renovado periodicamente. Nasceu movido pela inten\u00e7\u00e3o de disseminar o estudo da Leg\u00edstica, como saber jur\u00eddico pouco conhecido, promovendo um debate sobre a participa\u00e7\u00e3o popular&#8230;<\/p>\n","protected":false},"author":3999,"featured_media":0,"parent":345,"menu_order":0,"comment_status":"closed","ping_status":"closed","template":"","meta":{"inline_featured_image":false,"site-sidebar-layout":"no-sidebar","site-content-layout":"page-builder","ast-site-content-layout":"full-width-container","site-content-style":"unboxed","site-sidebar-style":"unboxed","ast-global-header-display":"","ast-banner-title-visibility":"","ast-main-header-display":"","ast-hfb-above-header-display":"","ast-hfb-below-header-display":"","ast-hfb-mobile-header-display":"","site-post-title":"disabled","ast-breadcrumbs-content":"","ast-featured-img":"disabled","footer-sml-layout":"","theme-transparent-header-meta":"default","adv-header-id-meta":"","stick-header-meta":"","header-above-stick-meta":"","header-main-stick-meta":"","header-below-stick-meta":"","astra-migrate-meta-layouts":"set","ast-page-background-enabled":"default","ast-page-background-meta":{"desktop":{"background-color":"var(--ast-global-color-4)","background-image":"","background-repeat":"repeat","background-position":"center center","background-size":"auto","background-attachment":"scroll","background-type":"","background-media":"","overlay-type":"","overlay-color":"","overlay-opacity":"","overlay-gradient":""},"tablet":{"background-color":"","background-image":"","background-repeat":"repeat","background-position":"center center","background-size":"auto","background-attachment":"scroll","background-type":"","background-media":"","overlay-type":"","overlay-color":"","overlay-opacity":"","overlay-gradient":""},"mobile":{"background-color":"","background-image":"","background-repeat":"repeat","background-position":"center center","background-size":"auto","background-attachment":"scroll","background-type":"","background-media":"","overlay-type":"","overlay-color":"","overlay-opacity":"","overlay-gradient":""}},"ast-content-background-meta":{"desktop":{"background-color":"var(--ast-global-color-5)","background-image":"","background-repeat":"repeat","background-position":"center center","background-size":"auto","background-attachment":"scroll","background-type":"","background-media":"","overlay-type":"","overlay-color":"","overlay-opacity":"","overlay-gradient":""},"tablet":{"background-color":"var(--ast-global-color-5)","background-image":"","background-repeat":"repeat","background-position":"center center","background-size":"auto","background-attachment":"scroll","background-type":"","background-media":"","overlay-type":"","overlay-color":"","overlay-opacity":"","overlay-gradient":""},"mobile":{"background-color":"var(--ast-global-color-5)","background-image":"","background-repeat":"repeat","background-position":"center center","background-size":"auto","background-attachment":"scroll","background-type":"","background-media":"","overlay-type":"","overlay-color":"","overlay-opacity":"","overlay-gradient":""}},"footnotes":""},"class_list":["post-2168","page","type-page","status-publish","hentry"],"_links":{"self":[{"href":"https:\/\/www2.unifap.br\/ppgd\/wp-json\/wp\/v2\/pages\/2168","targetHints":{"allow":["GET"]}}],"collection":[{"href":"https:\/\/www2.unifap.br\/ppgd\/wp-json\/wp\/v2\/pages"}],"about":[{"href":"https:\/\/www2.unifap.br\/ppgd\/wp-json\/wp\/v2\/types\/page"}],"author":[{"embeddable":true,"href":"https:\/\/www2.unifap.br\/ppgd\/wp-json\/wp\/v2\/users\/3999"}],"replies":[{"embeddable":true,"href":"https:\/\/www2.unifap.br\/ppgd\/wp-json\/wp\/v2\/comments?post=2168"}],"version-history":[{"count":8,"href":"https:\/\/www2.unifap.br\/ppgd\/wp-json\/wp\/v2\/pages\/2168\/revisions"}],"predecessor-version":[{"id":3729,"href":"https:\/\/www2.unifap.br\/ppgd\/wp-json\/wp\/v2\/pages\/2168\/revisions\/3729"}],"up":[{"embeddable":true,"href":"https:\/\/www2.unifap.br\/ppgd\/wp-json\/wp\/v2\/pages\/345"}],"wp:attachment":[{"href":"https:\/\/www2.unifap.br\/ppgd\/wp-json\/wp\/v2\/media?parent=2168"}],"curies":[{"name":"wp","href":"https:\/\/api.w.org\/{rel}","templated":true}]}}