{"id":304,"date":"2012-02-13T18:09:10","date_gmt":"2012-02-13T18:09:10","guid":{"rendered":"http:\/\/www2.unifap.br\/ppgdapp\/?page_id=304"},"modified":"2013-10-16T21:53:58","modified_gmt":"2013-10-16T21:53:58","slug":"linhas-de-pesquisa","status":"publish","type":"page","link":"https:\/\/www2.unifap.br\/ppgdapp\/apresentacao\/linhas-de-pesquisa\/","title":{"rendered":"Linhas de Pesquisa"},"content":{"rendered":"<p><a href=\"http:\/\/www2.unifap.br\/ppgdapp\/files\/2013\/05\/ppgdapp-banner.jpg\"><img fetchpriority=\"high\" decoding=\"async\" class=\"aligncenter size-full wp-image-294\" src=\"http:\/\/www2.unifap.br\/ppgdapp\/files\/2013\/05\/ppgdapp-banner.jpg\" alt=\"\" width=\"800\" height=\"120\" \/><\/a><\/p>\n<table width=\"480\">\n<tbody>\n<tr>\n<td width=\"592\" bgcolor=\"#009966\">\n<div><strong>LINHAS DE PESQUISA<\/strong><\/div>\n<\/td>\n<\/tr>\n<\/tbody>\n<\/table>\n<h2 style=\"text-align: justify;\"><span style=\"text-decoration: underline;\"><a href=\"http:\/\/www2.unifap.br\/ppgdapp\/apresentacao\/linhas-de-pesquisa\/direito-ambiental-competencias-e-efetividade\/\">Direito Ambiental, Compet\u00eancias e Efetividade<\/a><\/span><br \/>\n<strong> <\/strong><\/h2>\n<p><strong>SUBLINHAS<\/strong><\/p>\n<ul>\n<li><span style=\"text-align: justify;\">Meio Ambiente nas Cidades<\/span><\/li>\n<li><span style=\"text-align: justify;\">Direito Socioambiental<\/span><\/li>\n<li><span style=\"text-align: justify;\">Responsabilidade Civil e Administrativa Ambiental<\/span><\/li>\n<li><span style=\"text-align: justify;\">Direito Ambiental<\/span><\/li>\n<\/ul>\n<hr \/>\n<h2><span style=\"text-decoration: underline;\"><a href=\"http:\/\/www2.unifap.br\/ppgdapp\/apresentacao\/linhas-de-pesquisa\/politicas-publicas-desenvolvimento-e-meio-ambiente-na-amazonia\/\">Pol\u00edticas P\u00fablicas, Desenvolvimento e Meio Ambiente na Amaz\u00f4nia<\/a><\/span><br \/>\n<strong> <\/strong><\/h2>\n<p><strong>SUBLINHAS<\/strong><\/p>\n<ul>\n<li>Meio Ambiente, linguagem\/discursos e educa\u00e7\u00e3o<\/li>\n<li>Energia e Sustentabilidade<\/li>\n<li>Patrim\u00f4nio Cultural, Pol\u00edticas P\u00fablicas e Meio Ambiente<\/li>\n<li>Pol\u00edticas P\u00fablicas e estrat\u00e9gias de desenvolvimento na Amaz\u00f4nia<\/li>\n<li>An\u00e1lise ambiental e Pol\u00edticas P\u00fablicas<\/li>\n<li>\u00c1reas Protegidas, Conflitos, e Meio Ambiente<\/li>\n<li>An\u00e1lises do Discurso Ambiental e Educa\u00e7\u00e3o Ambiental<\/li>\n<li>Pol\u00edticas de Sa\u00fade e Meio Ambiente<\/li>\n<li>Pol\u00edticas P\u00fablicas e Meio Ambiente em Terras Ind\u00edgenas<\/li>\n<\/ul>\n<p style=\"text-align: justify;\">&nbsp;<\/p>\n","protected":false},"excerpt":{"rendered":"<p>LINHAS DE PESQUISA Direito Ambiental, Compet\u00eancias e Efetividade SUBLINHAS Meio Ambiente nas Cidades Direito Socioambiental Responsabilidade Civil e Administrativa Ambiental Direito Ambiental Pol\u00edticas P\u00fablicas, Desenvolvimento e Meio Ambiente na Amaz\u00f4nia SUBLINHAS Meio Ambiente, linguagem\/discursos e educa\u00e7\u00e3o Energia e Sustentabilidade Patrim\u00f4nio&hellip; <\/p>\n<p><a href=\"https:\/\/www2.unifap.br\/ppgdapp\/apresentacao\/linhas-de-pesquisa\/\" class=\"readmore-button\">Continue Reading<\/a><\/p>\n","protected":false},"author":25,"featured_media":0,"parent":285,"menu_order":0,"comment_status":"closed","ping_status":"open","template":"template-twocolumns-left.php","meta":{"inline_featured_image":false,"ngg_post_thumbnail":0,"footnotes":""},"class_list":["post-304","page","type-page","status-publish","hentry"],"_links":{"self":[{"href":"https:\/\/www2.unifap.br\/ppgdapp\/wp-json\/wp\/v2\/pages\/304","targetHints":{"allow":["GET"]}}],"collection":[{"href":"https:\/\/www2.unifap.br\/ppgdapp\/wp-json\/wp\/v2\/pages"}],"about":[{"href":"https:\/\/www2.unifap.br\/ppgdapp\/wp-json\/wp\/v2\/types\/page"}],"author":[{"embeddable":true,"href":"https:\/\/www2.unifap.br\/ppgdapp\/wp-json\/wp\/v2\/users\/25"}],"replies":[{"embeddable":true,"href":"https:\/\/www2.unifap.br\/ppgdapp\/wp-json\/wp\/v2\/comments?post=304"}],"version-history":[{"count":11,"href":"https:\/\/www2.unifap.br\/ppgdapp\/wp-json\/wp\/v2\/pages\/304\/revisions"}],"predecessor-version":[{"id":755,"href":"https:\/\/www2.unifap.br\/ppgdapp\/wp-json\/wp\/v2\/pages\/304\/revisions\/755"}],"up":[{"embeddable":true,"href":"https:\/\/www2.unifap.br\/ppgdapp\/wp-json\/wp\/v2\/pages\/285"}],"wp:attachment":[{"href":"https:\/\/www2.unifap.br\/ppgdapp\/wp-json\/wp\/v2\/media?parent=304"}],"curies":[{"name":"wp","href":"https:\/\/api.w.org\/{rel}","templated":true}]}}