{"id":317,"date":"2012-02-13T18:30:50","date_gmt":"2012-02-13T18:30:50","guid":{"rendered":"http:\/\/www2.unifap.br\/ppgdapp\/?page_id=317"},"modified":"2013-10-16T21:53:58","modified_gmt":"2013-10-16T21:53:58","slug":"regimento-interno","status":"publish","type":"page","link":"https:\/\/www2.unifap.br\/ppgdapp\/apresentacao\/regimento-interno\/","title":{"rendered":"Regimento Interno"},"content":{"rendered":"<p style=\"text-align: justify;\"><a href=\"http:\/\/www2.unifap.br\/ppgdapp\/files\/2013\/05\/ppgdapp-banner.jpg\"><img fetchpriority=\"high\" decoding=\"async\" class=\"aligncenter size-full wp-image-294\" src=\"http:\/\/www2.unifap.br\/ppgdapp\/files\/2013\/05\/ppgdapp-banner.jpg\" alt=\"\" width=\"800\" height=\"120\" \/><\/a><\/p>\n<table width=\"480\">\n<tbody>\n<tr>\n<td width=\"592\" bgcolor=\"#009966\">\n<div><strong>REGIMENTO INTERNO DO CURSO<\/strong><\/div>\n<\/td>\n<\/tr>\n<\/tbody>\n<\/table>\n<h2 style=\"text-align: center;\"><strong>REGIMENTO INTERNO DO PROGRAMA DE P\u00d3S-GRADUA\u00c7\u00c3O DE <\/strong><strong>MESTRADO <\/strong><strong>EM <\/strong><strong>DIREITO AMBIENTAL E POL\u00cdTICAS P\u00daBLICAS<\/strong><\/h2>\n<blockquote>\n<p style=\"text-align: center;\"><strong>VERS\u00c3O DE 2006 <\/strong><strong style=\"font-style: normal;\"><a title=\"Regimento PPGDAPP\" href=\"http:\/\/www2.unifap.br\/ppgdapp\/files\/2012\/03\/Regimento_PPGDAPP_2006.pdf\" target=\"_blank\">DOWNLOAD<\/a><\/strong><\/p>\n<p style=\"text-align: center;\"><strong style=\"font-style: normal;\"><strong>VERS\u00c3O DE 2013 &#8211; Vigente <\/strong><strong><a title=\"Regimento PPGDAPP\" href=\"http:\/\/www2.unifap.br\/ppgdapp\/files\/2012\/02\/Reg-PPGDAPP-NOVO.pdf\" target=\"_blank\">DOWNLOAD<\/a><\/strong><br \/>\n<\/strong><\/p>\n<\/blockquote>\n","protected":false},"excerpt":{"rendered":"<p>REGIMENTO INTERNO DO CURSO REGIMENTO INTERNO DO PROGRAMA DE P\u00d3S-GRADUA\u00c7\u00c3O DE MESTRADO EM DIREITO AMBIENTAL E POL\u00cdTICAS P\u00daBLICAS VERS\u00c3O DE 2006 DOWNLOAD VERS\u00c3O DE 2013 &#8211; Vigente DOWNLOAD<\/p>\n","protected":false},"author":25,"featured_media":0,"parent":285,"menu_order":0,"comment_status":"closed","ping_status":"open","template":"template-twocolumns-left.php","meta":{"inline_featured_image":false,"ngg_post_thumbnail":0,"footnotes":""},"class_list":["post-317","page","type-page","status-publish","hentry"],"_links":{"self":[{"href":"https:\/\/www2.unifap.br\/ppgdapp\/wp-json\/wp\/v2\/pages\/317","targetHints":{"allow":["GET"]}}],"collection":[{"href":"https:\/\/www2.unifap.br\/ppgdapp\/wp-json\/wp\/v2\/pages"}],"about":[{"href":"https:\/\/www2.unifap.br\/ppgdapp\/wp-json\/wp\/v2\/types\/page"}],"author":[{"embeddable":true,"href":"https:\/\/www2.unifap.br\/ppgdapp\/wp-json\/wp\/v2\/users\/25"}],"replies":[{"embeddable":true,"href":"https:\/\/www2.unifap.br\/ppgdapp\/wp-json\/wp\/v2\/comments?post=317"}],"version-history":[{"count":10,"href":"https:\/\/www2.unifap.br\/ppgdapp\/wp-json\/wp\/v2\/pages\/317\/revisions"}],"predecessor-version":[{"id":761,"href":"https:\/\/www2.unifap.br\/ppgdapp\/wp-json\/wp\/v2\/pages\/317\/revisions\/761"}],"up":[{"embeddable":true,"href":"https:\/\/www2.unifap.br\/ppgdapp\/wp-json\/wp\/v2\/pages\/285"}],"wp:attachment":[{"href":"https:\/\/www2.unifap.br\/ppgdapp\/wp-json\/wp\/v2\/media?parent=317"}],"curies":[{"name":"wp","href":"https:\/\/api.w.org\/{rel}","templated":true}]}}