{"id":458,"date":"2013-04-27T12:16:18","date_gmt":"2013-04-27T12:16:18","guid":{"rendered":"http:\/\/www2.unifap.br\/ppgdapp\/?page_id=458"},"modified":"2014-01-18T13:21:00","modified_gmt":"2014-01-18T13:21:00","slug":"turma-2008","status":"publish","type":"page","link":"https:\/\/www2.unifap.br\/ppgdapp\/dissertacoes\/turma-2008\/","title":{"rendered":"Turma 2008"},"content":{"rendered":"<div>\n<p><strong>1) <\/strong><strong>MESTRANDO:<\/strong><strong> <\/strong>ADIEL DE SOUSA DINIZ<br \/>\n<strong>TEMA:<\/strong> <a href=\"http:\/\/www2.unifap.br\/ppgdapp\/files\/2013\/04\/Adiel.pdf\">\u201cPARTICIPA\u00c7\u00c3O POPULAR E SUSTENTABILIDADE: O CASO DO PROJETO AGENTE AMBIENTAL COMUNIT\u00c1RIO DO AMAP\u00c1 NA APA DA FAZENDINHA\u201d<\/a><br \/>\n<strong>ORIENTADOR<\/strong>:\u00a0<a href=\"http:\/\/lattes.cnpq.br\/9093782969901989\">Prof. Dr. Adalberto Carvalho Ribeiro<\/a><br \/>\n<strong>DATA DA DEFESA<\/strong>: 31 de mar\u00e7o de 2011.<\/p>\n<\/div>\n<p><strong>2) <\/strong><strong>MESTRANDO:<\/strong><strong> <\/strong><a href=\"http:\/\/lattes.cnpq.br\/3936095073326710\">ADRIANA FEL\u00cdCIA FARIAS DE ARA\u00daJO<\/a><br \/>\n<strong>TEMA:<\/strong> <a href=\"http:\/\/www2.unifap.br\/ppgdapp\/files\/2013\/04\/ADRIANA-FEL%C3%8DCIA-FARIAS-DE-ARA%C3%9AJO-GOMES-VERS%C3%83O-FI.pdf\">\u201cA TECNOLOGIA AMBIENTAL COMO INSTRUMENTO DE REGULA\u00c7\u00c3O NORMATIVA PARA O DESENVOLVIMENTO SUSTENT\u00c1VEL NO AMAP\u00c1\u201d<\/a><br \/>\n<strong>ORIENTADOR<\/strong>:\u00a0<a href=\"http:\/\/lattes.cnpq.br\/8135930822421169\">Prof. Dr. Raul Jos\u00e9 de Galaad Oliveira<\/a><br \/>\n<strong>DATA DA DEFESA<\/strong>: 31 de mar\u00e7o de 2011.<\/p>\n<div>\n<p><strong>3) <\/strong><strong>MESTRANDO:<\/strong><strong> <\/strong>CAMILA RODRIGUES IL\u00c1RIO<br \/>\n<strong>TEMA:<\/strong> \u201cDESENVOLVIMENTO SUSTENT\u00c1VEL: AN\u00c1LISE DA POL\u00cdTICA P\u00daBLICA DE APOIO AO EXTRATIVISMO NO SUL DO AMAP\u00c1: TRANSFORMA\u00c7\u00d5ES NA COMUNIDADE DE S\u00c3O FRANCISCO DO IRATAPURU\u201d<br \/>\n<strong>ORIENTADOR<\/strong>: <a href=\"http:\/\/lattes.cnpq.br\/7806022855554472\">Profa. Dra. Eliane Superti<\/a><br \/>\n<strong>DATA DA DEFESA<\/strong>: 31 de mar\u00e7o de 2011.<\/p>\n<\/div>\n<p><strong>4) <\/strong><strong>MESTRANDO:<\/strong><strong> <\/strong><a href=\"http:\/\/lattes.cnpq.br\/1996443033114903\">CARLA MARIA PENA DOS SANTOS<\/a><br \/>\n<strong>TEMA:<\/strong> \u201cA VIABILIDADE JUR\u00cdDICA DA IMPLANTA\u00c7\u00c3O DA LICITA\u00c7\u00c3O P\u00daBLICA SUSTENT\u00c1VEL NO ESTADO DO AMAP\u00c1\u201d<br \/>\n<strong>ORIENTADOR<\/strong>:\u00a0Prof. Dr. Nicolau El\u00e1dio Bassalo Crispino<br \/>\n<strong>DATA DA DEFESA<\/strong>: 18 de abril de 2011.<\/p>\n<div>\n<p><strong>5) <\/strong><strong>MESTRANDO:<\/strong><strong> <\/strong><a href=\"http:\/\/lattes.cnpq.br\/8823534055876352\">ERICK FRANCK NOGUEIRA DA PAIX\u00c3O<\/a><br \/>\n<strong>TEMA:<\/strong> \u201cARRANJOS INSTITUCIONAIS NO SUL DO AMAP\u00c1: INFLU\u00caNCIAS SOBRE A RESERVA EXTRATIVISTA DO RIO CAJARI \u2013 AS OCUPA\u00c7\u00d5ES IRREGULARES NO OESTE DA RESEX\u201d<br \/>\n<strong>ORIENTADOR<\/strong>:\u00a0<a href=\"http:\/\/lattes.cnpq.br\/9093782969901989\">Prof. Dr. Adalberto Carvalho Ribeiro<\/a><br \/>\n<strong>DATA DA DEFESA<\/strong>: 31 de mar\u00e7o de 2011.<\/p>\n<\/div>\n<p><strong>6) <\/strong><strong>MESTRANDO:<\/strong><strong> <\/strong><a href=\"http:\/\/lattes.cnpq.br\/6485924971337707\">HELISIA COSTA G\u00d3ES<\/a><br \/>\n<strong>TEMA:<\/strong> \u201cA TRANSA\u00c7\u00c3O PENAL COMO INSTRUMENTO DE PREVEN\u00c7\u00c3O E REPARA\u00c7\u00c3O DOS CRIMES AMBIENTAIS DE MENOR POTENCIAL OFENSIVO NO MUNIC\u00cdPIO DE MACAP\u00c1\u201d<br \/>\n<strong>ORIENTADOR<\/strong>:\u00a0Prof. Dr. Carmo Ant\u00f4nio de Souza<br \/>\n<strong>DATA DA DEFESA<\/strong>: 23 de novembro de 2010.<\/p>\n<div>\n<p><strong>7) <\/strong><strong>MESTRANDO:<\/strong><strong> <\/strong><a href=\"http:\/\/lattes.cnpq.br\/9961576868156067\">KEILA ANDR\u00c9A ARA\u00daJO COSTA DOS SANTOS<\/a><br \/>\n<strong>TEMA:<\/strong> <a href=\"http:\/\/www2.unifap.br\/ppgdapp\/files\/2013\/04\/Keila.pdf\">\u201cANALISE SOCIOAMBIENTAL DA OCUPA\u00c7\u00c3O URBANA DA \u00c1REA DO ATURI\u00c1-AP\u201d<\/a><br \/>\n<strong>ORIENTADOR<\/strong>:\u00a0Profa. Dra. Rosemary Ferreira de Andrade<br \/>\n<strong>DATA DA DEFESA<\/strong>: 06 de dezembro de 2010.<\/p>\n<\/div>\n<p><strong>8) <\/strong><strong>MESTRANDO:<\/strong><strong> <\/strong>LADILSON COSTA MOTTA<br \/>\n<strong>TEMA:<\/strong> \u201cA RESPONSABILIDADE CIVIL AMBIENTAL DAS MONTADORAS BRASILEIRAS DE VE\u00cdCULOS AUTOMOTIVOS TERRESTRES PELA EMISS\u00c3O DE GASES POLUENTES\u201d<br \/>\n<strong>ORIENTADOR<\/strong>:\u00a0Prof. Dr. Nicolau El\u00e1dio Bassalo Crispino<br \/>\n<strong>DATA DA DEFESA<\/strong>: 31 de mar\u00e7o de 2011.<\/p>\n<div>\n<p><strong>9) <\/strong><strong>MESTRANDO:<\/strong><strong> <\/strong><a href=\"http:\/\/lattes.cnpq.br\/2409776695243725\">LUCIANA UCH\u00d4A RIBEIRO<\/a><br \/>\n<strong>TEMA:<\/strong> \u201cA RESPONSABILIDADE PENAL DA PESSOA JUR\u00cdDICA POR CRIMES AMBIENTAIS NO \u00c2MBITO DA EXPLORA\u00c7\u00c3O MINER\u00c1RIA \u00c0 LUZ DA JURISPRUD\u00caNCIA NACIONAL\u201d<br \/>\n<strong>ORIENTADOR<\/strong>:\u00a0<a href=\"http:\/\/lattes.cnpq.br\/4886213877075945\">Prof. Dr. Edson Ferreira de Carvalho<\/a><br \/>\n<strong>DATA DA DEFESA<\/strong>: 18 de dezembro de 2010.<\/p>\n<\/div>\n<p><strong>10) <\/strong><strong>MESTRANDO:<\/strong><strong> <\/strong><a href=\"http:\/\/lattes.cnpq.br\/4741872145399145\">LUIZ LABOISSIERE J\u00daNIOR<\/a><br \/>\n<strong>TEMA:<\/strong> <a href=\"http:\/\/www2.unifap.br\/ppgdapp\/files\/2013\/04\/Luiz-Laboissiere-Junior.pdf\">\u201cDIREITO AMBIENTAL DO TRABALHO NA ATIVIDADE MINERADORA NA AMAZ\u00d4NIA: UM CAMPO EM CONSTRU\u00c7\u00c3O\u201d<\/a><br \/>\n<strong>ORIENTADOR<\/strong>:\u00a0<a href=\"http:\/\/lattes.cnpq.br\/9093782969901989\">Prof. Dr. Adalberto Carvalho Ribeiro<\/a><br \/>\n<strong>DATA DA DEFESA<\/strong>: 31 de mar\u00e7o de 2011.<\/p>\n<div>\n<p><strong>11) <\/strong><strong>MESTRANDO:<\/strong><strong> <\/strong><a href=\"http:\/\/lattes.cnpq.br\/2485278823294703\">NELSON EDSON DA CONCEI\u00c7\u00c3O JR.<\/a><br \/>\n<strong>TEMA:<\/strong> \u201cO TRIBUTO SOBRE A TERRA COMO INSTRUMENTO DE TUTELA AMBIENTAL\u201d<br \/>\n<strong>ORIENTADOR<\/strong>:\u00a0<a href=\"http:\/\/lattes.cnpq.br\/8135930822421169\">Prof. Dr. Raul Jos\u00e9 de Galaad Oliveira<\/a><br \/>\n<strong>DATA DA DEFESA<\/strong>: 31 de mar\u00e7o de 2011.<\/p>\n<\/div>\n<p><strong>12) <\/strong><strong>MESTRANDO:<\/strong><strong> <\/strong>PAULO S\u00c9RGIO SAMPAIO FIGUEIRA<br \/>\n<strong>TEMA:<\/strong> A IMPLANTA\u00c7\u00c3O DO PROJETO \u201cUSO SUSTENT\u00c1VEL DOS RECURSOS FLORESTAIS EM \u00c1REA DE V\u00c1RZEA\u201d NO PAE DO MARAC\u00c1: UMA AN\u00c1LISE DA PERCEP\u00c7\u00c3O DOS ENVOLVIDOS<br \/>\n<strong>ORIENTADOR<\/strong>:\u00a0Profa. Dra. Helenilza Ferreira de Albuquerque<br \/>\n<strong>DATA DA DEFESA<\/strong>: 04 de novembro de 2010.<\/p>\n<div>\n<p><strong>13) <\/strong><strong>MESTRANDO:<\/strong><strong> <\/strong><a href=\"http:\/\/lattes.cnpq.br\/1793413123701950\">RAIMUNDO GOMES BARBOSA<\/a><br \/>\n<strong>TEMA:<\/strong> <a href=\"http:\/\/www2.unifap.br\/ppgdapp\/files\/2013\/04\/Raimundo-Gomes-Barbosa.pdf\">\u201cIMPACTOS DA COMPENSA\u00c7\u00c3O FINANCEIRA SOBRE A EXPLORA\u00c7\u00c3O MINERAL NO PROCESSO DE URBANIZA\u00c7\u00c3O DO MUNIC\u00cdPIO DE PEDRA BRANCA DO AMAPARI\u201d<\/a><br \/>\n<strong>ORIENTADOR<\/strong>:\u00a0<a href=\"http:\/\/lattes.cnpq.br\/7806022855554472\">Profa. Dra. Eliane Superti<\/a><br \/>\n<strong>DATA DA DEFESA<\/strong>: 29 de mar\u00e7o de 2011.<\/p>\n<\/div>\n<div>\n<p><strong>14) <\/strong><strong>MESTRANDO:<\/strong><strong> <\/strong>WANDER DA CONCEI\u00c7\u00c3O SILVA<br \/>\n<strong>TEMA:<\/strong> <a href=\"http:\/\/www2.unifap.br\/ppgdapp\/files\/2013\/04\/Wander-Disserta%C3%A7%C3%A3o-Vers%C3%A3o-Definitiva.pdf\">\u201cDIREITO POL\u00cdTICAS P\u00daBLICAS: VIABILIDADE ECON\u00d4MICA DO PAGAMENTO P\u00d3R SERVI\u00c7OS AMBIENTAIS NO ESTADO DO AMAP\u00c1 UTILIZANDO AN\u00c1LISE DE RISCO\u201d<\/a><br \/>\n<strong>ORIENTADOR<\/strong>:\u00a0<a href=\"http:\/\/lattes.cnpq.br\/2181817533284030\">Prof. Dr. Alan Cavalcanti Cunha<\/a><br \/>\n<strong>DATA DA DEFESA<\/strong>: 31 de mar\u00e7o de 2011.<\/p>\n<\/div>\n<p>&nbsp;<\/p>\n<p>&nbsp;<\/p>\n","protected":false},"excerpt":{"rendered":"<p>1) MESTRANDO: ADIEL DE SOUSA DINIZ TEMA: \u201cPARTICIPA\u00c7\u00c3O POPULAR E SUSTENTABILIDADE: O CASO DO PROJETO AGENTE AMBIENTAL COMUNIT\u00c1RIO DO AMAP\u00c1 NA APA DA FAZENDINHA\u201d ORIENTADOR:\u00a0Prof. Dr. Adalberto Carvalho Ribeiro DATA DA DEFESA: 31 de mar\u00e7o de 2011. 2) MESTRANDO: ADRIANA&hellip; <\/p>\n<p><a href=\"https:\/\/www2.unifap.br\/ppgdapp\/dissertacoes\/turma-2008\/\" class=\"readmore-button\">Continue Reading<\/a><\/p>\n","protected":false},"author":1,"featured_media":0,"parent":88,"menu_order":0,"comment_status":"closed","ping_status":"open","template":"template-twocolumns-left.php","meta":{"inline_featured_image":false,"ngg_post_thumbnail":0,"footnotes":""},"class_list":["post-458","page","type-page","status-publish","hentry"],"_links":{"self":[{"href":"https:\/\/www2.unifap.br\/ppgdapp\/wp-json\/wp\/v2\/pages\/458","targetHints":{"allow":["GET"]}}],"collection":[{"href":"https:\/\/www2.unifap.br\/ppgdapp\/wp-json\/wp\/v2\/pages"}],"about":[{"href":"https:\/\/www2.unifap.br\/ppgdapp\/wp-json\/wp\/v2\/types\/page"}],"author":[{"embeddable":true,"href":"https:\/\/www2.unifap.br\/ppgdapp\/wp-json\/wp\/v2\/users\/1"}],"replies":[{"embeddable":true,"href":"https:\/\/www2.unifap.br\/ppgdapp\/wp-json\/wp\/v2\/comments?post=458"}],"version-history":[{"count":6,"href":"https:\/\/www2.unifap.br\/ppgdapp\/wp-json\/wp\/v2\/pages\/458\/revisions"}],"predecessor-version":[{"id":790,"href":"https:\/\/www2.unifap.br\/ppgdapp\/wp-json\/wp\/v2\/pages\/458\/revisions\/790"}],"up":[{"embeddable":true,"href":"https:\/\/www2.unifap.br\/ppgdapp\/wp-json\/wp\/v2\/pages\/88"}],"wp:attachment":[{"href":"https:\/\/www2.unifap.br\/ppgdapp\/wp-json\/wp\/v2\/media?parent=458"}],"curies":[{"name":"wp","href":"https:\/\/api.w.org\/{rel}","templated":true}]}}