{"id":572,"date":"2013-05-25T13:23:48","date_gmt":"2013-05-25T13:23:48","guid":{"rendered":"http:\/\/www2.unifap.br\/ppgdapp\/?page_id=572"},"modified":"2014-10-22T19:45:46","modified_gmt":"2014-10-22T19:45:46","slug":"direito-ambiental-competencias-e-efetividade","status":"publish","type":"page","link":"https:\/\/www2.unifap.br\/ppgdapp\/apresentacao\/linhas-de-pesquisa\/direito-ambiental-competencias-e-efetividade\/","title":{"rendered":"Direito Ambiental, Compet\u00eancias e Efetividade"},"content":{"rendered":"<p><a href=\"http:\/\/www2.unifap.br\/ppgdapp\/files\/2013\/05\/ppgdapp-banner.jpg\"><img fetchpriority=\"high\" decoding=\"async\" class=\"aligncenter size-full wp-image-294\" alt=\"\" src=\"http:\/\/www2.unifap.br\/ppgdapp\/files\/2013\/05\/ppgdapp-banner.jpg\" width=\"800\" height=\"120\" \/><\/a><\/p>\n<table width=\"480\">\n<tbody>\n<tr>\n<td bgcolor=\"#009966\" width=\"592\">\n<div><strong>LINHA DE PESQUISA<\/strong><\/div>\n<\/td>\n<\/tr>\n<\/tbody>\n<\/table>\n<p style=\"text-align: justify\"><strong>Defini\u00e7\u00e3o<\/strong> &#8211; Essa linha de pesquisa analisa a dogm\u00e1tica do direito ambiental e tamb\u00e9m de que forma se distribui as atribui\u00e7\u00f5es, poder e compet\u00eancias ambientais entre os entes p\u00fablicos e privados e de que forma o sistema judicial opera e garante\/n\u00e3o garante a efetividade do direito ambiental.<\/p>\n<p style=\"text-align: justify\"><strong>Eixos Estruturadores \u2013 <\/strong>Conceitos e vertentes te\u00f3ricas do Direito Ambiental; Compet\u00eancias e efetividade; Sistema jur\u00eddico de garantia ao meio ambiente; princ\u00edpios ambientais; Estado de direito ambiental; Direito ambiental urbano; Direitos humanos e meio ambiente; Direito e sociedade.<\/p>\n<p style=\"text-align: justify\"><strong>Objetivo<\/strong> &#8211; qualificar profissionais com capacidade de pesquisa em Direito Ambiental e Pol\u00edticas P\u00fablicas, a fim de que possa contribuir para a efetividade do sistema jur\u00eddico de garantia ao meio ambiente ecologicamente equilibrado, bem como entender os princ\u00edpios ambientais cristalizados no Direito, os quais servem de orienta\u00e7\u00e3o \u00e0s decis\u00f5es no estabelecimento das pol\u00edticas p\u00fablicas.<\/p>\n<table width=\"480\">\n<tbody>\n<tr>\n<td bgcolor=\"#009966\" width=\"592\">\n<div><strong>SUBLINHAS DE PESQUISA<\/strong><\/div>\n<\/td>\n<\/tr>\n<\/tbody>\n<\/table>\n<p><strong>Meio Ambiente nas Cidades<\/strong><\/p>\n<p style=\"text-align: justify\">Analisar os obst\u00e1culos e as possibilidades de efetiva\u00e7\u00e3o das fun\u00e7\u00f5es sociais da cidade e do meio ambiente ecologicamente equilibrado. Investigar as t\u00e9cnicas de operacionaliza\u00e7\u00e3o do princ\u00edpio da fun\u00e7\u00e3o social da propriedade.<\/p>\n<p style=\"text-align: justify\"><strong>Direito Socioambiental<\/strong><\/p>\n<p style=\"text-align: justify\">Analisar a prote\u00e7\u00e3o do patrim\u00f4nio cultural e dos demais espa\u00e7os protegidos a partir dos direitos coletivos socioambientais e dos fundamentos da alteridade.<\/p>\n<p style=\"text-align: justify\"><strong>Responsabilidade Civil e Administrativa Ambiental<\/strong><\/p>\n<p style=\"text-align: justify\">Analisar as diversas teorias da responsabilidade civil ambiental. Estudar a configura\u00e7\u00e3o do dano ambiental, investigando os instrumentos jur\u00eddicos adequados para a sua repara\u00e7\u00e3o. Pesquisar solu\u00e7\u00f5es leg\u00edtimas para a obten\u00e7\u00e3o de uma melhor qualidade de vida global, com \u00eanfase na regi\u00e3o amaz\u00f4nica e na realidade amapaense.<\/p>\n<p style=\"text-align: justify\"><strong>Direito Ambiental<\/strong><\/p>\n<p style=\"text-align: justify\">Realizar uma an\u00e1lise cr\u00edtica dos princ\u00edpios ambientais na realidade brasileira. Discutir os limites e os obst\u00e1culos referentes \u00e0 concretiza\u00e7\u00e3o\u00a0do dever estatal de prote\u00e7\u00e3o ao meio ambiente.<\/p>\n","protected":false},"excerpt":{"rendered":"<p>LINHA DE PESQUISA Defini\u00e7\u00e3o &#8211; Essa linha de pesquisa analisa a dogm\u00e1tica do direito ambiental e tamb\u00e9m de que forma se distribui as atribui\u00e7\u00f5es, poder e compet\u00eancias ambientais entre os entes p\u00fablicos e privados e de que forma o sistema&hellip; <\/p>\n<p><a href=\"https:\/\/www2.unifap.br\/ppgdapp\/apresentacao\/linhas-de-pesquisa\/direito-ambiental-competencias-e-efetividade\/\" class=\"readmore-button\">Continue Reading<\/a><\/p>\n","protected":false},"author":1,"featured_media":0,"parent":304,"menu_order":0,"comment_status":"closed","ping_status":"open","template":"","meta":{"inline_featured_image":false,"ngg_post_thumbnail":0,"footnotes":""},"class_list":["post-572","page","type-page","status-publish","hentry"],"_links":{"self":[{"href":"https:\/\/www2.unifap.br\/ppgdapp\/wp-json\/wp\/v2\/pages\/572","targetHints":{"allow":["GET"]}}],"collection":[{"href":"https:\/\/www2.unifap.br\/ppgdapp\/wp-json\/wp\/v2\/pages"}],"about":[{"href":"https:\/\/www2.unifap.br\/ppgdapp\/wp-json\/wp\/v2\/types\/page"}],"author":[{"embeddable":true,"href":"https:\/\/www2.unifap.br\/ppgdapp\/wp-json\/wp\/v2\/users\/1"}],"replies":[{"embeddable":true,"href":"https:\/\/www2.unifap.br\/ppgdapp\/wp-json\/wp\/v2\/comments?post=572"}],"version-history":[{"count":10,"href":"https:\/\/www2.unifap.br\/ppgdapp\/wp-json\/wp\/v2\/pages\/572\/revisions"}],"predecessor-version":[{"id":1352,"href":"https:\/\/www2.unifap.br\/ppgdapp\/wp-json\/wp\/v2\/pages\/572\/revisions\/1352"}],"up":[{"embeddable":true,"href":"https:\/\/www2.unifap.br\/ppgdapp\/wp-json\/wp\/v2\/pages\/304"}],"wp:attachment":[{"href":"https:\/\/www2.unifap.br\/ppgdapp\/wp-json\/wp\/v2\/media?parent=572"}],"curies":[{"name":"wp","href":"https:\/\/api.w.org\/{rel}","templated":true}]}}