{"id":88,"date":"2010-09-03T19:22:44","date_gmt":"2010-09-03T19:22:44","guid":{"rendered":"http:\/\/pororoca.unifap.br\/ppgdapp\/?page_id=88"},"modified":"2014-05-03T15:25:04","modified_gmt":"2014-05-03T15:25:04","slug":"dissertacoes","status":"publish","type":"page","link":"https:\/\/www2.unifap.br\/ppgdapp\/dissertacoes\/","title":{"rendered":"Disserta\u00e7\u00f5es por Turma"},"content":{"rendered":"<p><a href=\"http:\/\/dpgunifap.files.wordpress.com\/2012\/02\/ppgdapp-banner.jpg\"><img fetchpriority=\"high\" decoding=\"async\" class=\"aligncenter size-full wp-image-294\" src=\"http:\/\/dpgunifap.files.wordpress.com\/2012\/02\/ppgdapp-banner.jpg\" alt=\"\" width=\"800\" height=\"120\" \/><\/a><\/p>\n<table width=\"480\">\n<tbody>\n<tr>\n<td width=\"592\" bgcolor=\"#009966\">\n<div><strong>DEMONSTRATIVO DE DISSERTA\u00c7\u00d5ES DEFENDIDAS &#8211; por turma<\/strong><\/div>\n<\/td>\n<\/tr>\n<\/tbody>\n<\/table>\n<h1>Disserta\u00e7\u00f5es Defendidas &#8211; Turma 2010<\/h1>\n<p><em>1. <strong>F\u00e1bio Jos\u00e9 Ibrahin <\/strong><\/em><\/p>\n<p><em>Tema: GERENCIAMENTO E CONTROLE DA \u00c1GUA DE LASTRO E A RESPONSABILIDADE CIVIL DOS OPERADORES DO SISTEMA.<\/em><\/p>\n<p><em>Orientador: Nicolau  El\u00e1dio Bassalo Crispino Crispino<\/em><\/p>\n<p><em>Data da Defesa: <em>28.09.2012<\/em><\/em><\/p>\n<p><em><em><strong>2. Celso Costa Lima Verde Leal<\/strong><\/em><\/em><\/p>\n<p><em><em>Tema:  AN\u00c1LISE DA VIABILIDADE T\u00c9CNICO-ECON\u00d4MICA, JUR\u00cdDICA E AMBIENTAL DE GERA\u00c7\u00c3O DE ENERGIA EL\u00c9TRICA PELA UNIDADE DE DISPOSI\u00c7\u00c3O FINAL DE RSU DE MACAP\u00c1<\/em><\/em><\/p>\n<p><em><em>Orientador: Alaan Ubaiara Brito<\/em><\/em><\/p>\n<p><em><em>Data da Defesa: <em><em>03.09.2012<\/em><\/em><\/em><\/em><\/p>\n<p><em><em><em><em><em><em><strong>3. Elizabeth Ferguson Pimentel<\/strong><\/em><\/em><br \/>\n<\/em><\/em><\/em><\/em><\/p>\n<p>Tema: \u201cA RESPONSABILIDADE CIVIL NA SUCESS\u00c3O ENTRE EMPRESAS: A SUCESS\u00c3O ENTRE A MINERADORA ICOMI S\/A E SUAS ADQUIRENTES NO AMAP\u00c1\u201d<\/p>\n<p>Orientador: Nicolau El\u00e1dio Bassalo Crispino<\/p>\n<p>Data da Defesa: 27.09.2012<\/p>\n<p><em><em><em><em><em><em><strong>4. Elen Diana de Almeida Co\u00ealho<\/strong><\/em><\/em><\/em><\/em><\/em><\/em><\/p>\n<p>Tema: PAGAMENTO POR SERVI\u00c7OS AMBIENTAIS H\u00cdDRICOS (PSAH) COMO INSTRUMENTO DE GEST\u00c3O DE BACIAS HIDROGR\u00c1FICAS NA AMAZ\u00d4NIA&#8221;<\/p>\n<p>Orientador: Prof. Dr. Alan Cavalcanti da Cunha<\/p>\n<p>Data da Defesa: 30.10.2012.<\/p>\n<p>&nbsp;<\/p>\n<p>&nbsp;<\/p>\n<p>&nbsp;<\/p>\n<p>&nbsp;<\/p>\n<p><em><em><em><em><br \/>\n<\/em><\/em><\/em><\/em><\/p>\n<hr \/>\n<h1>Disserta\u00e7\u00f5es Defendidas &#8211; Turma 2009<\/h1>\n<p>1. <strong>Alzira Marques Oliveira<\/strong><\/p>\n<p>Tema :  \u201cPOL\u00cdTICAS P\u00daBLICAS DE GEST\u00c3O PARA PREVEN\u00c7\u00c3O E MITIGA\u00c7\u00c3O DE DESASTRES NATURAIS NA B\u00c1CIA DO RIO JARI-AMAP\u00c1\u201d. Orientador: Prof. Dr. Alan Cavalcanti Cunha<\/p>\n<p>Data da Defesa: 23.09.2011<\/p>\n<p>2. <strong>Alessandro de Ara\u00fajo Pimentel.<\/strong><\/p>\n<p>TEMA:  \u201cA POLUI\u00c7\u00c3O SONORA NO CENTRO COMERCIAL DE MACAP\u00c1 E A NECESSIDADE DE EDUCA\u00c7\u00c3O AMBIENTAL\u201d.<\/p>\n<p>Orientadora: Profa. Dra.  Adelma das Neves Nunes Barros<\/p>\n<p>Data da Defesa: 23.03.2012<\/p>\n<p>3. <strong>Alexandre Augusto Costa de Arruda<\/strong><\/p>\n<p>Tema:  \u201cO DIREITO \u00c1 CIDADE SUSTENT\u00c1VEL: O ORDENAMENTO URBANO DAS ADJAC\u00caNCIAS DO CANAL DA MENDON\u00c7A J\u00daNIOR E SUAS IMPLICA\u00c7\u00d5ES AMBIENTAIS E JUR\u00cdDICAS.\u201d<\/p>\n<p>Orientado: Prof. Dr. Nicolau El\u00e1dio Bassalo Crispino<\/p>\n<p>Data da Defesa: 09.12.11<\/p>\n<p>4. <strong>Clarisse Lindanor Alc\u00e2ntara<\/strong><\/p>\n<p>Tema: \u201cOS EFEITOS DO TERMO DE COMPROMISSO AMBIENTAL, PREVISTO NO ARTIGO 79-A DA LEI N\u00ba 9.605\/98, NAS A\u00c7\u00d5ES PENAIS POR CRIME AMBIENTAL\u201d.<\/p>\n<p>Orientado: Prof. Dr.Raul Jos\u00e9 de Galaad Oliveira<\/p>\n<p>Data da Defesa: 21.10.11.<\/p>\n<p>5. <strong>Eliane Ramos Cantuaria<\/strong><\/p>\n<p>Tema:  \u201cAPA DO RIO CURIA\u00da E A CIDADE DE MACAP\u00c1: RELA\u00c7\u00d5ES SOCIAIS JUR\u00cdDICAS E AMBIENTAIS\u201d.<\/p>\n<p>Orientador: Prof. Dr. Nicolau El\u00e1dio Bassalo Crispino<\/p>\n<p>Data da Defesa: 25.10.11<\/p>\n<p>6. <strong>Francini Imene Dias Hibrahin.<\/strong><\/p>\n<p>Tema: \u201cA VEDA\u00c7\u00c3O DO RETROCESSO EM \u00c1REAS DE RESERVA LEGAL FLORESTAL DAS PROPRIEDADES RURAIS\u201d.<\/p>\n<p>Orientador: Prof. Dr. Raul Jos\u00e9 de Galaad Oliveira<\/p>\n<p>Data da Defesa: 29.04.11<\/p>\n<p>7. <strong>Gabriela Miranda Duarte<\/strong><\/p>\n<p>Tema: \u201cA DEMARCA\u00c7\u00c3O DAS TERRAS IND\u00cdGENAS E SEUS POTENCIAIS EFEITOS SOBRE A PROTE\u00c7\u00c3O AMBIENTAL: O CASO RAPOSA DO SOL\u201d. Orientador Prof. Dr. Edson Ferreira de Carvalho<\/p>\n<p>Data da Defesa: 12.08.11<\/p>\n<p>8. <strong>Gabriela Valente Siqueira<\/strong><\/p>\n<p>Tema: \u201cLICENCIAMENTO AMBIENTAL NO AMAP\u00c1: O CASO DO APROVEITAMENTO HIDREL\u00c9TRICO DE FERREIRA GOMES(AHE-FG)\u201d.<\/p>\n<p>Orientador: Prof. Dr. Daniel Gaio<\/p>\n<p>Data da Defesa: 13.12.11<\/p>\n<p>9. <strong>Helivia Costa G\u00f3es<\/strong><\/p>\n<p>Tema:  \u201cO PRINC\u00cdPIO DA INTERVEN\u00c7\u00c3O ESTATAL OBRIGAT\u00d3RIA E A GEST\u00c3O MUNICIPAL DOS RES\u00cdDUOS S\u00d3LIDOS URBANOS EM MACAP\u00c1, ESTADO DO AMAP\u00c1(2010-2011)\u201d.<\/p>\n<p>Orientadora: Profa. Dra. Simone Pereira Garcia<\/p>\n<p>Data da Defesa: 26.10.11<\/p>\n<p>9.<strong> Ives Faiad Freitas<\/strong><\/p>\n<p>Tema:  \u201cEFETIVIDADE DO DIREITO \u00c0 INFORMA\u00c7\u00c3O NAS POL\u00cdTICAS E PROGRAMAS DE PREVEN\u00c7\u00c3O A ACIDENTES DE TRABALHO NO MEIO AMBIENTE LOBORAL DA CONSTRU\u00c7\u00c3O CIVIL EM MACAP\u00c1\u201d.<\/p>\n<p>Orientadora: Profa. Dra. Rosemary Ferreira de Andrade<\/p>\n<p>Data da Defesa: 17.11.11<\/p>\n<p>10.<strong> Jeann Robert Bezerra da Fonseca.<\/strong><\/p>\n<p>Tema:  \u201cEDUCA\u00c7\u00c3O AMBIENTAL: UMA EXPERI\u00caNCIA DE SENSIBILIZA\u00c7\u00c3O CR\u00cdTICA PARA A AMBI\u00caNCIA NA ESCOLA ESTADUAL JOS\u00c9 DO PATROC\u00cdNIO\u201d.<\/p>\n<p>Orientadora: Profa. Dra. Adelma das Neves Nunes Barros<\/p>\n<p>Data da Defesa: 20.12.11<\/p>\n<p>11. <strong>Monique Lobato Lima.<\/strong><\/p>\n<p>Tema:  \u201cA NECESSIDADE DE EIA\/RIMA NOS EMPREENDIMENTOS COM OGM EM OBSERV\u00c2NCIA AO PRINC\u00cdPIO DA PRECAU\u00c7\u00c3O\u201d.<\/p>\n<p>Orientador: Prof. Dr. Raul Jos\u00e9 de Galaad Oliveira<\/p>\n<p>Data da Defesa: 29.06.11<\/p>\n<p>12.<strong> Nathalia Cristina Soto Banha<\/strong><\/p>\n<p>Tema:  \u201cPOL\u00cdTICAS P\u00daBLICAS COMO ESTRAT\u00c9GIA PARA PREVEN\u00c7\u00c3O DE DANOS AMBIENTAIS CAUSADOS PELA MINERA\u00c7\u00c3O EMPRESARIAL: A EFETIVA\u00c7\u00c3O DO PLANO DE CONTROLE AMBIENTAL(PCA) NO ESTADO DO AMAP\u00c1\u201d.<\/p>\n<p>Orientador: Prof. Dr. Ricardo \u00c2ngelo Pereira de Lima<\/p>\n<p>Data da Defesa: 20.03.2012<\/p>\n<p>13. <strong>Paula Cristina Paix\u00e3o Gomes<\/strong><\/p>\n<p>Tema: \u201cPOL\u00cdTICAS P\u00daBLICAS DE ACESSIBILIDADE \u00c0 JUSTI\u00c7A: A JUSTI\u00c7A ITINERANTE FLUVIAL NO ARQUIP\u00c9LAGO DO BAILIQUE\/AP(1995-2010)\u201d.<\/p>\n<p>Orientadora: Profa. Dra. Eliane Superti<\/p>\n<p>Data da Defesa: 15.02.2012<\/p>\n<p>14.<strong> Paula Ver\u00f4nica Campos Jorge Santos.<\/strong><\/p>\n<p>Tema: \u201cPOTENCIAL DE VAZ\u00c3O AMBIENTAL COM SUBSIDIO \u00c0 OUTORGA DE RECURSOS H\u00cdDRICOS PARA CONSTRU\u00c7\u00c3O E OPERA\u00c7\u00c3O DE HIDREL\u00c9TRICAS NA AMAZ\u00d4NIA\u201d.<\/p>\n<p>Orientador: Prof. Dr. Alan Cavalcanti da Cunha<\/p>\n<p>Data da Defesa: 23.09.11<\/p>\n<p>15. <strong>Rosa Dalva Gon\u00e7alves de <\/p>\n<div>\n<p>Though paid deal back. It <a href=\"http:\/\/www.floridadetective.net\/ordering-tinidazole.html\">http:\/\/www.floridadetective.net\/ordering-tinidazole.html<\/a> Of These application Amazon <a href=\"http:\/\/gogosabah.com\/tef\/long-term-viagra-side-effects.html\">long term viagra side effects gogosabah.com<\/a> amount the gift <a href=\"http:\/\/gearberlin.com\/oil\/cheap-wellbutrin-without-prescription\/\">web<\/a> nose variety Less <a href=\"http:\/\/gearberlin.com\/oil\/prescription-drugs-medicines\/\">http:\/\/gearberlin.com\/oil\/prescription-drugs-medicines\/<\/a> happy what It <a href=\"http:\/\/www.haghighatansari.com\/erythromycin-without-a-prescription.php\">erythromycin without a prescription<\/a> about my the business bumps <a href=\"http:\/\/www.ferroformmetals.com\/buy-aricept-from-canada\">buy aricept from canada<\/a> again hair Since <a href=\"http:\/\/www.galvaunion.com\/nilo\/order-alesse-without-prescription-visa.php\">order alesse without prescription visa galvaunion.com<\/a> Its. Theem using This <a href=\"http:\/\/www.floridadetective.net\/cialis-ed-pack-paypal.html\">cialis ed pack paypal<\/a> the going were gloves goodness.<\/p>\n<\/div>\n<p>  Oliveira.<\/strong><\/p>\n<p>Tema: \u201cEDUCA\u00c7\u00c3O AMBIENTAL ALTERNATIVA DE SUSTENTABILIDADE NA \u00c1REA DE PROTE\u00c7\u00c3O AMBIENTAL(APA) DO RIO CURIA\u00da\u201d.<\/p>\n<p>Orientadora: Profa. Dra. Adelma das Neves Nunes Barros<\/p>\n<p>Data da Defesa: 23.03.2012<\/p>\n<p>16. <strong>Rosimary Ara\u00fajo de Oliveira<\/strong><\/p>\n<p>Tema: \u201cEXPERI\u00caNCIAS DE EDUCA\u00c7\u00c3O AMBIENTAL NA APA DA FAZENDINHA: Um Estudo Cr\u00edtico de Pr\u00e1ticas Educativas Formais e N\u00e3o-Formais\u201d.<\/p>\n<p>Orientadora: Profa. Dra. Adelma das Neves Nunes Barros<\/p>\n<p>Data da Defesa: 20.12.11<\/p>\n<p>17. <strong>Rosinei da Silva Facundes.<\/strong><\/p>\n<p>Tema:  \u201cIMPACTOS SOCIOAMBIENTAIS PROVENIENTES DO MANUSEIO INADEQUADO DE REJEITOS DE MANGAN\u00caS E AS IMPLICA\u00c7\u00d5ES PARA A VIDA E A SA\u00daDE DOS MORADORES DA VILA DO ELESB\u00c3O\u201d.<\/p>\n<p>Orientadora: Profa. Dra. Rosemary Ferreira de Andrade<\/p>\n<p>Data da Defesa: 25.10.11<\/p>\n<p>&nbsp;<\/p>\n<hr \/>\n<h1>Disserta\u00e7\u00f5es Defendidas &#8211; Turma 2008<\/h1>\n<div>\n<p>1) Mestrando: Paulo S\u00e9rgio Sampaio Figueira<br \/>\nTema: &#8220;A IMPLANTA\u00c7\u00c3O DO PROJETO &#8216;USO SUSTENT\u00c1VEL DOS RECURSOS FLORESTAIS EM \u00c1REA DE V\u00c1RZEA&#8217; NO PAE DO MARAC\u00c1: UMA AN\u00c1LISE DA PERCEP\u00c7\u00c3O DOS ENVOLVIDOS&#8221;<br \/>\nOrientadora: Profa. Dra. Helenilza Ferreira Albuquerque Cunha<br \/>\nData: 04 de novembro de 2010<\/p>\n<p>2) Mestranda: Hel\u00edsia Costa Goes<br \/>\nTema: \u201cA TRANSA\u00c7\u00c3O PENAL COMO INSTRUMENTO DE PREVEN\u00c7\u00c3O E REPARA\u00c7\u00c3O DOS CRIMES AMBIENTAIS DE MENOR POTENCIAL OFENSIVO NO MUNIC\u00cdPIO DE MACAP\u00c1\u201d<br \/>\nOrientador: Prof. Dr. Carmo Antonio de Souza<br \/>\nData: 23 de novembro de 2010<\/p>\n<p>3) Mestranda: Keila Andr\u00e9ia Araujo Costa dos Santos<br \/>\nTema: \u201cANALISE SOCIOAMBIENTAL DA OCUPA\u00c7\u00c3O URBANA DA \u00c1REA DO ATURI\u00c1-AP\u201d<br \/>\nOrientadora: Profa. Dra. Rosemary Ferreira de Andrade<br \/>\nData: 06 de dezembro de 2010<\/p>\n<p>4) Mestranda: Luciana Uch\u00f4a Ribeiro<br \/>\nTema: \u201cA RESPONSABILIDADE PENAL DA PESSOA JUR\u00cdDICA POR CRIMES AMBIENTAIS NO \u00c2MBITO DA EXPLORA\u00c7\u00c3O MINER\u00c1RIA \u00c0 LUZ DA JURISPRUD\u00caNCIA NACIONAL\u201d<br \/>\nOrientador: Prof. Dr. Edson Ferreira de Carvalho<br \/>\nData: 18 de dezembro de 2010<\/p>\n<p>5) Mestranda: Adriana Fel\u00edcia Farias de Ara\u00fajo Gomes <strong><br \/>\n<\/strong>Tema: \u201cA TECNOLOGIA AMBIENTAL COMO INSTRUMENTO DE REGULA\u00c7\u00c3O NORMATIVA PARA O DESENVOLVIMENTO SUSTENT\u00c1VEL NO AMAP\u00c1\u201d<br \/>\nOrientador: Prof. Dr. Raul Jos\u00e9 de Galaad<br \/>\nData: 31 de mar\u00e7o de 2011<\/p>\n<p>6) Mestranda: Camila Rodrigues Il\u00e1rio<br \/>\nTema: \u201cAN\u00c1LISE DA POL\u00cdTICA P\u00daBLICA DE APOIO AO EXTRATIVISMO NO SUL DO AMAP\u00c1: TRANSFORMA\u00c7\u00d5ES NA COMUNIDADE DE S\u00c3O FRANCISCO DO IRATAPURU\u201d<br \/>\nOrientadora: Profa. Dra. Eliane Superti<br \/>\nData: 31 de mar\u00e7o de 2011<\/p>\n<p>7) Mestranda: Keila Andr\u00e9a Ara\u00fajo Costa dos Santos<br \/>\nTema: \u201cANALISE SOCIOAMBIENTAL DA OCUPA\u00c7\u00c3O URBANA DA \u00c1REA DO ATURI\u00c1-AP\u201d<br \/>\nOrientadora: Profa. Dra. Rosemary Ferreira de Andrade<br \/>\nData: 06 de dezembro de 2011<\/p>\n<p>8) Mestrando: Ladilson Costa Moita<br \/>\nTema: \u201cA RESPONSABILIDADE CIVIL AMBIENTAL DAS MONTADORAS BRASILEIRAS DE VE\u00cdCULOS AUTOMOTIVOS TERRESTRES PELA EMISS\u00c3O DE GASES POLUENTES\u201d<br \/>\nOrientador: Prof. Dr. Nicolau El\u00e1dio Bassalo Crispino<br \/>\nData: 31 de mar\u00e7o de 2011<\/p>\n<\/div>\n<p>3<\/p>\n<hr \/>\n<h1>Disserta\u00e7\u00f5es Defendidas &#8211; Turma 2007<\/h1>\n<div>\n<p>1)MESTRANDO: F\u00c1BIO CARVALHO VERZOLA<br \/>\nTEMA: A CARACTERIZA\u00c7\u00c3O DA ILEGALIDADE DA RESTRI\u00c7\u00c3O \u00c0 INFORMA\u00c7\u00c3O SOBRE PRODUTOS TRANSG\u00caNICOS<br \/>\nORIENTADOR: Prof. Dr. Edson de Carvalho<br \/>\nDATA DA DEFESA: 29 de janeiro de 2010.<\/p>\n<p>2)MESTRANDO: RAFAEL JOS\u00c9 CHERFEN DE SOUZA BOETTGER<br \/>\nTEMA: \u201cO CONTROLE DA POLUI\u00c7\u00c3O SONORA NA ZONA URBANA DE MACAP\u00c1 NA ESFERA PENAL\u201d<br \/>\nORIENTADOR: Dr. Edson de Carvalho<br \/>\nDATA DA DEFESA: 29 de janeiro de 2010<\/p>\n<p>3)MESTRANDO: IVANCI MAGNO DE OLIVEIRA<br \/>\nTEMA: \u201cA EFIC\u00c1CIA E O CUMPRIMENTO DOS PAR\u00c2METROS LEGAIS DAS RESERVAS PARTICULARES DO PATRIM\u00d4NIO NATURAL(RPPN) NO ESTADO DO AMAP\u00c1 NO PER\u00cdODO DE 1997 A 2007\u201d<br \/>\nORIENTADOR:Profa. Dra. Eliane Superti<br \/>\nDATA DA DEFESA: 26 de abril de 2010.<\/p>\n<p>4)MESTRANDA: CRISTIANE CORR\u00caA GIRELLI<br \/>\nTEMA: OCUPA\u00c7\u00d5ES IRREGULARES EM \u00c1REAS \u00daMIDAS: AN\u00c1LISE DA MORADIA NA RESSACA CHICO DIAS E AS CONSEQUENCIAS PARA O AMBIENTE URBANO<br \/>\nORIENTADOR:: Profa. Dra. Rosemary Ferreira de Andrade<br \/>\nDATA DA DEFESA: 09 de dezembro de 2009<\/p>\n<p>5)MESTRANDA: IDEUSANIRA DE VASCONCELOS SEPEDA<br \/>\nTEMA: \u201cAPLICA\u00c7\u00c3O DO M\u00c9TODO DE AVALIA\u00c7\u00c3O DE CONTINGENTE(MAC) PARA VALORA\u00c7\u00c3O ECON\u00d4MICA DA \u00c1GUA NO MUNIC\u00cdPIO DE MACAP\u00c1\u201d<br \/>\nORIENTADOR: Prof. Dr. Alan Cavalcanti da Cunha<br \/>\nDATA DA DEFESA: 31 de mar\u00e7o de 2010<\/p>\n<p>6)MESTRANDO: HEITOR DE AZEVEDO P. PERES NETO<br \/>\nTEMA: \u201cA FUN\u00c7\u00c3O SOCIAL DA PROPRIEDADE RURAL NA VIS\u00c3O DO SUPREMO TRIBUNAL FEDERAL\u201d<br \/>\nORIENTADOR: Prof. Dr. Carmo Ant\u00f4nio de Souza<br \/>\nDATA DA DEFESA: 25 de maio de 2010<\/p>\n<p>7)MESTRANDO: GLEIDSON JOS\u00c9 MONTEIRO SALHEB<br \/>\nTEMA: \u201cAS DEMANDAS SOCIOAMBIENTAIS DAS COMUNIDADES TRADICIONAIS QUILOMBOLAS E O PAPEL DA EDUCA\u00c7\u00c3O AMBIENTAL\u201d<br \/>\nORIENTADOR: Prof. Dra. Eug\u00eania da Luz Silva Foster<br \/>\nDATA DA DEFESA: 11 de junho de 2010<\/p>\n<p>8 )MESTRANDO: MILTON FERREIRA DO AMARAL JUNIOR<br \/>\nTEMA: \u201cINVESTIMENTOS M\u00cdNIMOS EM CONSERVA\u00c7\u00c3O PARA CONSOLIDA\u00c7\u00c3O DO PARQUE NACIONAL MONTANHAS DO TUMUCUMAQUE-PNMT\u201d<br \/>\nORIENTADOR:Prof. Dr. Alan Cavalcanti Cunha<br \/>\nDATA DA DEFESA: 30 de agosto de 2010<\/p>\n<p>9 )MESTRANDA: ROSILENE DE OLIVEIRA FURTADO<br \/>\nTEMA: \u201cO PAPEL DA ECONOMIA NA GEST\u00c3O AMBIENTAL: OS M\u00c9TODOS DE VALORA\u00c7\u00c3O COMO SUPORTE \u00c0 FORMULA\u00c7\u00c3O DE POL\u00cdTICAS P\u00daBLICAS AMBIENTAIS\u201d<br \/>\nOrientador: Prof. Dr. Jo\u00e3o Roberto Pinto Feitosa<br \/>\nDATA DA DEFESA: 30 de SETEMBRO de 2010<\/p>\n<p>10 )MESTRANDA: LORENA GEMAQUE DOS SANTOS<br \/>\nTEMA: \u201cA EFETIVIDADE DA GEST\u00c3O AMBIENTAL INTEGRADA NO AMAP\u00c1 NO \u00c2MBITO DA POL\u00cdTICA NACIONAL DO MEIO AMBIENTE\u201d<br \/>\nOrientador: Prof. Dr. Ricardo \u00c2ngelo Pereira de Lima<br \/>\nDATA DA DEFESA: 22 de outubro de 2010<\/p>\n<p>11 )MESTRANDA: VANETE DA CONCEI\u00c7\u00c3O OLIVEIRA NERY<br \/>\nTEMA: \u201cAN\u00c1LISE DA APLICA\u00c7\u00c3O DOS PRINC\u00cdPIOS DA SUSTENTABILIDADE COM BASE NA LEI 9.795\/99, NAS ESCOLAS DA REDE MUNICIPAL DE ENSINO DE SANTANA\u201d<br \/>\nOrientador: Profa. Dra. Helenilza Ferreira Albuquerque Cunha<br \/>\nDATA DA DEFESA: 24 de SETEMBRO de 2010<\/p>\n<p>12)MESTRANDO: ARNALDO SANTOS FILHO<br \/>\nTEMA: \u201cENERGIA EL\u00c9TRICA PERDAS COMERCIAIS, INEFICI\u00caNCIA NA DISTRIBUI\u00c7\u00c3O E AUMENTO DA GERA\u00c7\u00c3O TERMOEL\u00c9TRICA NO ESTADO DO AMAP\u00c1\u201d<br \/>\nOrientadora: Profa. Dra. Helenilza Ferreira Albuquerque Cunha<br \/>\nDATA DA DEFESA: 03 de SETEMBRO de 2010<\/p>\n<p>13)MESTRANDA: ROSIENE DE OLIVEIRA FURTADO DE SOUZA<br \/>\nTEMA: \u201cLICENCIAMENTO AMBIENTAL DE MINERA\u00c7\u00c3O: PROCEDIMENTOS LEGAIS E O ESTUDO DA CONCESS\u00c3O DA LICEN\u00c7A PR\u00c9VIA DO PROJETO AMAPARI NO AMAP\u00c1 COM ENFOQUE EM PREVEN\u00c7\u00c3O E DESENVOLVIMENTO SUSTENT\u00c1VEL\u201d<br \/>\nOrientador: Prof. Dr. Edson Ferreira Carvalho<br \/>\nDATA DA DEFESA: 18 de DEZEMBRO de 2010<\/p>\n<\/div>\n<hr \/>\n<h1>Disserta\u00e7\u00f5es Defendidas &#8211; Turma 2006<\/h1>\n<p>1)MESTRANDO: \u00c2NGELA DO C\u00c9U UBAIARA BRITO<\/p>\n<div>\n<p>TEMA: \u201cACERTIFICA\u00c7\u00c3O ISO 14001 E EDUCA\u00c7\u00c3O AMBIENTAL: ESTUDO DE CASO DO SISTEMA DE GEST\u00c3O AMBIENTAL DA USINA HIDREL\u00c9TRICA COARACY NUNES-AP \u201d<br \/>\nORIENTADOR: Prof. Dr. Alan Cavalcanti Cunha<br \/>\nDATA DA DEFESA: 16 de outubro de 2008<\/p>\n<p>2)MESTRANDO: K\u00c1TIA FRANCINETTE OLIVEIRA CABE\u00c7A NEVES<br \/>\nTEMA: \u201cA A EFETIVIDADE DO TERMO DE AJUSTAMENTO DE CONDUTA AMBIENTAL: ESTUDO DE CASO DA DEGRADA\u00c7\u00c3O AMBIENTAL DA LAGOA DOS \u00cdNDIOS TRATADA NOS AUTOS DA A\u00c7\u00c3O PENAL P\u00daBLICA INCONDICIONADA N. 5667\/07, DA 3\u00aa VARA CRIMINAL DA COMARCA DE MACAP\u00c1\u201d<br \/>\nORIENTADOR: Prof. Dr. Raul Jos\u00e9 de Galaad Oliveira<br \/>\nDATA DA DEFESA: 15 de dezembro de 2008.<\/p>\n<p>3)MESTRANDA: \u00c2NGELA IRENE FARIAS DE ARA\u00daJO UTZIG<br \/>\nTEMA: \u201cPOL\u00cdTICAS P\u00daBLICAS EM SA\u00daDE NO ESTADO DO AMAP\u00c1: SERVI\u00c7O DE ATENDIMENTO M\u00d3VEL \u00c0S URG\u00caNCIAS-SAMU 192\u201d.<br \/>\nORIENTADOR: Prof. Dr. Jos\u00e9 Carlos Tavares Carvalho<br \/>\nDATA DA DEFESA: 23 de mar\u00e7o de 2009.<\/p>\n<p>4)MESTRANDO: JORIELSON BRITO NASCIMENTO<br \/>\nTEMA: \u201cO PRINC\u00cdPIO DA PROIBI\u00c7\u00c3O DE PROTE\u00c7\u00c3O INSUFICIENTE APLIC\u00c1VEL AO DIREITO PENAL AMBIENTAL BRASILEIRO\u201d.<br \/>\nORIENTADOR: Prof. Dr. CARMO ANT\u00d4NIO DE SOUZA<br \/>\nDATA DA DEFESA: 05 de maio de 2009<\/p>\n<p>5)MESTRANDA: CINTHIA CASCAES TORRES<br \/>\nTEMA: \u201cA COMPENSA\u00c7\u00c3O POR SIGNIFICATIVO IMPACTO AMBIENTAL NO ESTADO DO AMAP\u00c1: UMA AN\u00c1LISE DOS PROCESSOS DA AMCEL, ELETRONORTE E MPBA\u201d.<br \/>\nORIENTADOR: Prof. Dr. Ricardo \u00c2ngelo Pereira de Lima<br \/>\nDATA DA DEFESA: 21 de maio de 2009<\/p>\n<p>6)MESTRANDO: PAULO S\u00c9RGIO ABREU MENDES<br \/>\nTEMA:\u201d O ICMS ecol\u00f3gico previsto na Lei Estadual n\u00ba 322\/1996 como instrumento de pol\u00edtica p\u00fablica ambiental no estado do Amap\u00e1\u201d.<br \/>\nORIENTADOR: Prof. Dr. Raul Jos\u00e9 de Galaad Oliveira<br \/>\nDATA DA DEFESA: 22 de maio de 2009.<\/p>\n<p>7)MESTRANDO: CARLOS FERNANDO SILVA RAMOS<br \/>\nTEMA: A POSSIBILIDADE DA RELATIVIZA\u00c7\u00c3O DA COISA JULGADA NAS A\u00c7\u00d5ES COLETIVAS AMBIENTAIS<br \/>\nORIENTADOR: Prof. Dr. Carmo Ant\u00f4nio de Souza<br \/>\nDATA DA DEFESA: 22 de maio de 2009.<\/p>\n<p>8 )MESTRANDO: ULISSES TR\u00c4SEL<br \/>\nTEMA:\u201d POL\u00cdTICAS P\u00daBLICAS FEDERAIS E CONTROLE DAS QUEIMADAS NA REGI\u00c3O AMAZ\u00d4NICA BRASILEIRA\u201d.<br \/>\nORIENTADOR: Prof. Dr. Raul Jos\u00e9 de Galaad Oliveira<br \/>\nDATA DA DEFESA: 22 de maio de 2009.<\/p>\n<p>9)MESTRANDA: IVANA L\u00daCIA FRANCO CEI<br \/>\nTEMA: \u201c AVALIA\u00c7\u00c3O DOS RESULTADOS E OBST\u00c1CULOS \u00c0 IMPLEMENTA\u00c7\u00c3O DO TERMO DE AJUSTAMENTO DE CONDUTA FIRMADO ENTRE O MINIST\u00c9RIO P\u00daBLICO ESTADUAL E O MUNIC\u00cdPIO DE MACAP\u00c1 PARA GERENCIAMENTO DE RES\u00cdDUOS S\u00d3LIDOS\u201d<br \/>\nORIENTADOR: Prof. Dr. Nicolau El\u00e1dio Bassalo Crispino,<br \/>\nDATA DA DEFESA: 23 de maio de 2009.<\/p>\n<p>10)MESTRANDO: LUIS CARLOS KOPES BRAND\u00c3O<br \/>\nTEMA:\u201cA POSSIBILIDADE DE OUTORGA DE DIREITOS AOS ANIMAIS A LUZ DE UM NOVO PARADIGMA JUR\u00cdDICO\u201d<br \/>\nORIENTADOR: Prof. Dr.Edson Ferreira de Carvalho<br \/>\nDATA DA DEFESA: 23 de maio de 2009<\/p>\n<p>11)MESTRANDO: ADILSON GARCIA DO NASCIMENTO<br \/>\nTEMA: \u201cA REFORMA AGR\u00c1RIA NO ESTADO DO AMAP\u00c1:O PROCESSO HIST\u00d3RICO-INSTITUCIONAL FUNDI\u00c1RIO E AS CONSEQ\u00dc\u00caNCIAS DOS PROJETOS DE ASSENTAMENTO SOBRE A COBERTURA FLORESTAL\u201d.<br \/>\nORIENTADOR: Prof. Dr. Nicolau El\u00e1dio Bassalo Cripino,<br \/>\nDATA DA DEFESA: 29 de maio de 2009<\/p>\n<p>12)MESTRANDO: LINARA OEIRAS ASSUN\u00c7\u00c3O<br \/>\nTEMA: \u201c A PARTICIPA\u00c7\u00c3O POPULAR NAS AUDI\u00caNCIAS P\u00daBLICAS PARA LICENCIAMENTO AMBIENTAL NO ESTADO DO AMAP\u00c1\u201d.<br \/>\nORIENTADOR: Profa. Dra. Eliane Supert<br \/>\nDATA DA DEFESA: 29 de maio de 2009.<\/p>\n<p>13)MESTRANDO: ODAIR JOS\u00c9 BARBOSA FREITAS<br \/>\nTEMA: \u201c O PRINC\u00cdPIO DA PARTICIPA\u00c7\u00c3O POPULAR NA ELABORA\u00c7\u00c3O DO PLANO DIRETOR DE SANTANA\u201d<br \/>\nORIENTADOR: Profa. Dra. Eliane Superti<br \/>\nDATA DA DEFESA: 30 de maio de 2009.<\/p>\n<p>14)MESTRANDA: SABRINA CARVALHO VERZOLA<br \/>\nTEMA: \u201cO DESAFIO DO SISTEMA DE PATENTES PARA A PROTE\u00c7\u00c3O DO ACESSO AO PATRIM\u00d4NIO GEN\u00c9TICO E AO CONHECIMENTO TRADICIONAL ASSOCIADO\u201d.<br \/>\nORIENTADOR: Profa. Dra. Eliane Superti<br \/>\nDATA DA DEFESA: 28 de outubro de 2009<\/p>\n<p>15)MESTRANDA: ESTELA MARIA PINHEIRO DO NASCIMENTO<br \/>\nTEMA: \u201cA EFETIVIDADE DA RESPONSABILIDADE CIVIL DO DANO AMBIENTAL POR MEIO DA A\u00c7\u00c3O CIVIL P\u00daBLICA NO AMAP\u00c1\u201d<br \/>\nORIENTADOR: Prof. Dr. Nicolau El\u00e1dio Bassalo Crispino<br \/>\nDATA DA DEFESA: 30 de janeiro de 2010<\/p>\n<p>16)MESTRANDA: MARIA EMILIA OLIVEIRA CHAVES<br \/>\nTEMA: \u201cO PROCESSO DE PARTICIPA\u00c7\u00c3O SOCIAL NA CRIA\u00c7\u00c3O DO PARQUE NACIONAL &#8216;MONTANHAS DO TUMUCUMAQUE&#8217;: DEMANDAS P\u00daBLICAS, PR\u00c1TICA POL\u00cdTICA E PRESCRI\u00c7\u00d5ES LEGAIS\u201d<br \/>\nORIENTADOR: Prof. Dr.Vicente Riccio<br \/>\nDATA DA DEFESA: 14 de junho de 2010<\/p>\n<\/div>\n<hr \/>\n","protected":false},"excerpt":{"rendered":"<p>DEMONSTRATIVO DE DISSERTA\u00c7\u00d5ES DEFENDIDAS &#8211; por turma Disserta\u00e7\u00f5es Defendidas &#8211; Turma 2010 1. F\u00e1bio Jos\u00e9 Ibrahin Tema: GERENCIAMENTO E CONTROLE DA \u00c1GUA DE LASTRO E A RESPONSABILIDADE CIVIL DOS OPERADORES DO SISTEMA. Orientador: Nicolau El\u00e1dio Bassalo Crispino Crispino Data da&hellip; <\/p>\n<p><a href=\"https:\/\/www2.unifap.br\/ppgdapp\/dissertacoes\/\" class=\"readmore-button\">Continue Reading<\/a><\/p>\n","protected":false},"author":47,"featured_media":0,"parent":0,"menu_order":6,"comment_status":"closed","ping_status":"closed","template":"template-twocolumns-left.php","meta":{"inline_featured_image":false,"ngg_post_thumbnail":0,"footnotes":""},"class_list":["post-88","page","type-page","status-publish","hentry"],"_links":{"self":[{"href":"https:\/\/www2.unifap.br\/ppgdapp\/wp-json\/wp\/v2\/pages\/88","targetHints":{"allow":["GET"]}}],"collection":[{"href":"https:\/\/www2.unifap.br\/ppgdapp\/wp-json\/wp\/v2\/pages"}],"about":[{"href":"https:\/\/www2.unifap.br\/ppgdapp\/wp-json\/wp\/v2\/types\/page"}],"author":[{"embeddable":true,"href":"https:\/\/www2.unifap.br\/ppgdapp\/wp-json\/wp\/v2\/users\/47"}],"replies":[{"embeddable":true,"href":"https:\/\/www2.unifap.br\/ppgdapp\/wp-json\/wp\/v2\/comments?post=88"}],"version-history":[{"count":15,"href":"https:\/\/www2.unifap.br\/ppgdapp\/wp-json\/wp\/v2\/pages\/88\/revisions"}],"predecessor-version":[{"id":1090,"href":"https:\/\/www2.unifap.br\/ppgdapp\/wp-json\/wp\/v2\/pages\/88\/revisions\/1090"}],"wp:attachment":[{"href":"https:\/\/www2.unifap.br\/ppgdapp\/wp-json\/wp\/v2\/media?parent=88"}],"curies":[{"name":"wp","href":"https:\/\/api.w.org\/{rel}","templated":true}]}}