{"id":1443,"date":"2023-12-28T21:56:32","date_gmt":"2023-12-28T21:56:32","guid":{"rendered":"https:\/\/www2.unifap.br\/ppgdif\/?page_id=1443"},"modified":"2025-06-04T23:39:43","modified_gmt":"2025-06-04T23:39:43","slug":"orientadores-do-ppgif-2025","status":"publish","type":"page","link":"https:\/\/www2.unifap.br\/ppgdif\/corpo-docente\/orientadores-do-ppgif-2025\/","title":{"rendered":"Orientadores do PPGIF 2025"},"content":{"rendered":"<p style=\"text-align: center\"><strong>PROFESSORES PERMANENTES<\/strong><\/p>\n<p style=\"text-align: center\"><a href=\"http:\/\/www2.unifap.br\/ppgdif\/files\/2023\/10\/caio.jpg\"><img fetchpriority=\"high\" decoding=\"async\" class=\"size-medium wp-image-1398 aligncenter\" src=\"http:\/\/www2.unifap.br\/ppgdif\/files\/2023\/10\/caio-300x200.jpg\" alt=\"\" width=\"300\" height=\"200\" srcset=\"https:\/\/www2.unifap.br\/ppgdif\/files\/2023\/10\/caio-300x200.jpg 300w, https:\/\/www2.unifap.br\/ppgdif\/files\/2023\/10\/caio-1024x682.jpg 1024w, https:\/\/www2.unifap.br\/ppgdif\/files\/2023\/10\/caio-768x511.jpg 768w, https:\/\/www2.unifap.br\/ppgdif\/files\/2023\/10\/caio.jpg 1095w\" sizes=\"(max-width: 300px) 100vw, 300px\" \/><\/a><\/p>\n<p style=\"text-align: center\"><strong>Prof. Dr. Caio Pinho Fernandes<\/strong><\/p>\n<p>Doutor em Ci\u00eancias (Biotecnologia Vegetal) pela Universidade Federal do Rio de Janeiro (UFRJ).<\/p>\n<p>Linha de Pesquisa: controle de qualidade e tecnologia de fitoter\u00e1picos, com \u00eanfase em triterpenos, \u00f3leos da amaz\u00f4nia, desenvolvimento de nanoformula\u00e7\u00f5es e pesquisa de novos agentes bioativos.<\/p>\n<p>E-mail:&nbsp;caiofernandes@unifap.br \/&nbsp;caio_pfernandes@yahoo.com.br &nbsp; &nbsp; &nbsp;<a href=\"http:\/\/lattes.cnpq.br\/9887445768141512\">http:\/\/lattes.cnpq.br\/9887445768141512<\/a><\/p>\n<p><a href=\"http:\/\/www2.unifap.br\/ppgdif\/files\/2023\/10\/breno.png\"><img decoding=\"async\" class=\"wp-image-1397 aligncenter\" src=\"http:\/\/www2.unifap.br\/ppgdif\/files\/2023\/10\/breno.png\" alt=\"\" width=\"214\" height=\"264\"><\/a><\/p>\n<p style=\"text-align: center\"><strong>Prof. Dr. Cleydson Breno Rodrigues dos Santos<\/strong><\/p>\n<p>Doutor em Biotecnologia pela Universidade Federal do Amazonas &#8211; UFAM (Rede BIONORTE\/2014).<\/p>\n<p>Linha de Pesquisa:&nbsp;Planejamento Racional de Compostos Bioativos; Qu\u00edmica Medicinal;&nbsp;Qu\u00edmica e Bioqu\u00edmica de Produtos biologicamente ativos;&nbsp;Valida\u00e7\u00e3o qu\u00edmica-farmacol\u00f3gica de f\u00e1rmacos naturais, sint\u00e9ticos e nanoestruturados.<\/p>\n<p>E-mail: breno.unifap@gmail.com \/ breno@unifap.br &nbsp; &nbsp; &nbsp; &nbsp;&nbsp;<a href=\"http:\/\/lattes.cnpq.br\/4851715640991871\">http:\/\/lattes.cnpq.br\/4851715640991871<\/a><\/p>\n<p><a href=\"http:\/\/www2.unifap.br\/ppgdif\/files\/2023\/10\/francisco-fabio.jpg\"><img decoding=\"async\" class=\"wp-image-1399 aligncenter\" src=\"http:\/\/www2.unifap.br\/ppgdif\/files\/2023\/10\/francisco-fabio.jpg\" alt=\"\" width=\"228\" height=\"228\" srcset=\"https:\/\/www2.unifap.br\/ppgdif\/files\/2023\/10\/francisco-fabio.jpg 135w, https:\/\/www2.unifap.br\/ppgdif\/files\/2023\/10\/francisco-fabio-70x70.jpg 70w\" sizes=\"(max-width: 228px) 100vw, 228px\" \/><\/a><\/p>\n<p style=\"text-align: center\"><strong>Prof. Dr. Francisco F\u00e1bio Oliveira de Sousa<\/strong><\/p>\n<p>Doutor em \u201cInvestigaci\u00f3n y Desarrollo de Medicamentos\u201d pela Universidade de Santiago de Compostela (USC) na Espanha (2011) e realizou Est\u00e1gio de P\u00f3s-Doutorado junto ao Programa de P\u00f3s-gradua\u00e7\u00e3o em Odontologia (PPGO\/ UFC).<\/p>\n<p>Linha de Pesquisa: &nbsp;desenvolvimento de novos sistemas terap\u00eauticos (micropart\u00edculas, composites, implantes, ion\u00f4mero de vidro e materiais resinosos) para Odontologia, Biopol\u00edmeros (caracteriza\u00e7\u00e3o e funcionalidade) e sistemas de libera\u00e7\u00e3o com \u00eanfase na tecnologia da libera\u00e7\u00e3o controlada de f\u00e1rmacos.<\/p>\n<p><span style=\"vertical-align: inherit\">e-mail: fabio@unifap.br &nbsp; &nbsp; &nbsp; &nbsp; &nbsp; &nbsp;&nbsp; <\/span><a href=\"http:\/\/lattes.cnpq.br\/3737865995129925\"><span style=\"vertical-align: inherit\">http:\/\/lattes.cnpq.br\/3737865995129925<\/span><\/a><\/p>\n<p><a href=\"http:\/\/www2.unifap.br\/ppgdif\/files\/2023\/10\/irlon.jpg\"><img loading=\"lazy\" decoding=\"async\" class=\" wp-image-1400 aligncenter\" src=\"http:\/\/www2.unifap.br\/ppgdif\/files\/2023\/10\/irlon.jpg\" alt=\"\" width=\"194\" height=\"258\"><\/a><\/p>\n<p style=\"text-align: center\"><strong>Prof. Dr. Irlon Maciel Ferreira<\/strong><\/p>\n<p>Doutor em Qu\u00edmica Org\u00e2nica e Biol\u00f3gicas pela Universidade de S\u00e3o Paulo (USP) \/ Instituto de Qu\u00edmica de S\u00e3o Carlos.<\/p>\n<p>Linha de pesquisa: S\u00edntese Org\u00e2nica; Biocat\u00e1lise e Biotransforma\u00e7\u00e3o de Compostos Org\u00e2nicos.<\/p>\n<p>E-mail: irlon.ferreira@unifap.br \/ irlon.ferreira@gmail.com&nbsp; &nbsp; &nbsp; &nbsp; &nbsp; &nbsp; &nbsp;<a href=\"http:\/\/lattes.cnpq.br\/9897023410899133\">http:\/\/lattes.cnpq.br\/9897023410899133<\/a><\/p>\n<p><a href=\"http:\/\/www2.unifap.br\/ppgdif\/files\/2023\/10\/WhatsApp-Image-2023-10-02-at-16.19.18.jpeg\"><img loading=\"lazy\" decoding=\"async\" class=\"size-medium wp-image-1406 aligncenter\" src=\"http:\/\/www2.unifap.br\/ppgdif\/files\/2023\/10\/WhatsApp-Image-2023-10-02-at-16.19.18-201x300.jpeg\" alt=\"\" width=\"201\" height=\"300\" srcset=\"https:\/\/www2.unifap.br\/ppgdif\/files\/2023\/10\/WhatsApp-Image-2023-10-02-at-16.19.18-201x300.jpeg 201w, https:\/\/www2.unifap.br\/ppgdif\/files\/2023\/10\/WhatsApp-Image-2023-10-02-at-16.19.18.jpeg 687w\" sizes=\"(max-width: 201px) 100vw, 201px\" \/><\/a><\/p>\n<p style=\"text-align: center\"><strong>Prof. Dr. Jos\u00e9 Carlos Tavares Carvalho<\/strong><\/p>\n<p>Doutor em F\u00e1rmacos e Medicamentos pela Faculdade de Ci\u00eancias Farmac\u00eauticas da Universidade de S\u00e3o Paulo e realizou est\u00e1gio de P\u00f3s-Doutorado na FU-IFP-Berlin-Alemanha.<\/p>\n<p>Linha de pesquisa: valida\u00e7\u00e3o qu\u00edmica-farmacol\u00f3gica de f\u00e1rmacos de origem sint\u00e9tica e naturais. Nanobiotecnologia.<\/p>\n<p>E-mail: farmacos@unifap.br &nbsp; &nbsp; &nbsp; &nbsp; &nbsp; &nbsp;&nbsp;<a href=\"http:\/\/lattes.cnpq.br\/4251174810000113\">http:\/\/lattes.cnpq.br\/4251174810000113<\/a><\/p>\n<p style=\"text-align: center\"><a href=\"http:\/\/www2.unifap.br\/ppgdif\/files\/2023\/10\/Foto-1.jpeg\"><img loading=\"lazy\" decoding=\"async\" class=\"alignnone wp-image-1420 size-medium\" src=\"http:\/\/www2.unifap.br\/ppgdif\/files\/2023\/10\/Foto-1-300x275.jpeg\" alt=\"\" width=\"300\" height=\"275\" srcset=\"https:\/\/www2.unifap.br\/ppgdif\/files\/2023\/10\/Foto-1-300x275.jpeg 300w, https:\/\/www2.unifap.br\/ppgdif\/files\/2023\/10\/Foto-1-1024x938.jpeg 1024w, https:\/\/www2.unifap.br\/ppgdif\/files\/2023\/10\/Foto-1-768x704.jpeg 768w, https:\/\/www2.unifap.br\/ppgdif\/files\/2023\/10\/Foto-1.jpeg 1075w\" sizes=\"(max-width: 300px) 100vw, 300px\" \/><\/a><\/p>\n<p style=\"text-align: center\"><strong>Profa. Dra. Lorane Izabel da Silva Hage Melim&nbsp;<\/strong><\/p>\n<p>Doutora em Toxicologia pela Universidade de Sao Paulo.<\/p>\n<p>Linha de Pesquisa: veneno de serpentes, inibidores de fosfolipase A2, modelagem molecular: modelagem por homologia, docking, screening.<\/p>\n<p><span style=\"vertical-align: inherit\">e-mail: lorane@unifap.br \/ loranehage@gmail.com&nbsp;&nbsp; &nbsp; &nbsp; &nbsp; &nbsp;&nbsp; <\/span><a href=\"http:\/\/lattes.cnpq.br\/2855597663270186\"><span style=\"vertical-align: inherit\">http:\/\/lattes.cnpq.br\/2855597663270186<\/span><\/a><\/p>\n<p>&nbsp;<a href=\"http:\/\/www2.unifap.br\/ppgdif\/files\/2023\/10\/rodrigo.jpg\"><img loading=\"lazy\" decoding=\"async\" class=\" wp-image-1402 aligncenter\" src=\"http:\/\/www2.unifap.br\/ppgdif\/files\/2023\/10\/rodrigo.jpg\" alt=\"\" width=\"238\" height=\"246\"><\/a><\/p>\n<p style=\"text-align: center\"><strong>Prof. Dr. Rodrigo Alves Soares Cruz<\/strong><\/p>\n<p>Doutor em Qu\u00edmica dos Produtos Naturais pelo Instituto de Pesquisa de Produtos Naturais Walter Mors (IPPN) da Universidade Federal do Rio de Janeiro (UFRJ).<\/p>\n<p>Linha de Pesquisa: pesquisa por novas mol\u00e9culas bioativas da flora brasileira; Isolamento e elucida\u00e7\u00e3o estrutural de produtos naturais; Produtos naturais nanoestruturados biologicamente ativos.<\/p>\n<p>E-mail: rodrigo@unifap.br &nbsp; &nbsp; &nbsp; &nbsp; &nbsp; &nbsp; &nbsp; &nbsp; &nbsp; &nbsp;<a href=\"http:\/\/lattes.cnpq.br\/5290132421152870\">http:\/\/lattes.cnpq.br\/5290132421152870<\/a><\/p>\n<p style=\"text-align: center\"><strong>PROFESSORES COLABORADORES<\/strong><\/p>\n<p style=\"text-align: center\"><a href=\"http:\/\/www2.unifap.br\/ppgdif\/files\/2023\/10\/sheila.jpg\"><img loading=\"lazy\" decoding=\"async\" class=\" wp-image-1396 aligncenter\" src=\"http:\/\/www2.unifap.br\/ppgdif\/files\/2023\/10\/sheila.jpg\" alt=\"\" width=\"207\" height=\"207\" srcset=\"https:\/\/www2.unifap.br\/ppgdif\/files\/2023\/10\/sheila.jpg 150w, https:\/\/www2.unifap.br\/ppgdif\/files\/2023\/10\/sheila-70x70.jpg 70w\" sizes=\"(max-width: 207px) 100vw, 207px\" \/><\/a><strong>Profa. Dra. Sheylla Susan Moreira da Silva de Almeida<\/strong><\/p>\n<p>Doutora em Qu\u00edmica na \u00e1rea de concentra\u00e7\u00e3o em Qu\u00edmica de Produtos Naturais (Qu\u00edmica Org\u00e2nica) pela Universidade Federal de S\u00e3o Carlos &#8211; SP.<\/p>\n<p>Linha de pesquisa: biotecnologia, oleos essencias, qu\u00edmica de produtos naturais de origem vegetal, animal e microrganismos.<\/p>\n<p>E-mail: sheyllasusan@unifap.br \/ sheyllasusan@yahoo.com.br&nbsp; &nbsp; &nbsp; &nbsp; &nbsp; &nbsp; &nbsp; &nbsp;<a href=\"http:\/\/lattes.cnpq.br\/5096255590649678\">http:\/\/lattes.cnpq.br\/5096255590649678<\/a><\/p>\n<p><a href=\"http:\/\/www2.unifap.br\/ppgdif\/files\/2023\/10\/DrThAfonso-scaled.jpg\"><img loading=\"lazy\" decoding=\"async\" class=\"size-medium wp-image-1403 aligncenter\" src=\"http:\/\/www2.unifap.br\/ppgdif\/files\/2023\/10\/DrThAfonso-205x300.jpg\" alt=\"\" width=\"205\" height=\"300\" srcset=\"https:\/\/www2.unifap.br\/ppgdif\/files\/2023\/10\/DrThAfonso-205x300.jpg 205w, https:\/\/www2.unifap.br\/ppgdif\/files\/2023\/10\/DrThAfonso-701x1024.jpg 701w, https:\/\/www2.unifap.br\/ppgdif\/files\/2023\/10\/DrThAfonso-768x1122.jpg 768w, https:\/\/www2.unifap.br\/ppgdif\/files\/2023\/10\/DrThAfonso-1051x1536.jpg 1051w, https:\/\/www2.unifap.br\/ppgdif\/files\/2023\/10\/DrThAfonso-1402x2048.jpg 1402w, https:\/\/www2.unifap.br\/ppgdif\/files\/2023\/10\/DrThAfonso-scaled.jpg 1752w\" sizes=\"(max-width: 205px) 100vw, 205px\" \/><\/a><\/p>\n<p style=\"text-align: center\"><strong>Prof. Dr. Thiago Afonso Carvalho Celestino Teixeira<\/strong><\/p>\n<p>Doutor em Urologia pela Universidade de S\u00e3o Paulo (USP) na \u00e1rea de concentra\u00e7\u00e3o em Qu\u00edmica de Produtos Naturais (Qu\u00edmica Org\u00e2nica) pela Universidade Federal de S\u00e3o Carlos &#8211; SP.<\/p>\n<p>Linha de pesquisa: Sa\u00fade Masculina, H\u00e1bitos e estilos de vida como fatores de risco para fun\u00e7\u00e3o testicular em infertilidade masculina.<\/p>\n<p>E-mail: thafonsoteixeira@gmail.com &nbsp;&nbsp; &nbsp;&nbsp; &nbsp;&nbsp; &nbsp;&nbsp; &nbsp;&nbsp; &nbsp;&nbsp; &nbsp;&nbsp; &nbsp;&nbsp; <a href=\"http:\/\/lattes.cnpq.br\/8677445395617587\">http:\/\/lattes.cnpq.br\/8677445395617587<\/a><\/p>\n","protected":false},"excerpt":{"rendered":"<p>PROFESSORES PERMANENTES Prof. Dr. Caio Pinho Fernandes Doutor em Ci\u00eancias (Biotecnologia Vegetal) pela Universidade Federal do Rio de Janeiro (UFRJ). Linha de Pesquisa: controle de qualidade e tecnologia de fitoter\u00e1picos, com \u00eanfase em triterpenos, \u00f3leos da amaz\u00f4nia, desenvolvimento de nanoformula\u00e7\u00f5es&hellip; <\/p>\n<p><a href=\"https:\/\/www2.unifap.br\/ppgdif\/corpo-docente\/orientadores-do-ppgif-2025\/\" class=\"readmore-button\">Continue Reading<\/a><\/p>\n","protected":false},"author":3985,"featured_media":0,"parent":561,"menu_order":1,"comment_status":"closed","ping_status":"closed","template":"","meta":{"inline_featured_image":false,"ngg_post_thumbnail":0,"footnotes":""},"class_list":["post-1443","page","type-page","status-publish","hentry"],"_links":{"self":[{"href":"https:\/\/www2.unifap.br\/ppgdif\/wp-json\/wp\/v2\/pages\/1443","targetHints":{"allow":["GET"]}}],"collection":[{"href":"https:\/\/www2.unifap.br\/ppgdif\/wp-json\/wp\/v2\/pages"}],"about":[{"href":"https:\/\/www2.unifap.br\/ppgdif\/wp-json\/wp\/v2\/types\/page"}],"author":[{"embeddable":true,"href":"https:\/\/www2.unifap.br\/ppgdif\/wp-json\/wp\/v2\/users\/3985"}],"replies":[{"embeddable":true,"href":"https:\/\/www2.unifap.br\/ppgdif\/wp-json\/wp\/v2\/comments?post=1443"}],"version-history":[{"count":2,"href":"https:\/\/www2.unifap.br\/ppgdif\/wp-json\/wp\/v2\/pages\/1443\/revisions"}],"predecessor-version":[{"id":1533,"href":"https:\/\/www2.unifap.br\/ppgdif\/wp-json\/wp\/v2\/pages\/1443\/revisions\/1533"}],"up":[{"embeddable":true,"href":"https:\/\/www2.unifap.br\/ppgdif\/wp-json\/wp\/v2\/pages\/561"}],"wp:attachment":[{"href":"https:\/\/www2.unifap.br\/ppgdif\/wp-json\/wp\/v2\/media?parent=1443"}],"curies":[{"name":"wp","href":"https:\/\/api.w.org\/{rel}","templated":true}]}}