{"id":24,"date":"2015-01-08T21:06:23","date_gmt":"2015-01-08T21:06:23","guid":{"rendered":"http:\/\/www2.unifap.br\/ppgdif\/?page_id=24"},"modified":"2016-12-13T18:27:32","modified_gmt":"2016-12-13T18:27:32","slug":"apresentacao","status":"publish","type":"page","link":"https:\/\/www2.unifap.br\/ppgdif\/apresentacao\/","title":{"rendered":"Apresenta\u00e7\u00e3o"},"content":{"rendered":"<p style=\"text-align: justify\">Programa de P\u00f3s-Gradua\u00e7\u00e3o em Inova\u00e7\u00e3o Farmac\u00eautica (PPGIF) em n\u00edvel de DOUTORADO, coordenado pela Universidade Federal de Goi\u00e1s (UFG), em associa\u00e7\u00e3o em rede das IES Universidade Federal do Par\u00e1, Universidade Federal do Amazonas e Universidade Federal do Amap\u00e1 (UFG\/ UFPA\/UFAM\/UNIFAP), tem por objetivos:<\/p>\n<p style=\"text-align: justify\">&#8211; Formar recursos humanos qualificados no n\u00edvel de doutorado, para atua\u00e7\u00e3o em doc\u00eancia e pesquisa na \u00e1rea de inova\u00e7\u00e3o envolvendo: planejamento, s\u00edntese, desenvolvimento farmacot\u00e9cnico e anal\u00edtico de insumos e produtos farmac\u00eauticos, com \u00eanfase na biodiversidade do Cerrado e Amaz\u00f4nica e nas necessidades das Regi\u00f5es Centro-Oeste e Norte.<\/p>\n<p style=\"text-align: justify\">&#8211; Promover a capacita\u00e7\u00e3o de profissionais que atuem em farm\u00e1cias, ind\u00fastrias farmac\u00eauticas, \u00f3rg\u00e3os governamentais e estabelecimentos privados que exer\u00e7am atividades inerentes \u00e0s ci\u00eancias farmac\u00eauticas possibilitando aos profissionais formados assessorar \u00f3rg\u00e3os governamentais e institui\u00e7\u00f5es da iniciativa privada na busca n\u00e3o s\u00f3 de solu\u00e7\u00f5es para problemas pertinentes a \u00e1rea, mas tamb\u00e9m propiciar a produ\u00e7\u00e3o de conhecimentos inovadores na \u00e1rea de f\u00e1rmacos e medicamentos que possibilitem uma maior competitividade.<\/p>\n<p style=\"text-align: justify\">&#8211; Consolidar as atividades de pesquisa e forma\u00e7\u00e3o profissional qualificada j\u00e1 existente nas regi\u00f5es Centro-Oeste e Norte do Pa\u00eds.<\/p>\n<p style=\"text-align: justify\">&#8211; Buscar o fortalecimento e transfer\u00eancia para o setor produtivo industrial, da pesquisa, desenvolvimento e inova\u00e7\u00e3o no Brasil tendo como objetivo principal a obten\u00e7\u00e3o de f\u00e1rmacos e medicamentos originalmente nacionais que possam possibilitar o in\u00edcio de inova\u00e7\u00f5es na produ\u00e7\u00e3o farmac\u00eautica brasileira na regi\u00e3o Centro-Oeste e Norte, estando aberto \u00e0 comunidade.<\/p>\n<p style=\"text-align: justify\">O PPGIF foi recomendado pela CAPES em 27\/04\/2012, inicialmente j\u00e1 recebendo Conceito 4, e aprovado no \u00e2mbito da UFG em novembro de 2012.\u00a0Em 2014 foi reconhecido, com homologa\u00e7\u00e3o pelo Conselho Nacional de Educa\u00e7\u00e3o \u2013 atrav\u00e9s da Portaria N\u00ba 51 publicada no Di\u00e1rio Oficial da Uni\u00e3o, em 24 de Janeiro de 2014.<\/p>\n","protected":false},"excerpt":{"rendered":"<p>Programa de P\u00f3s-Gradua\u00e7\u00e3o em Inova\u00e7\u00e3o Farmac\u00eautica (PPGIF) em n\u00edvel de DOUTORADO, coordenado pela Universidade Federal de Goi\u00e1s (UFG), em associa\u00e7\u00e3o em rede das IES Universidade Federal do Par\u00e1, Universidade Federal do Amazonas e Universidade Federal do Amap\u00e1 (UFG\/ UFPA\/UFAM\/UNIFAP), tem&hellip; <\/p>\n<p><a href=\"https:\/\/www2.unifap.br\/ppgdif\/apresentacao\/\" class=\"readmore-button\">Continue Reading<\/a><\/p>\n","protected":false},"author":624,"featured_media":0,"parent":0,"menu_order":1,"comment_status":"open","ping_status":"open","template":"","meta":{"inline_featured_image":false,"ngg_post_thumbnail":0,"footnotes":""},"class_list":["post-24","page","type-page","status-publish","hentry"],"_links":{"self":[{"href":"https:\/\/www2.unifap.br\/ppgdif\/wp-json\/wp\/v2\/pages\/24","targetHints":{"allow":["GET"]}}],"collection":[{"href":"https:\/\/www2.unifap.br\/ppgdif\/wp-json\/wp\/v2\/pages"}],"about":[{"href":"https:\/\/www2.unifap.br\/ppgdif\/wp-json\/wp\/v2\/types\/page"}],"author":[{"embeddable":true,"href":"https:\/\/www2.unifap.br\/ppgdif\/wp-json\/wp\/v2\/users\/624"}],"replies":[{"embeddable":true,"href":"https:\/\/www2.unifap.br\/ppgdif\/wp-json\/wp\/v2\/comments?post=24"}],"version-history":[{"count":8,"href":"https:\/\/www2.unifap.br\/ppgdif\/wp-json\/wp\/v2\/pages\/24\/revisions"}],"predecessor-version":[{"id":357,"href":"https:\/\/www2.unifap.br\/ppgdif\/wp-json\/wp\/v2\/pages\/24\/revisions\/357"}],"wp:attachment":[{"href":"https:\/\/www2.unifap.br\/ppgdif\/wp-json\/wp\/v2\/media?parent=24"}],"curies":[{"name":"wp","href":"https:\/\/api.w.org\/{rel}","templated":true}]}}