{"id":73,"date":"2015-01-13T17:09:23","date_gmt":"2015-01-13T17:09:23","guid":{"rendered":"http:\/\/www2.unifap.br\/ppgdif\/?page_id=73"},"modified":"2026-04-12T15:40:00","modified_gmt":"2026-04-12T15:40:00","slug":"contato","status":"publish","type":"page","link":"https:\/\/www2.unifap.br\/ppgdif\/contato\/","title":{"rendered":"Contato"},"content":{"rendered":"<h4 style=\"text-align: justify\"><strong><a href=\"http:\/\/www2.unifap.br\/ppgdif\/\">Programa de P\u00f3s-Gradua\u00e7\u00e3o em Inova\u00e7\u00e3o Farmac\u00eautica &#8211; PPGIF<\/a><\/strong><\/h4>\n<p style=\"text-align: justify\"><span style=\"color: #808080\">Rod. Josmar Chaves Pinto, KM-02 &#8211; Jardim Marco Zero<\/span><\/p>\n<p style=\"text-align: justify\"><span style=\"color: #808080\">Campus Universit\u00e1rio Marco Zero do Equador \u2013 CEP: 68.903-419 \u2013 Macap\u00e1 \u2013 AP \u2013 Brasil<\/span><\/p>\n<p style=\"text-align: justify\">Bloco do Departamento de Ci\u00eancias Biol\u00f3gicas e da Sa\u00fade (Pr\u00f3ximo \u00e0 Unidade B\u00e1sica de Sa\u00fade)<\/p>\n<p style=\"text-align: justify\"><span style=\"color: #808080\">E-mail: <a href=\"mailto:ppgif@unifap.br\"><span style=\"color: #808080\">ppgif@unifap.br<\/span><\/a><\/span><\/p>\n<p style=\"text-align: justify\"><strong><span style=\"color: #808080\">Coordenador do PPGIF: Prof. Dr. Jos\u00e9 Carlos Tavares Carvalho<\/span><\/strong><\/p>\n<p style=\"text-align: justify\"><span style=\"color: #808080\">E-mail: farmacos@unifap.br<\/span><\/p>\n<p style=\"text-align: justify\"><strong><span style=\"color: #808080\">Vice-Coordenador do PPGIF: Prof. Dr. Rodrigo Alves Soares Cruz<\/span><\/strong><\/p>\n<p style=\"text-align: justify\"><span style=\"color: #808080\">E-mail: rodrigo@unifap.br<\/span><\/p>\n<p><strong>Secret\u00e1ria do PPGCF:<\/strong> Dra. Rosemary de Carvalho Rocha Koga<\/p>\n<p>E-mail: rosemarykoga@unifap.br<\/p>\n<h4 style=\"text-align: justify\"><strong><a href=\"http:\/\/www2.unifap.br\/dpg\/\">Departamento de P\u00f3s-Gradua\u00e7\u00e3o &#8211; DPG<\/a><\/strong><\/h4>\n<p style=\"text-align: justify\"><span style=\"color: #808080\">Rod. Josmar Chaves Pinto, KM-02 \u2013 Jardim Marco Zero<\/span><\/p>\n<p style=\"text-align: justify\"><span style=\"color: #808080\">Campus Universit\u00e1rio Marco Zero do Equador \u2013 CEP: 68.903-419 \u2013 Macap\u00e1 \u2013 AP \u2013 Brasil<\/span><\/p>\n<p style=\"text-align: justify\"><span style=\"color: #999999\">E-mail: <span style=\"color: #999999\">dpg@unifap.br<\/span><\/span><\/p>\n<p style=\"text-align: justify\"><strong><span style=\"color: #808080\">Diretor de P\u00f3s-Gradua\u00e7\u00e3o: Prof. Dr. <span class=\"gs_tkn\">Renan&nbsp;<\/span><span class=\"gs_tkn\">Lima&nbsp;<\/span><span class=\"gs_tkn\">Monteiro<\/span><\/span><\/strong><\/p>\n<p style=\"text-align: justify\"><span style=\"color: #808080\">E-mail:&nbsp;fernandomedeiros62@yahoo.com.br<\/span><\/p>\n<p style=\"text-align: justify\"><span style=\"color: #808080\">Secret\u00e1ria-Geral da P\u00f3s-Gradua\u00e7\u00e3o: Luciana Souza Reis Santos<\/span><\/p>\n<p style=\"text-align: justify\"><span style=\"color: #808080\">E-mail: lucianareis@unifap.br<\/span><\/p>\n<h4 style=\"text-align: justify\"><strong><a href=\"http:\/\/www.unifap.br\/public\/index\/proreitorias\/sigla\/propespg\">Pr\u00f3-Reitoria de Pesquisa e P\u00f3s-Gradua\u00e7\u00e3o &#8211; PROPESPG<\/a><\/strong><\/h4>\n<p style=\"text-align: justify\"><span style=\"color: #808080\">Rod. Josmar Chaves Pinto, KM-02 \u2013 Jardim Marco Zero<\/span><\/p>\n<p style=\"text-align: justify\"><span style=\"color: #808080\">Campus Universit\u00e1rio Marco Zero do Equador \u2013 CEP: 68.903-419 \u2013 Macap\u00e1 \u2013 AP \u2013 Brasil<\/span><\/p>\n<p style=\"text-align: justify\"><span style=\"color: #999999\">E-mail: <a href=\"mailto:propespg@unifap.br\"><span style=\"color: #999999\">propespg@unifap.br<\/span><\/a><\/span><\/p>\n<p style=\"text-align: justify\"><strong><span style=\"color: #808080\">Pr\u00f3-Reitora: Prof\u00aa. Dr\u00aa.&nbsp;Amanda Alves Fecury<\/span><\/strong><\/p>\n<p>E-mail:&nbsp;propespg@unifap.br<\/p>\n<p>Pr\u00f3-Reitor:&nbsp;<\/p>\n<p>E-mail:&nbsp;<\/p>\n<h4 style=\"text-align: justify\"><strong><a href=\"http:\/\/www.unifap.br\/\">Universidade Federal do Amap\u00e1 &#8211; UNIFAP<\/a><\/strong><\/h4>\n<p style=\"text-align: justify\"><span style=\"color: #808080\">Rod. Josmar Chaves Pinto, KM-02 \u2013 Jardim Marco Zero<\/span><\/p>\n<p style=\"text-align: justify\"><span style=\"color: #808080\">Campus Universit\u00e1rio Marco Zero do Equador \u2013 CEP: 68.903-419 \u2013 Macap\u00e1 \u2013 AP \u2013 Brasil<\/span><\/p>\n<p style=\"text-align: justify\"><span style=\"color: #999999\">E-mail: <a href=\"mailto:unifap@unifap.br\"><span style=\"color: #999999\">unifap@unifap.br<\/span><\/a><\/span><\/p>\n<p style=\"text-align: justify\"><strong><span style=\"color: #808080\">Reitor da UNIFAP: Prof. Dr.&nbsp;J\u00falio C\u00e9sar S\u00e1 de Oliveira<\/span><\/strong><\/p>\n<p style=\"text-align: justify\"><strong><span style=\"color: #808080\">Vice-Reitora da UNIFAP: Profa. Dra.&nbsp;<\/span><\/strong><\/p>\n","protected":false},"excerpt":{"rendered":"<p>Programa de P\u00f3s-Gradua\u00e7\u00e3o em Inova\u00e7\u00e3o Farmac\u00eautica &#8211; PPGIF Rod. Josmar Chaves Pinto, KM-02 &#8211; Jardim Marco Zero Campus Universit\u00e1rio Marco Zero do Equador \u2013 CEP: 68.903-419 \u2013 Macap\u00e1 \u2013 AP \u2013 Brasil Bloco do Departamento de Ci\u00eancias Biol\u00f3gicas e da&hellip; <\/p>\n<p><a href=\"https:\/\/www2.unifap.br\/ppgdif\/contato\/\" class=\"readmore-button\">Continue Reading<\/a><\/p>\n","protected":false},"author":624,"featured_media":0,"parent":0,"menu_order":12,"comment_status":"open","ping_status":"open","template":"","meta":{"inline_featured_image":false,"ngg_post_thumbnail":0,"footnotes":""},"class_list":["post-73","page","type-page","status-publish","hentry"],"_links":{"self":[{"href":"https:\/\/www2.unifap.br\/ppgdif\/wp-json\/wp\/v2\/pages\/73","targetHints":{"allow":["GET"]}}],"collection":[{"href":"https:\/\/www2.unifap.br\/ppgdif\/wp-json\/wp\/v2\/pages"}],"about":[{"href":"https:\/\/www2.unifap.br\/ppgdif\/wp-json\/wp\/v2\/types\/page"}],"author":[{"embeddable":true,"href":"https:\/\/www2.unifap.br\/ppgdif\/wp-json\/wp\/v2\/users\/624"}],"replies":[{"embeddable":true,"href":"https:\/\/www2.unifap.br\/ppgdif\/wp-json\/wp\/v2\/comments?post=73"}],"version-history":[{"count":26,"href":"https:\/\/www2.unifap.br\/ppgdif\/wp-json\/wp\/v2\/pages\/73\/revisions"}],"predecessor-version":[{"id":1939,"href":"https:\/\/www2.unifap.br\/ppgdif\/wp-json\/wp\/v2\/pages\/73\/revisions\/1939"}],"wp:attachment":[{"href":"https:\/\/www2.unifap.br\/ppgdif\/wp-json\/wp\/v2\/media?parent=73"}],"curies":[{"name":"wp","href":"https:\/\/api.w.org\/{rel}","templated":true}]}}