{"id":2,"date":"2017-02-20T17:55:14","date_gmt":"2017-02-20T17:55:14","guid":{"rendered":"http:\/\/www2.unifap.br\/ppged\/?page_id=2"},"modified":"2025-10-06T21:43:36","modified_gmt":"2025-10-06T21:43:36","slug":"linhaspesquisa","status":"publish","type":"page","link":"https:\/\/www2.unifap.br\/ppged\/linhaspesquisa\/","title":{"rendered":"LINHAS DE PESQUISA"},"content":{"rendered":"\t\t<div data-elementor-type=\"wp-post\" data-elementor-id=\"2\" class=\"elementor elementor-2\">\n\t\t\t\t\t\t<section class=\"elementor-section elementor-top-section elementor-element elementor-element-c6dd572 elementor-section-boxed elementor-section-height-default elementor-section-height-default\" data-id=\"c6dd572\" data-element_type=\"section\" data-e-type=\"section\">\n\t\t\t\t\t\t<div class=\"elementor-container elementor-column-gap-default\">\n\t\t\t\t\t<div class=\"elementor-column elementor-col-100 elementor-top-column elementor-element elementor-element-7e8343b\" data-id=\"7e8343b\" data-element_type=\"column\" data-e-type=\"column\">\n\t\t\t<div class=\"elementor-widget-wrap elementor-element-populated\">\n\t\t\t\t\t\t<div class=\"elementor-element elementor-element-20e1c62 elementor-widget elementor-widget-spacer\" data-id=\"20e1c62\" data-element_type=\"widget\" data-e-type=\"widget\" data-widget_type=\"spacer.default\">\n\t\t\t\t<div class=\"elementor-widget-container\">\n\t\t\t\t\t\t\t<div class=\"elementor-spacer\">\n\t\t\t<div class=\"elementor-spacer-inner\"><\/div>\n\t\t<\/div>\n\t\t\t\t\t\t<\/div>\n\t\t\t\t<\/div>\n\t\t\t\t\t<\/div>\n\t\t<\/div>\n\t\t\t\t\t<\/div>\n\t\t<\/section>\n\t\t\t\t<section class=\"elementor-section elementor-top-section elementor-element elementor-element-102edfe elementor-section-boxed elementor-section-height-default elementor-section-height-default\" data-id=\"102edfe\" data-element_type=\"section\" data-e-type=\"section\">\n\t\t\t\t\t\t<div class=\"elementor-container elementor-column-gap-default\">\n\t\t\t\t\t<div class=\"elementor-column elementor-col-100 elementor-top-column elementor-element elementor-element-273b39e\" data-id=\"273b39e\" data-element_type=\"column\" data-e-type=\"column\">\n\t\t\t<div class=\"elementor-widget-wrap elementor-element-populated\">\n\t\t\t\t\t\t<div class=\"elementor-element elementor-element-ea45f52 elementor-widget elementor-widget-heading\" data-id=\"ea45f52\" data-element_type=\"widget\" data-e-type=\"widget\" data-widget_type=\"heading.default\">\n\t\t\t\t<div class=\"elementor-widget-container\">\n\t\t\t\t\t<h1 class=\"elementor-heading-title elementor-size-default\">LINHAS DE PESQUISA<\/h1>\t\t\t\t<\/div>\n\t\t\t\t<\/div>\n\t\t\t\t<div class=\"elementor-element elementor-element-ded34c1 elementor-widget elementor-widget-text-editor\" data-id=\"ded34c1\" data-element_type=\"widget\" data-e-type=\"widget\" data-widget_type=\"text-editor.default\">\n\t\t\t\t<div class=\"elementor-widget-container\">\n\t\t\t\t\t\t\t\t\t<h2><strong>Educa\u00e7\u00e3o, Culturas e Diversidades<\/strong><\/h2><p>Estuda a rela\u00e7\u00e3o entre educa\u00e7\u00e3o, as diversas culturas e as diferen\u00e7as que comp\u00f5em a sociedade brasileira. Contempla quest\u00f5es referentes ao multiculturalismo e \u00e0 interculturalidade, como dimens\u00f5es pol\u00edticas, epistemol\u00f3gicas, ontol\u00f3gicas e educacionais. Analisa as rela\u00e7\u00f5es interativas entre Escola, escolariza\u00e7\u00e3o de grupos historicamente exclu\u00eddos, sociedade e seus m\u00faltiplos espa\u00e7os hist\u00f3rico-educativos, em realidades culturais marcadas pela pluralidade.<\/p><p><b>Coordena\u00e7\u00e3o da Linha: <\/b>Prof. Dr. Adalberto Carvalho Ribeiro<\/p>\t\t\t\t\t\t\t\t<\/div>\n\t\t\t\t<\/div>\n\t\t\t\t<div class=\"elementor-element elementor-element-da7e408 elementor-widget elementor-widget-text-editor\" data-id=\"da7e408\" data-element_type=\"widget\" data-e-type=\"widget\" data-widget_type=\"text-editor.default\">\n\t\t\t\t<div class=\"elementor-widget-container\">\n\t\t\t\t\t\t\t\t\t<h2><strong>Pol\u00edticas Educacionais<\/strong><\/h2>\n<p>Estudos e pesquisas sobre pol\u00edticas p\u00fablicas educacionais e planejamento s\u00f3cio-pedag\u00f3gico formais e n\u00e3oformais. Abordagem e avalia\u00e7\u00e3o de pol\u00edticas, programas e projetos educativos, considerando o papel do Estado, dos movimentos sociais, das a\u00e7\u00f5es governamentais e da articula\u00e7\u00e3o com outros atores sociais. An\u00e1lise da pol\u00edtica educacional e seus condicionantes e implica\u00e7\u00f5es hist\u00f3ricos, econ\u00f4micos, pol\u00edticos, sociais, culturais e regionais.<\/p>\n<div><b>Coordena\u00e7\u00e3o da Linha:<\/b> Profa. Dra. Cassia Hack<\/div>\t\t\t\t\t\t\t\t<\/div>\n\t\t\t\t<\/div>\n\t\t\t\t\t<\/div>\n\t\t<\/div>\n\t\t\t\t\t<\/div>\n\t\t<\/section>\n\t\t\t\t<\/div>\n\t\t","protected":false},"excerpt":{"rendered":"<p>LINHAS DE PESQUISA Educa\u00e7\u00e3o, Culturas e Diversidades Estuda a rela\u00e7\u00e3o entre educa\u00e7\u00e3o, as diversas culturas e as diferen\u00e7as que comp\u00f5em a sociedade brasileira. Contempla quest\u00f5es referentes ao multiculturalismo e \u00e0 interculturalidade, como dimens\u00f5es pol\u00edticas, epistemol\u00f3gicas, ontol\u00f3gicas e educacionais. Analisa as rela\u00e7\u00f5es interativas entre Escola, escolariza\u00e7\u00e3o de grupos historicamente exclu\u00eddos, sociedade e seus m\u00faltiplos espa\u00e7os hist\u00f3rico-educativos,&#8230;<\/p>\n","protected":false},"author":1095,"featured_media":0,"parent":0,"menu_order":0,"comment_status":"open","ping_status":"open","template":"elementor_header_footer","meta":{"inline_featured_image":false,"ngg_post_thumbnail":0,"footnotes":""},"folder":[],"class_list":["post-2","page","type-page","status-publish","hentry","entry"],"_links":{"self":[{"href":"https:\/\/www2.unifap.br\/ppged\/wp-json\/wp\/v2\/pages\/2","targetHints":{"allow":["GET"]}}],"collection":[{"href":"https:\/\/www2.unifap.br\/ppged\/wp-json\/wp\/v2\/pages"}],"about":[{"href":"https:\/\/www2.unifap.br\/ppged\/wp-json\/wp\/v2\/types\/page"}],"author":[{"embeddable":true,"href":"https:\/\/www2.unifap.br\/ppged\/wp-json\/wp\/v2\/users\/1095"}],"replies":[{"embeddable":true,"href":"https:\/\/www2.unifap.br\/ppged\/wp-json\/wp\/v2\/comments?post=2"}],"version-history":[{"count":26,"href":"https:\/\/www2.unifap.br\/ppged\/wp-json\/wp\/v2\/pages\/2\/revisions"}],"predecessor-version":[{"id":7716,"href":"https:\/\/www2.unifap.br\/ppged\/wp-json\/wp\/v2\/pages\/2\/revisions\/7716"}],"wp:attachment":[{"href":"https:\/\/www2.unifap.br\/ppged\/wp-json\/wp\/v2\/media?parent=2"}],"wp:term":[{"taxonomy":"folder","embeddable":true,"href":"https:\/\/www2.unifap.br\/ppged\/wp-json\/wp\/v2\/folder?post=2"}],"curies":[{"name":"wp","href":"https:\/\/api.w.org\/{rel}","templated":true}]}}