{"id":48,"date":"2017-08-18T13:39:24","date_gmt":"2017-08-18T13:39:24","guid":{"rendered":"http:\/\/www2.unifap.br\/ppged\/?page_id=48"},"modified":"2025-08-13T17:33:04","modified_gmt":"2025-08-13T17:33:04","slug":"documentos","status":"publish","type":"page","link":"https:\/\/www2.unifap.br\/ppged\/documentos\/","title":{"rendered":"FORMUL\u00c1RIOS"},"content":{"rendered":"\t\t<div data-elementor-type=\"wp-post\" data-elementor-id=\"48\" class=\"elementor elementor-48\">\n\t\t\t\t\t\t<section class=\"elementor-section elementor-top-section elementor-element elementor-element-12ff2103 elementor-section-boxed elementor-section-height-default elementor-section-height-default\" data-id=\"12ff2103\" data-element_type=\"section\" data-e-type=\"section\">\n\t\t\t\t\t\t<div class=\"elementor-container elementor-column-gap-default\">\n\t\t\t\t\t<div class=\"elementor-column elementor-col-100 elementor-top-column elementor-element elementor-element-102f5e81\" data-id=\"102f5e81\" data-element_type=\"column\" data-e-type=\"column\">\n\t\t\t<div class=\"elementor-widget-wrap elementor-element-populated\">\n\t\t\t\t\t\t\t<\/div>\n\t\t<\/div>\n\t\t\t\t\t<\/div>\n\t\t<\/section>\n\t\t\t\t<section class=\"elementor-section elementor-top-section elementor-element elementor-element-952982e elementor-section-boxed elementor-section-height-default elementor-section-height-default\" data-id=\"952982e\" data-element_type=\"section\" data-e-type=\"section\">\n\t\t\t\t\t\t<div class=\"elementor-container elementor-column-gap-default\">\n\t\t\t\t\t<div class=\"elementor-column elementor-col-100 elementor-top-column elementor-element elementor-element-159399e\" data-id=\"159399e\" data-element_type=\"column\" data-e-type=\"column\">\n\t\t\t<div class=\"elementor-widget-wrap elementor-element-populated\">\n\t\t\t\t\t\t<div class=\"elementor-element elementor-element-83cc440 elementor-widget elementor-widget-spacer\" data-id=\"83cc440\" data-element_type=\"widget\" data-e-type=\"widget\" data-widget_type=\"spacer.default\">\n\t\t\t\t<div class=\"elementor-widget-container\">\n\t\t\t\t\t\t\t<div class=\"elementor-spacer\">\n\t\t\t<div class=\"elementor-spacer-inner\"><\/div>\n\t\t<\/div>\n\t\t\t\t\t\t<\/div>\n\t\t\t\t<\/div>\n\t\t\t\t<div class=\"elementor-element elementor-element-ee41eb0 elementor-widget elementor-widget-heading\" data-id=\"ee41eb0\" data-element_type=\"widget\" data-e-type=\"widget\" data-widget_type=\"heading.default\">\n\t\t\t\t<div class=\"elementor-widget-container\">\n\t\t\t\t\t<h1 class=\"elementor-heading-title elementor-size-default\">DOCUMENTOS E FORMUL\u00c1RIOS<\/h1>\t\t\t\t<\/div>\n\t\t\t\t<\/div>\n\t\t\t\t<section class=\"elementor-section elementor-inner-section elementor-element elementor-element-2c54dee elementor-section-boxed elementor-section-height-default elementor-section-height-default\" data-id=\"2c54dee\" data-element_type=\"section\" data-e-type=\"section\">\n\t\t\t\t\t\t<div class=\"elementor-container elementor-column-gap-default\">\n\t\t\t\t\t<div class=\"elementor-column elementor-col-100 elementor-inner-column elementor-element elementor-element-89d7350\" data-id=\"89d7350\" data-element_type=\"column\" data-e-type=\"column\">\n\t\t\t<div class=\"elementor-widget-wrap elementor-element-populated\">\n\t\t\t\t\t\t<div class=\"elementor-element elementor-element-0af7206 elementor-widget elementor-widget-text-editor\" data-id=\"0af7206\" data-element_type=\"widget\" data-e-type=\"widget\" data-widget_type=\"text-editor.default\">\n\t\t\t\t<div class=\"elementor-widget-container\">\n\t\t\t\t\t\t\t\t\t<p style=\"margin-bottom: 0cm;line-height: normal;background-image: initial;background-position: initial;background-size: initial;background-attachment: initial\"><span style=\"font-size: 13.5pt;font-family: inherit, serif;padding: 0cm;border: 1pt none windowtext\"><b>REQUERIMENTOS<\/b><\/span><\/p><p style=\"margin-bottom: 0cm;line-height: normal;background-image: initial;background-position: initial;background-size: initial;background-attachment: initial\"><span style=\"font-size: 13.5pt;font-family: inherit, serif;padding: 0cm;border: 1pt none windowtext\">\u00a0<\/span><\/p><ul><li style=\"list-style-type: none\"><ul><li style=\"list-style-type: none\"><ul><li><a style=\"font-size: 13.5pt\" href=\"https:\/\/www2.unifap.br\/ppged\/files\/2020\/09\/SOLICITA%C3%87%C3%83O-DE-DIPLOMA-E-ENTREGA-DA-VERS%C3%83O-FINAL-DA-DISSERTA%C3%87%C3%83O-V2.docx\"><span style=\"font-size: 12pt\">Requerimento de Diploma e homologa\u00e7\u00e3o de Disserta\u00e7\u00e3o<\/span><\/a><\/li><li><a href=\"https:\/\/www2.unifap.br\/ppged\/files\/2021\/09\/DECLARAO-DE-AUTORIA-E-AUTORIZAO-PARA-PUBLICAO_ATUAL.pdf\"><span style=\"font-size: 13.5pt;font-family: inherit, serif;padding: 0cm;border: 1pt none windowtext\"><span style=\"font-size: 12pt\">Termos de Autoriza\u00e7\u00e3o de Publica\u00e7\u00e3o e Declara\u00e7\u00e3o de autoria<\/span><\/span><\/a><\/li><li><span style=\"font-size: 7pt;, serif;border-width: 1pt;border-style: none;border-color: windowtext;padding: 0cm\">\u00a0<\/span><span style=\"font-size: 13.5pt;font-family: inherit, serif;padding: 0cm;border: 1pt none windowtext\"><a href=\"https:\/\/www2.unifap.br\/ppged\/files\/2019\/03\/Requerimento-de-Apresenta%C3%A7%C3%A3o-de-Disserta%C3%A7%C3%A3o.docx\"><span style=\"font-size: 12pt\">Requerimento de Defesa de Disserta\u00e7\u00e3o<\/span><\/a><\/span><\/li><li><span style=\"font-size: 13.5pt;font-family: inherit, serif;padding: 0cm;border: 1pt none windowtext\"><a href=\"https:\/\/www2.unifap.br\/ppged\/files\/2019\/07\/REQUERIMENTO-DE-EXAME-DE-QUALIFICA%C3%87%C3%83O.doc\"><span style=\"font-size: 12pt\">Requerimento de Exame de Qualifica\u00e7\u00e3o de Mestrado<\/span><\/a><\/span><\/li><li><a href=\"http:\/\/www2.unifap.br\/ppged\/files\/2025\/08\/FORMULARIO-PARA-CREDITO_ATIVIDADES-PROGRAMADAS.docx\" target=\"_blank\" rel=\"noopener\">Requerimento de cr\u00e9dito em Atividades Programadas<\/a><\/li><li><span style=\"font-size: 13.5pt;font-family: inherit, serif;padding: 0cm;border: 1pt none windowtext\"><a href=\"https:\/\/www2.unifap.br\/ppged\/files\/2017\/08\/SOLICITA%C3%87%C3%83O-DE-HOMOLOGA%C3%87%C3%83O-DE-CO-ORIENTADOR.docx\"><span style=\"font-size: 12pt\">Requerimento de Co-orienta\u00e7\u00e3o<\/span><\/a><\/span><\/li><li><span style=\"font-size: 7pt;, serif;border-width: 1pt;border-style: none;border-color: windowtext;padding: 0cm\">\u00a0<\/span><span style=\"font-size: 13.5pt;font-family: inherit, serif;padding: 0cm;border: 1pt none windowtext\"><a href=\"https:\/\/www2.unifap.br\/ppged\/files\/2017\/08\/SOLICITA%C3%87%C3%83O-DE-MATRICULA-EM-DISCIPLINA.docx\" target=\"_blank\" rel=\"noopener\"><span style=\"font-size: 12pt\">Matr\u00edcula Aluno(a) Especial<\/span><\/a><\/span><\/li><li><span style=\"font-size: 7pt;, serif;border-width: 1pt;border-style: none;border-color: windowtext;padding: 0cm\">\u00a0<\/span><span style=\"font-size: 13.5pt;font-family: inherit, serif;padding: 0cm;border: 1pt none windowtext\"><a href=\"https:\/\/www2.unifap.br\/ppged\/files\/2017\/08\/SOLICITA%C3%87%C3%83O-DE-CR%C3%89DITO-EM-PROFIC%C3%8ANCIA-PPGED.docx\"><span style=\"font-size: 12pt\">Profici\u00eancia em L\u00edngua Estrangeira<\/span><\/a><\/span><\/li><li><a href=\"https:\/\/docs.google.com\/document\/d\/1bSbhdvwTmmPP5TfVCKmr_VAocMhQQ6bu\/edit?usp=sharing&amp;ouid=100869428336244278901&amp;rtpof=true&amp;sd=true\" target=\"_blank\" rel=\"noopener\">Cr\u00e9dito em Disciplina Obrigat\u00f3ria (Doutorado)<\/a><\/li><\/ul><\/li><\/ul><\/li><\/ul><p style=\"margin-bottom: 0cm;line-height: normal;background-image: initial;background-position: initial;background-size: initial;background-attachment: initial\"><b><span style=\"font-size: 13.5pt;font-family: inherit, serif;padding: 0cm;border: 1pt none windowtext\"><!-- [if !supportLineBreakNewLine]--><br \/><!--[endif]--><\/span><\/b><\/p><p style=\"margin-bottom: 0cm;line-height: normal;background-image: initial;background-position: initial;background-size: initial;background-attachment: initial\"><b><span style=\"font-size: 13.5pt;font-family: inherit, serif;padding: 0cm;border: 1pt none windowtext\">FORMUL\u00c1RIOS DIVERSOS<\/span><\/b><\/p><p style=\"margin-bottom: 0cm;line-height: normal;background-image: initial;background-position: initial;background-size: initial;background-attachment: initial\"><span style=\"font-size: 13.5pt;font-family: inherit, serif;padding: 0cm;border: 1pt none windowtext\">\u00a0<\/span><\/p><ul><li><span style=\"font-size: 13.5pt;font-family: inherit, serif;padding: 0cm;border: 1pt none windowtext\"><a href=\"https:\/\/www2.unifap.br\/ppged\/files\/2019\/07\/Relat%C3%B3rio-Semestral-de-Atividades-Discentes-NOVO-MODELO.docx\"><span style=\"font-size: 12pt\">Relat\u00f3rio Semestral de Atividades Discentes<\/span><\/a><\/span><\/li><li><span style=\"font-size: 13.5pt;font-family: inherit, serif;padding: 0cm;border: 1pt none windowtext\"><a href=\"https:\/\/www2.unifap.br\/ppged\/files\/2017\/08\/SOLICITA%C3%87%C3%83O-DE-AJUDA-DE-CUSTO-PARA-PARTICIPA%C3%87%C3%83O-EM-EVENTO.doc\"><span style=\"font-size: 12pt\">Ajuda de custo para participa\u00e7\u00e3o em evento (estudante)<\/span><\/a><\/span><\/li><li><span style=\"font-size: 7pt;, serif;border-width: 1pt;border-style: none;border-color: windowtext;padding: 0cm\">\u00a0<\/span><span style=\"font-size: 11.5pt;font-family: inherit, serif;padding: 0cm;border: 1pt none windowtext\"><a href=\"https:\/\/www2.unifap.br\/ppged\/files\/2019\/07\/formul%C3%A1rio-de-participante-externo.docx\"><span style=\"font-size: 13.5pt\">Formul\u00e1rio de participante externo em Banca<\/span><\/a><\/span><\/li><\/ul><p style=\"margin: 0cm 0cm 0cm 51pt;text-indent: -18pt;line-height: normal;background-image: initial;background-position: initial;background-size: initial;background-attachment: initial\"><b><span style=\"font-size: 13.5pt;font-family: inherit, serif;padding: 0cm;border: 1pt none windowtext\">\u00a0<\/span><\/b><\/p><p style=\"margin-bottom: 0cm;line-height: normal;background-image: initial;background-position: initial;background-size: initial;background-attachment: initial\"><b><span style=\"font-size: 13.5pt;font-family: inherit, serif;padding: 0cm;border: 1pt none windowtext\">DOCUMENTOS PARA EST\u00c1GIO DE DOC\u00caNCIA \u2013<br \/>PPGED<\/span><\/b><\/p><p style=\"margin-bottom: 0cm;line-height: normal;background-image: initial;background-position: initial;background-size: initial;background-attachment: initial\"><span style=\"font-size: 13.5pt;font-family: inherit, serif;padding: 0cm;border: 1pt none windowtext\">\u00a0<\/span><\/p><ul><li><span style=\"font-size: 13.5pt;font-family: inherit, serif;padding: 0cm;border: 1pt none windowtext\"><span style=\"font-size: 12pt\"><a href=\"https:\/\/www2.unifap.br\/ppged\/files\/2017\/08\/PROTOCOLO-DE-SOLICITA%C3%87%C3%83O-DE-EST%C3%81GIO-E-PLANO-DE-EST%C3%81GIO-DE-DOC%C3%8ANCIA.doc\">Solicita\u00e7\u00e3o e Plano de Est\u00e1gio em<\/a>\u00a0<\/span><\/span><a style=\"font-size: 13.5pt\" href=\"http:\/\/www2.unifap.br\/ppged\/files\/2017\/08\/PROTOCOLO-DE-SOLICITA%C3%87%C3%83O-DE-EST%C3%81GIO-E-PLANO-DE-EST%C3%81GIO-DE-DOC%C3%8ANCIA.doc\"><span style=\"font-size: 12pt\">Doc\u00eancia (Mestrado)<\/span><\/a><\/li><li><span style=\"font-size: 7pt;, serif;border-width: 1pt;border-style: none;border-color: windowtext;padding: 0cm\">\u00a0<\/span><span style=\"font-size: 13.5pt;font-family: inherit, serif;padding: 0cm;border: 1pt none windowtext\"><a href=\"https:\/\/www2.unifap.br\/ppged\/files\/2017\/08\/MODELO-DE-RELAT%C3%93RIO-FINAL-DE-DOC%C3%8ANCIA-PPGED.docx\"><span style=\"font-size: 12pt\">Modelo de Relat\u00f3rio de Est\u00e1gio em Doc\u00eancia (Mestrado)<\/span><\/a><\/span><\/li><\/ul><p style=\"margin: 0cm 0cm 0cm 51pt;text-indent: -18pt;line-height: normal;background-image: initial;background-position: initial;background-size: initial;background-attachment: initial\"><b><span style=\"font-size: 13.5pt;font-family: inherit, serif;padding: 0cm;border: 1pt none windowtext\">\u00a0<\/span><\/b><\/p><p style=\"margin-bottom: 0cm;line-height: normal;background-image: initial;background-position: initial;background-size: initial;background-attachment: initial\"><b><span style=\"font-size: 13.5pt;font-family: inherit, serif;padding: 0cm;border: 1pt none windowtext\">DOCUMENTOS PARA EST\u00c1GIO P\u00d3S-DOUTORAL<\/span><\/b><\/p><p style=\"margin-bottom: 0cm;line-height: normal;background-image: initial;background-position: initial;background-size: initial;background-attachment: initial\"><span style=\"font-size: 13.5pt;font-family: inherit, serif;padding: 0cm;border: 1pt none windowtext\">\u00a0<\/span><\/p><ul><li><span style=\"font-size: 7pt;, serif;border-width: 1pt;border-style: none;border-color: windowtext;padding: 0cm\">\u00a0<\/span><span style=\"font-size: 11.5pt;font-family: inherit, serif;padding: 0cm;border: 1pt none windowtext\"><a href=\"https:\/\/www2.unifap.br\/ppged\/files\/2020\/08\/FORMUL%C3%81RIO-DE-INSCRI%C3%87%C3%83O-PARA-EST%C3%81GIO-P%C3%93S-DOUTORAL.docx\">Formul\u00e1rio de inscri\u00e7\u00e3o para Est\u00e1gio P\u00f3s-doutoral<\/a><\/span><\/li><\/ul>\t\t\t\t\t\t\t\t<\/div>\n\t\t\t\t<\/div>\n\t\t\t\t\t<\/div>\n\t\t<\/div>\n\t\t\t\t\t<\/div>\n\t\t<\/section>\n\t\t\t\t\t<\/div>\n\t\t<\/div>\n\t\t\t\t\t<\/div>\n\t\t<\/section>\n\t\t\t\t<\/div>\n\t\t","protected":false},"excerpt":{"rendered":"<p>DOCUMENTOS E FORMUL\u00c1RIOS REQUERIMENTOS \u00a0 Requerimento de Diploma e homologa\u00e7\u00e3o de Disserta\u00e7\u00e3o Termos de Autoriza\u00e7\u00e3o de Publica\u00e7\u00e3o e Declara\u00e7\u00e3o de autoria \u00a0Requerimento de Defesa de Disserta\u00e7\u00e3o Requerimento de Exame de Qualifica\u00e7\u00e3o de Mestrado Requerimento de cr\u00e9dito em Atividades Programadas Requerimento de Co-orienta\u00e7\u00e3o \u00a0Matr\u00edcula Aluno(a) Especial \u00a0Profici\u00eancia em L\u00edngua Estrangeira Cr\u00e9dito em Disciplina Obrigat\u00f3ria (Doutorado) FORMUL\u00c1RIOS&#8230;<\/p>\n","protected":false},"author":1095,"featured_media":0,"parent":0,"menu_order":0,"comment_status":"open","ping_status":"open","template":"elementor_header_footer","meta":{"inline_featured_image":false,"ngg_post_thumbnail":0,"footnotes":""},"folder":[],"class_list":["post-48","page","type-page","status-publish","hentry","entry"],"_links":{"self":[{"href":"https:\/\/www2.unifap.br\/ppged\/wp-json\/wp\/v2\/pages\/48","targetHints":{"allow":["GET"]}}],"collection":[{"href":"https:\/\/www2.unifap.br\/ppged\/wp-json\/wp\/v2\/pages"}],"about":[{"href":"https:\/\/www2.unifap.br\/ppged\/wp-json\/wp\/v2\/types\/page"}],"author":[{"embeddable":true,"href":"https:\/\/www2.unifap.br\/ppged\/wp-json\/wp\/v2\/users\/1095"}],"replies":[{"embeddable":true,"href":"https:\/\/www2.unifap.br\/ppged\/wp-json\/wp\/v2\/comments?post=48"}],"version-history":[{"count":209,"href":"https:\/\/www2.unifap.br\/ppged\/wp-json\/wp\/v2\/pages\/48\/revisions"}],"predecessor-version":[{"id":7372,"href":"https:\/\/www2.unifap.br\/ppged\/wp-json\/wp\/v2\/pages\/48\/revisions\/7372"}],"wp:attachment":[{"href":"https:\/\/www2.unifap.br\/ppged\/wp-json\/wp\/v2\/media?parent=48"}],"wp:term":[{"taxonomy":"folder","embeddable":true,"href":"https:\/\/www2.unifap.br\/ppged\/wp-json\/wp\/v2\/folder?post=48"}],"curies":[{"name":"wp","href":"https:\/\/api.w.org\/{rel}","templated":true}]}}