{"id":1155,"date":"2019-04-29T16:34:44","date_gmt":"2019-04-29T16:34:44","guid":{"rendered":"http:\/\/www2.unifap.br\/ppgef\/?page_id=1155"},"modified":"2019-10-08T14:12:28","modified_gmt":"2019-10-08T14:12:28","slug":"chamada-001_2019","status":"publish","type":"page","link":"https:\/\/www2.unifap.br\/ppgef\/editais\/2019-2\/chamada-001_2019\/","title":{"rendered":"Chamada de 29 de abril de 2019- PARA CREDENCIAMENTO DE DOCENTES\/PESQUISADORES\/AS"},"content":{"rendered":"<p><a href=\"http:\/\/www2.unifap.br\/ppgef\/programa\/editais\/2019-2\/chamada-001_2019\/credenciamento-de-docentes-pesquisadores_as-2\/\" rel=\"attachment wp-att-1481\">CHAMADA DE CREDENCIAMENTO DE DOCENTES PESQUISADORES<\/a><\/p>\n<p><a href=\"http:\/\/www2.unifap.br\/ppgef\/programa\/editais\/2019-2\/chamada-001_2019\/resultado-de-solicitacao-de-credenciamento_08_10_19\/\" rel=\"attachment wp-att-1531\">RESULTADO DE SOLICITA\u00c7\u00c3O DE CREDENCIAMENTO<\/a><a href=\"http:\/\/www2.unifap.br\/ppgef\/programa\/editais\/2019-2\/chamada-001_2019\/resultado-final_09_05_19\/\" rel=\"attachment wp-att-1383\">_09_05_19<\/a><\/p>\n<p><a href=\"http:\/\/www2.unifap.br\/ppgef\/programa\/editais\/2019-2\/chamada-001_2019\/resultado-de-solicitacao-de-credenciamento_08_10_19\/\" rel=\"attachment wp-att-1531\">RESULTADO DE SOLICITA\u00c7\u00c3O DE CREDENCIAMENTO<\/a><a href=\"http:\/\/www2.unifap.br\/ppgef\/programa\/editais\/2019-2\/chamada-001_2019\/resultado-final_17_06_19\/\" rel=\"attachment wp-att-1384\">_17_06_19<\/a><\/p>\n<p><a href=\"http:\/\/www2.unifap.br\/ppgef\/programa\/editais\/2019-2\/chamada-001_2019\/resultado-de-solicitacao-de-credenciamento_08_10_19\/\" rel=\"attachment wp-att-1531\">RESULTADO DE SOLICITA\u00c7\u00c3O DE CREDENCIAMENTO_08_10_19<\/a><\/p>\n","protected":false},"excerpt":{"rendered":"<p>CHAMADA DE CREDENCIAMENTO DE DOCENTES PESQUISADORES RESULTADO DE SOLICITA\u00c7\u00c3O DE CREDENCIAMENTO_09_05_19 RESULTADO DE SOLICITA\u00c7\u00c3O DE CREDENCIAMENTO_17_06_19 RESULTADO DE SOLICITA\u00c7\u00c3O DE CREDENCIAMENTO_08_10_19<\/p>\n","protected":false},"author":976,"featured_media":0,"parent":1325,"menu_order":2,"comment_status":"closed","ping_status":"closed","template":"","meta":{"inline_featured_image":false,"site-sidebar-layout":"default","site-content-layout":"","ast-site-content-layout":"default","site-content-style":"default","site-sidebar-style":"default","ast-global-header-display":"","ast-banner-title-visibility":"","ast-main-header-display":"","ast-hfb-above-header-display":"","ast-hfb-below-header-display":"","ast-hfb-mobile-header-display":"","site-post-title":"","ast-breadcrumbs-content":"","ast-featured-img":"","footer-sml-layout":"","theme-transparent-header-meta":"","adv-header-id-meta":"","stick-header-meta":"","header-above-stick-meta":"","header-main-stick-meta":"","header-below-stick-meta":"","astra-migrate-meta-layouts":"default","ast-page-background-enabled":"default","ast-page-background-meta":{"desktop":{"background-color":"var(--ast-global-color-4)","background-image":"","background-repeat":"repeat","background-position":"center center","background-size":"auto","background-attachment":"scroll","background-type":"","background-media":"","overlay-type":"","overlay-color":"","overlay-opacity":"","overlay-gradient":""},"tablet":{"background-color":"","background-image":"","background-repeat":"repeat","background-position":"center center","background-size":"auto","background-attachment":"scroll","background-type":"","background-media":"","overlay-type":"","overlay-color":"","overlay-opacity":"","overlay-gradient":""},"mobile":{"background-color":"","background-image":"","background-repeat":"repeat","background-position":"center center","background-size":"auto","background-attachment":"scroll","background-type":"","background-media":"","overlay-type":"","overlay-color":"","overlay-opacity":"","overlay-gradient":""}},"ast-content-background-meta":{"desktop":{"background-color":"var(--ast-global-color-5)","background-image":"","background-repeat":"repeat","background-position":"center center","background-size":"auto","background-attachment":"scroll","background-type":"","background-media":"","overlay-type":"","overlay-color":"","overlay-opacity":"","overlay-gradient":""},"tablet":{"background-color":"var(--ast-global-color-5)","background-image":"","background-repeat":"repeat","background-position":"center center","background-size":"auto","background-attachment":"scroll","background-type":"","background-media":"","overlay-type":"","overlay-color":"","overlay-opacity":"","overlay-gradient":""},"mobile":{"background-color":"var(--ast-global-color-5)","background-image":"","background-repeat":"repeat","background-position":"center center","background-size":"auto","background-attachment":"scroll","background-type":"","background-media":"","overlay-type":"","overlay-color":"","overlay-opacity":"","overlay-gradient":""}},"ngg_post_thumbnail":0,"footnotes":""},"class_list":["post-1155","page","type-page","status-publish","hentry"],"_links":{"self":[{"href":"https:\/\/www2.unifap.br\/ppgef\/wp-json\/wp\/v2\/pages\/1155","targetHints":{"allow":["GET"]}}],"collection":[{"href":"https:\/\/www2.unifap.br\/ppgef\/wp-json\/wp\/v2\/pages"}],"about":[{"href":"https:\/\/www2.unifap.br\/ppgef\/wp-json\/wp\/v2\/types\/page"}],"author":[{"embeddable":true,"href":"https:\/\/www2.unifap.br\/ppgef\/wp-json\/wp\/v2\/users\/976"}],"replies":[{"embeddable":true,"href":"https:\/\/www2.unifap.br\/ppgef\/wp-json\/wp\/v2\/comments?post=1155"}],"version-history":[{"count":13,"href":"https:\/\/www2.unifap.br\/ppgef\/wp-json\/wp\/v2\/pages\/1155\/revisions"}],"predecessor-version":[{"id":1533,"href":"https:\/\/www2.unifap.br\/ppgef\/wp-json\/wp\/v2\/pages\/1155\/revisions\/1533"}],"up":[{"embeddable":true,"href":"https:\/\/www2.unifap.br\/ppgef\/wp-json\/wp\/v2\/pages\/1325"}],"wp:attachment":[{"href":"https:\/\/www2.unifap.br\/ppgef\/wp-json\/wp\/v2\/media?parent=1155"}],"curies":[{"name":"wp","href":"https:\/\/api.w.org\/{rel}","templated":true}]}}