{"id":1874,"date":"2020-11-19T12:53:21","date_gmt":"2020-11-19T12:53:21","guid":{"rendered":"http:\/\/www2.unifap.br\/ppgef\/?page_id=1874"},"modified":"2021-01-12T13:07:50","modified_gmt":"2021-01-12T13:07:50","slug":"chamada-para-prova-de-proficiencia","status":"publish","type":"page","link":"https:\/\/www2.unifap.br\/ppgef\/editais\/2020-2\/chamada-para-prova-de-proficiencia\/","title":{"rendered":"Chamada para PROVA DE  PROFICI\u00caNCIA"},"content":{"rendered":"<p>A Coordena\u00e7\u00e3o do Pro2grama de P\u00f3s-Gradua\u00e7\u00e3o em Estudos de Fronteira da Universidade Federal do Amap\u00e1 (PPGEF-UNIFAP) torna p\u00fablico esta Chamada aos discentes regularmente matriculados no Programa de P\u00f3s-Gradua\u00e7\u00e3o em Estudos de Fronteira para Prova de Profici\u00eancia<\/p>\n<p><a href=\"http:\/\/www2.unifap.br\/ppgef\/programa\/editais\/2020-2\/chamada-para-prova-de-proficiencia\/chamda-para-prova-de-proficiencia-do-ppgef-de-09_10_2020\/\" rel=\"attachment wp-att-1881\">Chamda para Prova de Profici\u00eancia do PPGEF de 09_10_2020<\/a><\/p>\n<p><a href=\"http:\/\/www2.unifap.br\/ppgef\/programa\/editais\/2020-2\/chamada-para-prova-de-proficiencia\/resultado-das-homologacoes-das-inscricoes-2\/\" rel=\"attachment wp-att-1882\">Resultado das Homologa\u00e7\u00f5es das Inscri\u00e7\u00f5es<\/a><\/p>\n<p><a href=\"http:\/\/www2.unifap.br\/ppgef\/programa\/editais\/2020-2\/chamada-para-prova-de-proficiencia\/resultado-da-prova-de-proficiencia\/\" rel=\"attachment wp-att-1883\">Resultado da Prova de Profici\u00eancia<\/a><\/p>\n","protected":false},"excerpt":{"rendered":"<p>A Coordena\u00e7\u00e3o do Pro2grama de P\u00f3s-Gradua\u00e7\u00e3o em Estudos de Fronteira da Universidade Federal do Amap\u00e1 (PPGEF-UNIFAP) torna p\u00fablico esta Chamada aos discentes regularmente matriculados no Programa de P\u00f3s-Gradua\u00e7\u00e3o em Estudos de Fronteira para Prova de Profici\u00eancia Chamda para Prova de Profici\u00eancia do PPGEF de 09_10_2020 Resultado das Homologa\u00e7\u00f5es das Inscri\u00e7\u00f5es Resultado da Prova de Profici\u00eancia<\/p>\n","protected":false},"author":976,"featured_media":0,"parent":1600,"menu_order":3,"comment_status":"closed","ping_status":"closed","template":"","meta":{"inline_featured_image":false,"site-sidebar-layout":"default","site-content-layout":"","ast-site-content-layout":"default","site-content-style":"default","site-sidebar-style":"default","ast-global-header-display":"","ast-banner-title-visibility":"","ast-main-header-display":"","ast-hfb-above-header-display":"","ast-hfb-below-header-display":"","ast-hfb-mobile-header-display":"","site-post-title":"","ast-breadcrumbs-content":"","ast-featured-img":"","footer-sml-layout":"","theme-transparent-header-meta":"","adv-header-id-meta":"","stick-header-meta":"","header-above-stick-meta":"","header-main-stick-meta":"","header-below-stick-meta":"","astra-migrate-meta-layouts":"default","ast-page-background-enabled":"default","ast-page-background-meta":{"desktop":{"background-color":"var(--ast-global-color-4)","background-image":"","background-repeat":"repeat","background-position":"center center","background-size":"auto","background-attachment":"scroll","background-type":"","background-media":"","overlay-type":"","overlay-color":"","overlay-opacity":"","overlay-gradient":""},"tablet":{"background-color":"","background-image":"","background-repeat":"repeat","background-position":"center center","background-size":"auto","background-attachment":"scroll","background-type":"","background-media":"","overlay-type":"","overlay-color":"","overlay-opacity":"","overlay-gradient":""},"mobile":{"background-color":"","background-image":"","background-repeat":"repeat","background-position":"center center","background-size":"auto","background-attachment":"scroll","background-type":"","background-media":"","overlay-type":"","overlay-color":"","overlay-opacity":"","overlay-gradient":""}},"ast-content-background-meta":{"desktop":{"background-color":"var(--ast-global-color-5)","background-image":"","background-repeat":"repeat","background-position":"center center","background-size":"auto","background-attachment":"scroll","background-type":"","background-media":"","overlay-type":"","overlay-color":"","overlay-opacity":"","overlay-gradient":""},"tablet":{"background-color":"var(--ast-global-color-5)","background-image":"","background-repeat":"repeat","background-position":"center center","background-size":"auto","background-attachment":"scroll","background-type":"","background-media":"","overlay-type":"","overlay-color":"","overlay-opacity":"","overlay-gradient":""},"mobile":{"background-color":"var(--ast-global-color-5)","background-image":"","background-repeat":"repeat","background-position":"center center","background-size":"auto","background-attachment":"scroll","background-type":"","background-media":"","overlay-type":"","overlay-color":"","overlay-opacity":"","overlay-gradient":""}},"ngg_post_thumbnail":0,"footnotes":""},"class_list":["post-1874","page","type-page","status-publish","hentry"],"_links":{"self":[{"href":"https:\/\/www2.unifap.br\/ppgef\/wp-json\/wp\/v2\/pages\/1874","targetHints":{"allow":["GET"]}}],"collection":[{"href":"https:\/\/www2.unifap.br\/ppgef\/wp-json\/wp\/v2\/pages"}],"about":[{"href":"https:\/\/www2.unifap.br\/ppgef\/wp-json\/wp\/v2\/types\/page"}],"author":[{"embeddable":true,"href":"https:\/\/www2.unifap.br\/ppgef\/wp-json\/wp\/v2\/users\/976"}],"replies":[{"embeddable":true,"href":"https:\/\/www2.unifap.br\/ppgef\/wp-json\/wp\/v2\/comments?post=1874"}],"version-history":[{"count":4,"href":"https:\/\/www2.unifap.br\/ppgef\/wp-json\/wp\/v2\/pages\/1874\/revisions"}],"predecessor-version":[{"id":1884,"href":"https:\/\/www2.unifap.br\/ppgef\/wp-json\/wp\/v2\/pages\/1874\/revisions\/1884"}],"up":[{"embeddable":true,"href":"https:\/\/www2.unifap.br\/ppgef\/wp-json\/wp\/v2\/pages\/1600"}],"wp:attachment":[{"href":"https:\/\/www2.unifap.br\/ppgef\/wp-json\/wp\/v2\/media?parent=1874"}],"curies":[{"name":"wp","href":"https:\/\/api.w.org\/{rel}","templated":true}]}}