{"id":3183,"date":"2024-10-28T16:06:11","date_gmt":"2024-10-28T16:06:11","guid":{"rendered":"https:\/\/www2.unifap.br\/ppgef\/?page_id=3183"},"modified":"2025-03-01T20:10:49","modified_gmt":"2025-03-01T20:10:49","slug":"edital-no-01-2024-ppgef-unifap-processo-seletivo-turma-2025","status":"publish","type":"page","link":"https:\/\/www2.unifap.br\/ppgef\/editais\/2024-2\/edital-no-01-2024-ppgef-unifap-processo-seletivo-turma-2025\/","title":{"rendered":"EDITAL N\u00ba 01\/2024 &#8211; PPGEF\/UNIFAP-PROCESSO SELETIVO TURMA 2025"},"content":{"rendered":"<p><a href=\"http:\/\/www2.unifap.br\/ppgef\/files\/2024\/10\/EDITAL-N-01_2024-\u2013-PPGEF-PROCESSO-SELETIVO-TURMA-2025.pdf\">EDITAL N 01_2024 \u2013 PPGEF-PROCESSO SELETIVO-TURMA 2025<\/a><\/p>\n<p><a href=\"http:\/\/www2.unifap.br\/ppgef\/files\/2024\/10\/Anexo-A-Autodeclaracao.pdf\">Anexo A &#8211; Autodeclara\u00e7\u00e3o<\/a><\/p>\n<p><a href=\"http:\/\/www2.unifap.br\/ppgef\/files\/2024\/10\/Anexo-B-Planilha.pdf\">Anexo B &#8211; Planilha<\/a><\/p>\n<p><a href=\"http:\/\/www2.unifap.br\/ppgef\/files\/2024\/10\/Anexo-C-Recurso.pdf\">Anexo C &#8211; Recurso<\/a><\/p>\n<p><a href=\"http:\/\/www2.unifap.br\/ppgef\/files\/2024\/10\/Anexo-D-Bibliografia.pdf\">Anexo D &#8211; Bibliografia<\/a><\/p>\n<p><a href=\"http:\/\/www2.unifap.br\/ppgef\/files\/2024\/12\/RESULTADO-PRELIMINAR-HOMOLOGACOES-PS-PPGEF-2025.pdf\">RESULTADO PRELIMINAR HOMOLOGA\u00c7\u00d5ES PS PPGEF 2025<\/a><\/p>\n<p><a href=\"http:\/\/www2.unifap.br\/ppgef\/files\/2024\/12\/1a-RETIFICACAO_EDITAL-001_2024_PPGEF-2.pdf\">1\u00aa RETIFICA\u00c7\u00c3O_EDITAL 001_2024_PPGEF<\/a><\/p>\n<p><a href=\"http:\/\/www2.unifap.br\/ppgef\/files\/2024\/12\/RESULTADO-FINAL-HOMOLOGACOES-PS-PPGEF-2025.pdf\">RESULTADO FINAL HOMOLOGA\u00c7\u00d5ES PS PPGEF 2025<\/a><\/p>\n<p><a href=\"http:\/\/www2.unifap.br\/ppgef\/files\/2024\/12\/RESULTADO-PRELIMINAR-ANALISE-PRE-PROJETO-E-ENSAIO.pdf\">RESULTADO PRELIMINAR AN\u00c1LISE PR\u00c9-PROJETO E ENSAIO<\/a><\/p>\n<p><a href=\"http:\/\/www2.unifap.br\/ppgef\/files\/2024\/12\/RESULTADO-FINAL-ANALISE-PRE-PROJETO-E-ENSAIO_10DEZ2024.pdf\">RESULTADO FINAL AN\u00c1LISE PR\u00c9-PROJETO E ENSAIO_10DEZ2024<\/a><\/p>\n<p><a href=\"http:\/\/www2.unifap.br\/ppgef\/files\/2024\/12\/CRONOGRAMA-DAS-ENTREVISTAS.pdf\">CRONOGRAMA DAS ENTREVISTAS<\/a><\/p>\n<p><a href=\"http:\/\/www2.unifap.br\/ppgef\/files\/2024\/12\/2o-RETIFICAC\u0327A\u0303O-CRONOGRAMA-DAS-ENTREVISTAS.pdf\">2\u00ba RETIFICAC\u0327A\u0303O-CRONOGRAMA DAS ENTREVISTAS<\/a><\/p>\n<p><a href=\"http:\/\/www2.unifap.br\/ppgef\/files\/2024\/12\/3a-RETIFICACAO-EDITAL-001_2024_PPGEF.pdf\">3\u00aa RETIFICA\u00c7\u00c3O-EDITAL 001_2024_PPGEF<\/a><\/p>\n<p><a href=\"http:\/\/www2.unifap.br\/ppgef\/files\/2024\/12\/RESULTADO-FINAL-ENTREVISTAS.pdf\">RESULTADO FINAL ENTREVISTAS<\/a><\/p>\n<p><a href=\"http:\/\/www2.unifap.br\/ppgef\/files\/2024\/12\/RESULTADO-PRELIMINAR-AVALIACAO-DO-CURRICULO.pdf\">RESULTADO PRELIMINAR AVALIA\u00c7\u00c3O DO CURR\u00cdCULO<\/a><\/p>\n<p><a href=\"http:\/\/www2.unifap.br\/ppgef\/files\/2024\/12\/RESULTADO-PRELIMINAR-PS-PPGEF_2025.pdf\">RESULTADO PRELIMINAR PS PPGEF_2025<\/a><\/p>\n<p><a href=\"http:\/\/www2.unifap.br\/ppgef\/files\/2024\/12\/RESULTADO-FINAL-PS-PPGEF-2025.pdf\">RESULTADO FINAL PS PPGEF 2025<\/a><\/p>\n<p><a href=\"http:\/\/www2.unifap.br\/ppgef\/files\/2025\/03\/CONVOCACAO-DE-MATRICULA.pdf\">CONVOCA\u00c7\u00c3O DE MATRICULA<\/a><\/p>\n<p>&nbsp;<\/p>\n<p>&nbsp;<\/p>\n","protected":false},"excerpt":{"rendered":"<p>EDITAL N 01_2024 \u2013 PPGEF-PROCESSO SELETIVO-TURMA 2025 Anexo A &#8211; Autodeclara\u00e7\u00e3o Anexo B &#8211; Planilha Anexo C &#8211; Recurso Anexo D &#8211; Bibliografia RESULTADO PRELIMINAR HOMOLOGA\u00c7\u00d5ES PS PPGEF 2025 1\u00aa RETIFICA\u00c7\u00c3O_EDITAL 001_2024_PPGEF RESULTADO FINAL HOMOLOGA\u00c7\u00d5ES PS PPGEF 2025 RESULTADO PRELIMINAR AN\u00c1LISE PR\u00c9-PROJETO E ENSAIO RESULTADO FINAL AN\u00c1LISE PR\u00c9-PROJETO E ENSAIO_10DEZ2024 CRONOGRAMA DAS ENTREVISTAS 2\u00ba RETIFICAC\u0327A\u0303O-CRONOGRAMA&#8230;<\/p>\n","protected":false},"author":976,"featured_media":0,"parent":3180,"menu_order":0,"comment_status":"closed","ping_status":"closed","template":"","meta":{"inline_featured_image":false,"site-sidebar-layout":"default","site-content-layout":"","ast-site-content-layout":"default","site-content-style":"default","site-sidebar-style":"default","ast-global-header-display":"","ast-banner-title-visibility":"","ast-main-header-display":"","ast-hfb-above-header-display":"","ast-hfb-below-header-display":"","ast-hfb-mobile-header-display":"","site-post-title":"","ast-breadcrumbs-content":"","ast-featured-img":"","footer-sml-layout":"","theme-transparent-header-meta":"default","adv-header-id-meta":"","stick-header-meta":"","header-above-stick-meta":"","header-main-stick-meta":"","header-below-stick-meta":"","astra-migrate-meta-layouts":"set","ast-page-background-enabled":"default","ast-page-background-meta":{"desktop":{"background-color":"var(--ast-global-color-4)","background-image":"","background-repeat":"repeat","background-position":"center center","background-size":"auto","background-attachment":"scroll","background-type":"","background-media":"","overlay-type":"","overlay-color":"","overlay-opacity":"","overlay-gradient":""},"tablet":{"background-color":"","background-image":"","background-repeat":"repeat","background-position":"center center","background-size":"auto","background-attachment":"scroll","background-type":"","background-media":"","overlay-type":"","overlay-color":"","overlay-opacity":"","overlay-gradient":""},"mobile":{"background-color":"","background-image":"","background-repeat":"repeat","background-position":"center center","background-size":"auto","background-attachment":"scroll","background-type":"","background-media":"","overlay-type":"","overlay-color":"","overlay-opacity":"","overlay-gradient":""}},"ast-content-background-meta":{"desktop":{"background-color":"var(--ast-global-color-5)","background-image":"","background-repeat":"repeat","background-position":"center center","background-size":"auto","background-attachment":"scroll","background-type":"","background-media":"","overlay-type":"","overlay-color":"","overlay-opacity":"","overlay-gradient":""},"tablet":{"background-color":"var(--ast-global-color-5)","background-image":"","background-repeat":"repeat","background-position":"center center","background-size":"auto","background-attachment":"scroll","background-type":"","background-media":"","overlay-type":"","overlay-color":"","overlay-opacity":"","overlay-gradient":""},"mobile":{"background-color":"var(--ast-global-color-5)","background-image":"","background-repeat":"repeat","background-position":"center center","background-size":"auto","background-attachment":"scroll","background-type":"","background-media":"","overlay-type":"","overlay-color":"","overlay-opacity":"","overlay-gradient":""}},"ngg_post_thumbnail":0,"footnotes":""},"class_list":["post-3183","page","type-page","status-publish","hentry"],"_links":{"self":[{"href":"https:\/\/www2.unifap.br\/ppgef\/wp-json\/wp\/v2\/pages\/3183","targetHints":{"allow":["GET"]}}],"collection":[{"href":"https:\/\/www2.unifap.br\/ppgef\/wp-json\/wp\/v2\/pages"}],"about":[{"href":"https:\/\/www2.unifap.br\/ppgef\/wp-json\/wp\/v2\/types\/page"}],"author":[{"embeddable":true,"href":"https:\/\/www2.unifap.br\/ppgef\/wp-json\/wp\/v2\/users\/976"}],"replies":[{"embeddable":true,"href":"https:\/\/www2.unifap.br\/ppgef\/wp-json\/wp\/v2\/comments?post=3183"}],"version-history":[{"count":17,"href":"https:\/\/www2.unifap.br\/ppgef\/wp-json\/wp\/v2\/pages\/3183\/revisions"}],"predecessor-version":[{"id":3334,"href":"https:\/\/www2.unifap.br\/ppgef\/wp-json\/wp\/v2\/pages\/3183\/revisions\/3334"}],"up":[{"embeddable":true,"href":"https:\/\/www2.unifap.br\/ppgef\/wp-json\/wp\/v2\/pages\/3180"}],"wp:attachment":[{"href":"https:\/\/www2.unifap.br\/ppgef\/wp-json\/wp\/v2\/media?parent=3183"}],"curies":[{"name":"wp","href":"https:\/\/api.w.org\/{rel}","templated":true}]}}