{"id":3317,"date":"2025-02-13T19:38:10","date_gmt":"2025-02-13T19:38:10","guid":{"rendered":"https:\/\/www2.unifap.br\/ppgef\/?page_id=3317"},"modified":"2025-03-27T13:32:27","modified_gmt":"2025-03-27T13:32:27","slug":"edital-de-concessao-de-bolsa-de-mestrado-projeto-pro-defesa-v-governanca-e-protecao-da-amazonia-azul-desafios-estrategicos-tecnologicos-ambientais-e-solucoes-para-a-defesa-nacio","status":"publish","type":"page","link":"https:\/\/www2.unifap.br\/ppgef\/editais\/edital-de-concessao-de-bolsa-de-mestrado-projeto-pro-defesa-v-governanca-e-protecao-da-amazonia-azul-desafios-estrategicos-tecnologicos-ambientais-e-solucoes-para-a-defesa-nacio\/","title":{"rendered":"Edital de concess\u00e3o de bolsa de mestrado -Projeto Pr\u00f3-Defesa V \u2013 \u201cGovernan\u00e7a e Prote\u00e7\u00e3o da Amaz\u00f4nia Azul: Desafios Estrat\u00e9gicos, Tecnol\u00f3gicos, Ambientais e Solu\u00e7\u00f5es para a Defesa Nacional\u201d"},"content":{"rendered":"<p><a href=\"http:\/\/www2.unifap.br\/ppgef\/files\/2025\/02\/EDITAL-PPGEF_PRODEFESA-V_2025.pdf\">EDITAL PPGEF_PRODEFESA V_2025<\/a><\/p>\n<p><a href=\"http:\/\/www2.unifap.br\/ppgef\/files\/2025\/02\/CRONOGRAMA_EDITAL-PPGEF_PRODEFESA-V_2025.pdf\">CRONOGRAMA_EDITAL-PPGEF_PRODEFESA-V_2025<\/a><\/p>\n<p><a href=\"http:\/\/www2.unifap.br\/ppgef\/files\/2025\/03\/RESULTADO-CONCESSAO-BOLSA-DE-MESTRADO-PRO-DEFESA-V.pdf\">RESULTADO CONCESS\u00c3O BOLSA DE MESTRADO PR\u00d3-DEFESA V<\/a><\/p>\n","protected":false},"excerpt":{"rendered":"<p>EDITAL PPGEF_PRODEFESA V_2025 CRONOGRAMA_EDITAL-PPGEF_PRODEFESA-V_2025 RESULTADO CONCESS\u00c3O BOLSA DE MESTRADO PR\u00d3-DEFESA V<\/p>\n","protected":false},"author":976,"featured_media":0,"parent":307,"menu_order":1,"comment_status":"closed","ping_status":"closed","template":"","meta":{"inline_featured_image":false,"site-sidebar-layout":"default","site-content-layout":"","ast-site-content-layout":"default","site-content-style":"default","site-sidebar-style":"default","ast-global-header-display":"","ast-banner-title-visibility":"","ast-main-header-display":"","ast-hfb-above-header-display":"","ast-hfb-below-header-display":"","ast-hfb-mobile-header-display":"","site-post-title":"","ast-breadcrumbs-content":"","ast-featured-img":"","footer-sml-layout":"","theme-transparent-header-meta":"default","adv-header-id-meta":"","stick-header-meta":"","header-above-stick-meta":"","header-main-stick-meta":"","header-below-stick-meta":"","astra-migrate-meta-layouts":"set","ast-page-background-enabled":"default","ast-page-background-meta":{"desktop":{"background-color":"var(--ast-global-color-4)","background-image":"","background-repeat":"repeat","background-position":"center center","background-size":"auto","background-attachment":"scroll","background-type":"","background-media":"","overlay-type":"","overlay-color":"","overlay-opacity":"","overlay-gradient":""},"tablet":{"background-color":"","background-image":"","background-repeat":"repeat","background-position":"center center","background-size":"auto","background-attachment":"scroll","background-type":"","background-media":"","overlay-type":"","overlay-color":"","overlay-opacity":"","overlay-gradient":""},"mobile":{"background-color":"","background-image":"","background-repeat":"repeat","background-position":"center center","background-size":"auto","background-attachment":"scroll","background-type":"","background-media":"","overlay-type":"","overlay-color":"","overlay-opacity":"","overlay-gradient":""}},"ast-content-background-meta":{"desktop":{"background-color":"var(--ast-global-color-5)","background-image":"","background-repeat":"repeat","background-position":"center center","background-size":"auto","background-attachment":"scroll","background-type":"","background-media":"","overlay-type":"","overlay-color":"","overlay-opacity":"","overlay-gradient":""},"tablet":{"background-color":"var(--ast-global-color-5)","background-image":"","background-repeat":"repeat","background-position":"center center","background-size":"auto","background-attachment":"scroll","background-type":"","background-media":"","overlay-type":"","overlay-color":"","overlay-opacity":"","overlay-gradient":""},"mobile":{"background-color":"var(--ast-global-color-5)","background-image":"","background-repeat":"repeat","background-position":"center center","background-size":"auto","background-attachment":"scroll","background-type":"","background-media":"","overlay-type":"","overlay-color":"","overlay-opacity":"","overlay-gradient":""}},"ngg_post_thumbnail":0,"footnotes":""},"class_list":["post-3317","page","type-page","status-publish","hentry"],"_links":{"self":[{"href":"https:\/\/www2.unifap.br\/ppgef\/wp-json\/wp\/v2\/pages\/3317","targetHints":{"allow":["GET"]}}],"collection":[{"href":"https:\/\/www2.unifap.br\/ppgef\/wp-json\/wp\/v2\/pages"}],"about":[{"href":"https:\/\/www2.unifap.br\/ppgef\/wp-json\/wp\/v2\/types\/page"}],"author":[{"embeddable":true,"href":"https:\/\/www2.unifap.br\/ppgef\/wp-json\/wp\/v2\/users\/976"}],"replies":[{"embeddable":true,"href":"https:\/\/www2.unifap.br\/ppgef\/wp-json\/wp\/v2\/comments?post=3317"}],"version-history":[{"count":4,"href":"https:\/\/www2.unifap.br\/ppgef\/wp-json\/wp\/v2\/pages\/3317\/revisions"}],"predecessor-version":[{"id":3507,"href":"https:\/\/www2.unifap.br\/ppgef\/wp-json\/wp\/v2\/pages\/3317\/revisions\/3507"}],"up":[{"embeddable":true,"href":"https:\/\/www2.unifap.br\/ppgef\/wp-json\/wp\/v2\/pages\/307"}],"wp:attachment":[{"href":"https:\/\/www2.unifap.br\/ppgef\/wp-json\/wp\/v2\/media?parent=3317"}],"curies":[{"name":"wp","href":"https:\/\/api.w.org\/{rel}","templated":true}]}}