{"id":3424,"date":"2025-03-11T14:41:10","date_gmt":"2025-03-11T14:41:10","guid":{"rendered":"https:\/\/www2.unifap.br\/ppgef\/?page_id=3424"},"modified":"2025-11-19T11:14:10","modified_gmt":"2025-11-19T11:14:10","slug":"produto-final-5","status":"publish","type":"page","link":"https:\/\/www2.unifap.br\/ppgef\/producao-cientifica\/trabalhos-de-conclusao\/produto-final-5\/","title":{"rendered":"DISCENTE\/PRODUTO FINAL-Defesa 2024"},"content":{"rendered":"<p><a href=\"http:\/\/www2.unifap.br\/ppgef\/files\/2025\/03\/ALESSANDRA-GOMES-VALES.pdf\">ALESSANDRA GOMES VALES\u00a0<\/a>(MEM\u00d3RIASSOBREAMIGRA\u00c7\u00c3ODERETORNODAGUIANAFRANCESA (1980-1990)<\/p>\n<p><a href=\"http:\/\/www2.unifap.br\/ppgef\/files\/2025\/03\/CHARLES-MARCELO-ROSARIO-DA-SILVA-1.pdf\">CHARLES MARCELO ROSARIO DA SILVA\u00a0<\/a>(ESTUDO SOBRE A FORMA\u00c7\u00c3O DE DIRETRIZES QUE ORIENTEM BOAS PR\u00c1TICAS METODOL\u00d3GICAS NO ENSINO DA L\u00cdNGUA FRANCESA NO ESTADO DO AMAP\u00c1)<\/p>\n<p><a href=\"http:\/\/www2.unifap.br\/ppgef\/files\/2025\/03\/CLAUDIANE-PINHEIRO-ARAUJO.pdf\">CLAUDIANE PINHEIRO ARAUJO\u00a0<\/a>(AMAZ\u00d4NIA LEGAL: AN\u00c1LISE DA TRAJET\u00d3RIA ACAD\u00caMICA E PROFISSIONAL DOS EGRESSOS DE RELA\u00c7\u00d5ES INTERNACIONAIS )<\/p>\n<p><a href=\"http:\/\/www2.unifap.br\/ppgef\/files\/2025\/03\/JULIANA-DO-SOCORRO-ROCHA.pdf\">JULIANA DO SOCORRO ROCHA\u00a0<\/a>(ELE LEVOU A PIOR\u201d: MORALIDADES, SENSOS DE JUSTI\u00c7A E APOIO \u00c0 LETALIDADE POLICIAL NO AMAP\u00c1)<\/p>\n<p><a href=\"http:\/\/www2.unifap.br\/ppgef\/files\/2025\/03\/JADE-FIGUEIREDO-COSTA.pdf\">JADE FIGUEIREDO COSTA <\/a>(SEGUIDORES DA POL\u00cdCIA DO AMAP\u00c1: PERSPECTIVAS DE JUSTI\u00c7A E\u00a0DIREITOS NO CIBERESPA\u00c7O)<\/p>\n<p><a href=\"http:\/\/www2.unifap.br\/ppgef\/files\/2025\/03\/RONDINEY-DOS-SANTOS-SILVA-1.pdf\">RONDINEY DOS SANTOS SILVA\u00a0<\/a>(TURISMO EM ZONA DE FRONTEIRA NA CIDADE DE OIAPOQUE: ESTRAT\u00c9GIAS E PROPOSTAS COM ENFOQUE NAS ATIVIDADES DOS CATRAIEIROS)<\/p>\n<p>&nbsp;<\/p>\n","protected":false},"excerpt":{"rendered":"<p>ALESSANDRA GOMES VALES\u00a0(MEM\u00d3RIASSOBREAMIGRA\u00c7\u00c3ODERETORNODAGUIANAFRANCESA (1980-1990) CHARLES MARCELO ROSARIO DA SILVA\u00a0(ESTUDO SOBRE A FORMA\u00c7\u00c3O DE DIRETRIZES QUE ORIENTEM BOAS PR\u00c1TICAS METODOL\u00d3GICAS NO ENSINO DA L\u00cdNGUA FRANCESA NO ESTADO DO AMAP\u00c1) CLAUDIANE PINHEIRO ARAUJO\u00a0(AMAZ\u00d4NIA LEGAL: AN\u00c1LISE DA TRAJET\u00d3RIA ACAD\u00caMICA E PROFISSIONAL DOS EGRESSOS DE RELA\u00c7\u00d5ES INTERNACIONAIS ) JULIANA DO SOCORRO ROCHA\u00a0(ELE LEVOU A PIOR\u201d: MORALIDADES, SENSOS DE JUSTI\u00c7A&#8230;<\/p>\n","protected":false},"author":976,"featured_media":0,"parent":872,"menu_order":6,"comment_status":"closed","ping_status":"closed","template":"","meta":{"inline_featured_image":false,"site-sidebar-layout":"default","site-content-layout":"","ast-site-content-layout":"default","site-content-style":"default","site-sidebar-style":"default","ast-global-header-display":"","ast-banner-title-visibility":"","ast-main-header-display":"","ast-hfb-above-header-display":"","ast-hfb-below-header-display":"","ast-hfb-mobile-header-display":"","site-post-title":"","ast-breadcrumbs-content":"","ast-featured-img":"","footer-sml-layout":"","theme-transparent-header-meta":"default","adv-header-id-meta":"","stick-header-meta":"","header-above-stick-meta":"","header-main-stick-meta":"","header-below-stick-meta":"","astra-migrate-meta-layouts":"set","ast-page-background-enabled":"default","ast-page-background-meta":{"desktop":{"background-color":"var(--ast-global-color-4)","background-image":"","background-repeat":"repeat","background-position":"center center","background-size":"auto","background-attachment":"scroll","background-type":"","background-media":"","overlay-type":"","overlay-color":"","overlay-opacity":"","overlay-gradient":""},"tablet":{"background-color":"","background-image":"","background-repeat":"repeat","background-position":"center center","background-size":"auto","background-attachment":"scroll","background-type":"","background-media":"","overlay-type":"","overlay-color":"","overlay-opacity":"","overlay-gradient":""},"mobile":{"background-color":"","background-image":"","background-repeat":"repeat","background-position":"center center","background-size":"auto","background-attachment":"scroll","background-type":"","background-media":"","overlay-type":"","overlay-color":"","overlay-opacity":"","overlay-gradient":""}},"ast-content-background-meta":{"desktop":{"background-color":"var(--ast-global-color-5)","background-image":"","background-repeat":"repeat","background-position":"center center","background-size":"auto","background-attachment":"scroll","background-type":"","background-media":"","overlay-type":"","overlay-color":"","overlay-opacity":"","overlay-gradient":""},"tablet":{"background-color":"var(--ast-global-color-5)","background-image":"","background-repeat":"repeat","background-position":"center center","background-size":"auto","background-attachment":"scroll","background-type":"","background-media":"","overlay-type":"","overlay-color":"","overlay-opacity":"","overlay-gradient":""},"mobile":{"background-color":"var(--ast-global-color-5)","background-image":"","background-repeat":"repeat","background-position":"center center","background-size":"auto","background-attachment":"scroll","background-type":"","background-media":"","overlay-type":"","overlay-color":"","overlay-opacity":"","overlay-gradient":""}},"ngg_post_thumbnail":0,"footnotes":""},"class_list":["post-3424","page","type-page","status-publish","hentry"],"_links":{"self":[{"href":"https:\/\/www2.unifap.br\/ppgef\/wp-json\/wp\/v2\/pages\/3424","targetHints":{"allow":["GET"]}}],"collection":[{"href":"https:\/\/www2.unifap.br\/ppgef\/wp-json\/wp\/v2\/pages"}],"about":[{"href":"https:\/\/www2.unifap.br\/ppgef\/wp-json\/wp\/v2\/types\/page"}],"author":[{"embeddable":true,"href":"https:\/\/www2.unifap.br\/ppgef\/wp-json\/wp\/v2\/users\/976"}],"replies":[{"embeddable":true,"href":"https:\/\/www2.unifap.br\/ppgef\/wp-json\/wp\/v2\/comments?post=3424"}],"version-history":[{"count":7,"href":"https:\/\/www2.unifap.br\/ppgef\/wp-json\/wp\/v2\/pages\/3424\/revisions"}],"predecessor-version":[{"id":3694,"href":"https:\/\/www2.unifap.br\/ppgef\/wp-json\/wp\/v2\/pages\/3424\/revisions\/3694"}],"up":[{"embeddable":true,"href":"https:\/\/www2.unifap.br\/ppgef\/wp-json\/wp\/v2\/pages\/872"}],"wp:attachment":[{"href":"https:\/\/www2.unifap.br\/ppgef\/wp-json\/wp\/v2\/media?parent=3424"}],"curies":[{"name":"wp","href":"https:\/\/api.w.org\/{rel}","templated":true}]}}