{"id":2,"date":"2023-07-12T14:09:35","date_gmt":"2023-07-12T17:09:35","guid":{"rendered":"https:\/\/www2.unifap.br\/ppgeo-binacional\/?page_id=2"},"modified":"2023-07-13T12:12:44","modified_gmt":"2023-07-13T15:12:44","slug":"pagina-exemplo","status":"publish","type":"page","link":"https:\/\/www2.unifap.br\/ppgeo-binacional\/","title":{"rendered":"Apresenta\u00e7\u00e3o"},"content":{"rendered":"<p style=\"text-align: left\">O Programa de P\u00f3s-Gradua\u00e7\u00e3o em Geografia do Campus Binacional de Oiapoque \u00e9 constitu\u00eddo do Curso de Especializa\u00e7\u00e3o em Geografia em Rela\u00e7\u00f5es Socioespaciais na Fronteira Franco-Brasileira: Ensino e Desenvolvimento Local. Trata-se de um curso em n\u00edvel de p\u00f3s-gradua\u00e7\u00e3o <em>Lato Sensu<\/em>, na modalidade presencial, que tem por objetivo qualificar profissionais em Geografia e nas \u00e1reas afins.<\/p>\n","protected":false},"excerpt":{"rendered":"<p>O Programa de P\u00f3s-Gradua\u00e7\u00e3o em Geografia do Campus Binacional de Oiapoque \u00e9 constitu\u00eddo do Curso de Especializa\u00e7\u00e3o em Geografia em Rela\u00e7\u00f5es Socioespaciais na Fronteira Franco-Brasileira: Ensino e Desenvolvimento Local. Trata-se de um curso em n\u00edvel de p\u00f3s-gradua\u00e7\u00e3o Lato Sensu, na modalidade presencial, que tem por objetivo qualificar profissionais em Geografia&#8230; <a class=\"continue-reading-link\" href=\"https:\/\/www2.unifap.br\/ppgeo-binacional\/\"> Continue reading <span class=\"meta-nav\">&rarr; <\/span><\/a><\/p>\n","protected":false},"author":764,"featured_media":0,"parent":0,"menu_order":0,"comment_status":"closed","ping_status":"open","template":"","meta":{"inline_featured_image":false,"footnotes":""},"class_list":["post-2","page","type-page","status-publish","hentry"],"_links":{"self":[{"href":"https:\/\/www2.unifap.br\/ppgeo-binacional\/wp-json\/wp\/v2\/pages\/2","targetHints":{"allow":["GET"]}}],"collection":[{"href":"https:\/\/www2.unifap.br\/ppgeo-binacional\/wp-json\/wp\/v2\/pages"}],"about":[{"href":"https:\/\/www2.unifap.br\/ppgeo-binacional\/wp-json\/wp\/v2\/types\/page"}],"author":[{"embeddable":true,"href":"https:\/\/www2.unifap.br\/ppgeo-binacional\/wp-json\/wp\/v2\/users\/764"}],"replies":[{"embeddable":true,"href":"https:\/\/www2.unifap.br\/ppgeo-binacional\/wp-json\/wp\/v2\/comments?post=2"}],"version-history":[{"count":6,"href":"https:\/\/www2.unifap.br\/ppgeo-binacional\/wp-json\/wp\/v2\/pages\/2\/revisions"}],"predecessor-version":[{"id":72,"href":"https:\/\/www2.unifap.br\/ppgeo-binacional\/wp-json\/wp\/v2\/pages\/2\/revisions\/72"}],"wp:attachment":[{"href":"https:\/\/www2.unifap.br\/ppgeo-binacional\/wp-json\/wp\/v2\/media?parent=2"}],"curies":[{"name":"wp","href":"https:\/\/api.w.org\/{rel}","templated":true}]}}