{"id":29,"date":"2023-07-12T16:15:29","date_gmt":"2023-07-12T19:15:29","guid":{"rendered":"https:\/\/www2.unifap.br\/ppgeo-binacional\/?page_id=29"},"modified":"2023-07-21T11:15:07","modified_gmt":"2023-07-21T14:15:07","slug":"documentos","status":"publish","type":"page","link":"https:\/\/www2.unifap.br\/ppgeo-binacional\/documentos\/","title":{"rendered":"Documentos"},"content":{"rendered":"<p><a href=\"http:\/\/www2.unifap.br\/ppgeo-binacional\/files\/2023\/07\/PPP_Especilizacao_GEO-02.12.2016.pdf\" target=\"_blank\" rel=\"noopener\">Projeto Pol\u00edtico Pedag\u00f3gico<\/a><\/p>\n<p><a href=\"http:\/\/www2.unifap.br\/ppgeo-binacional\/files\/2023\/07\/Regimento-Especilizacao_GEO-1.pdf\" target=\"_blank\" rel=\"noopener\">Regimento interno<\/a><\/p>\n<p><a href=\"http:\/\/www2.unifap.br\/ppgeo-binacional\/files\/2023\/07\/Apendicia-A-Ementario.pdf\" target=\"_blank\" rel=\"noopener\">Ement\u00e1rio dos componentes curriculares<\/a><\/p>\n<p><a href=\"http:\/\/www2.unifap.br\/ppgeo-binacional\/files\/2023\/07\/Carta-modelo-para-solicitacao-do-diploma-3.docx\">Carta modelo para solicita\u00e7\u00e3o do diploma<\/a><\/p>\n<p><a href=\"http:\/\/www2.unifap.br\/ppgeo-binacional\/files\/2023\/07\/Termo-de-autorizacao-biblioteca-1.doc\">Termo de autoriza\u00e7\u00e3o biblioteca<\/a><\/p>\n","protected":false},"excerpt":{"rendered":"<p>Projeto Pol\u00edtico Pedag\u00f3gico Regimento interno Ement\u00e1rio dos componentes curriculares Carta modelo para solicita\u00e7\u00e3o do diploma Termo de autoriza\u00e7\u00e3o biblioteca<\/p>\n","protected":false},"author":764,"featured_media":0,"parent":0,"menu_order":0,"comment_status":"closed","ping_status":"closed","template":"","meta":{"inline_featured_image":false,"footnotes":""},"class_list":["post-29","page","type-page","status-publish","hentry"],"_links":{"self":[{"href":"https:\/\/www2.unifap.br\/ppgeo-binacional\/wp-json\/wp\/v2\/pages\/29","targetHints":{"allow":["GET"]}}],"collection":[{"href":"https:\/\/www2.unifap.br\/ppgeo-binacional\/wp-json\/wp\/v2\/pages"}],"about":[{"href":"https:\/\/www2.unifap.br\/ppgeo-binacional\/wp-json\/wp\/v2\/types\/page"}],"author":[{"embeddable":true,"href":"https:\/\/www2.unifap.br\/ppgeo-binacional\/wp-json\/wp\/v2\/users\/764"}],"replies":[{"embeddable":true,"href":"https:\/\/www2.unifap.br\/ppgeo-binacional\/wp-json\/wp\/v2\/comments?post=29"}],"version-history":[{"count":9,"href":"https:\/\/www2.unifap.br\/ppgeo-binacional\/wp-json\/wp\/v2\/pages\/29\/revisions"}],"predecessor-version":[{"id":90,"href":"https:\/\/www2.unifap.br\/ppgeo-binacional\/wp-json\/wp\/v2\/pages\/29\/revisions\/90"}],"wp:attachment":[{"href":"https:\/\/www2.unifap.br\/ppgeo-binacional\/wp-json\/wp\/v2\/media?parent=29"}],"curies":[{"name":"wp","href":"https:\/\/api.w.org\/{rel}","templated":true}]}}