{"id":17,"date":"2019-10-17T19:57:14","date_gmt":"2019-10-17T19:57:14","guid":{"rendered":"http:\/\/www2.unifap.br\/ppgeo\/?page_id=17"},"modified":"2020-02-10T19:45:50","modified_gmt":"2020-02-10T19:45:50","slug":"processo-seletivo-edital-no-02-2019-dpg-unifap-de-23-de-setembro-de-2019ppgeo-unifap-turma-2020","status":"publish","type":"page","link":"https:\/\/www2.unifap.br\/ppgeo\/processo-seletivo-edital-no-02-2019-dpg-unifap-de-23-de-setembro-de-2019ppgeo-unifap-turma-2020\/","title":{"rendered":"PROCESSO SELETIVO"},"content":{"rendered":"<h1><b class=\"editais-titulo\">EDITAL N\u00ba 02\/2019-DPG\/UNIFAP DE 23 DE SETEMBRO DE 2019 PROGRAMA DE P\u00d3S-GRADUA\u00c7\u00c3O EM GEOGRAFIA \u2013 PPGEO\/UNIFAP TURMA 2020<\/b><\/h1>\n<p>http:\/\/www.unifap.br\/wp-content\/uploads\/2019\/09\/Edital-PS-PPGEO-2020geo.pdf<\/p>\n<p>http:\/\/www.unifap.br\/wp-content\/uploads\/2019\/10\/COMUNICADO_PS.PPGEO_.2020.pdf<\/p>\n<p>http:\/\/www.unifap.br\/wp-content\/uploads\/2019\/10\/ERRATA-1_PS.PPGEO_.2020.pdf<\/p>\n<p>http:\/\/www.unifap.br\/wp-content\/uploads\/2019\/10\/ERRATA-2_PS.PPGEO_.2020.pdf<\/p>\n<p>http:\/\/www.unifap.br\/wp-content\/uploads\/2019\/10\/COMUNICADO_PS.PPGEO_.20202.pdf<\/p>\n","protected":false},"excerpt":{"rendered":"<p>EDITAL N\u00ba 02\/2019-DPG\/UNIFAP DE 23 DE SETEMBRO DE 2019 PROGRAMA DE P\u00d3S-GRADUA\u00c7\u00c3O EM GEOGRAFIA \u2013 PPGEO\/UNIFAP TURMA 2020 http:\/\/www.unifap.br\/wp-content\/uploads\/2019\/09\/Edital-PS-PPGEO-2020geo.pdf http:\/\/www.unifap.br\/wp-content\/uploads\/2019\/10\/COMUNICADO_PS.PPGEO_.2020.pdf http:\/\/www.unifap.br\/wp-content\/uploads\/2019\/10\/ERRATA-1_PS.PPGEO_.2020.pdf http:\/\/www.unifap.br\/wp-content\/uploads\/2019\/10\/ERRATA-2_PS.PPGEO_.2020.pdf http:\/\/www.unifap.br\/wp-content\/uploads\/2019\/10\/COMUNICADO_PS.PPGEO_.20202.pdf<\/p>\n","protected":false},"author":3347,"featured_media":0,"parent":0,"menu_order":6,"comment_status":"closed","ping_status":"closed","template":"","meta":{"inline_featured_image":false,"ngg_post_thumbnail":0,"footnotes":""},"class_list":["post-17","page","type-page","status-publish","hentry"],"_links":{"self":[{"href":"https:\/\/www2.unifap.br\/ppgeo\/wp-json\/wp\/v2\/pages\/17","targetHints":{"allow":["GET"]}}],"collection":[{"href":"https:\/\/www2.unifap.br\/ppgeo\/wp-json\/wp\/v2\/pages"}],"about":[{"href":"https:\/\/www2.unifap.br\/ppgeo\/wp-json\/wp\/v2\/types\/page"}],"author":[{"embeddable":true,"href":"https:\/\/www2.unifap.br\/ppgeo\/wp-json\/wp\/v2\/users\/3347"}],"replies":[{"embeddable":true,"href":"https:\/\/www2.unifap.br\/ppgeo\/wp-json\/wp\/v2\/comments?post=17"}],"version-history":[{"count":7,"href":"https:\/\/www2.unifap.br\/ppgeo\/wp-json\/wp\/v2\/pages\/17\/revisions"}],"predecessor-version":[{"id":37,"href":"https:\/\/www2.unifap.br\/ppgeo\/wp-json\/wp\/v2\/pages\/17\/revisions\/37"}],"wp:attachment":[{"href":"https:\/\/www2.unifap.br\/ppgeo\/wp-json\/wp\/v2\/media?parent=17"}],"curies":[{"name":"wp","href":"https:\/\/api.w.org\/{rel}","templated":true}]}}