{"id":10,"date":"2019-01-30T20:37:41","date_gmt":"2019-01-30T20:37:41","guid":{"rendered":"http:\/\/www2.unifap.br\/ppgh\/?page_id=10"},"modified":"2023-12-15T20:51:53","modified_gmt":"2023-12-15T20:51:53","slug":"area-de-concentracao","status":"publish","type":"page","link":"https:\/\/www2.unifap.br\/ppgh\/ppgh-menu\/area-de-concentracao\/","title":{"rendered":"\u00c1rea de concentra\u00e7\u00e3o e Linhas de Pesquisas"},"content":{"rendered":"\t\t<div data-elementor-type=\"wp-page\" data-elementor-id=\"10\" class=\"elementor elementor-10\">\n\t\t\t\t\t\t<section class=\"elementor-section elementor-top-section elementor-element elementor-element-58acd88f elementor-section-content-middle elementor-section-boxed elementor-section-height-default elementor-section-height-default\" data-id=\"58acd88f\" data-element_type=\"section\" data-e-type=\"section\" data-settings=\"{&quot;background_background&quot;:&quot;classic&quot;}\">\n\t\t\t\t\t\t\t<div class=\"elementor-background-overlay\"><\/div>\n\t\t\t\t\t\t\t<div class=\"elementor-container elementor-column-gap-default\">\n\t\t\t\t\t<div class=\"elementor-column elementor-col-100 elementor-top-column elementor-element elementor-element-57b02cd6\" data-id=\"57b02cd6\" data-element_type=\"column\" data-e-type=\"column\">\n\t\t\t<div class=\"elementor-widget-wrap elementor-element-populated\">\n\t\t\t\t\t\t<div class=\"elementor-element elementor-element-797011f9 elementor-widget elementor-widget-page-title\" data-id=\"797011f9\" data-element_type=\"widget\" data-e-type=\"widget\" data-settings=\"{&quot;align_mobile&quot;:&quot;center&quot;}\" data-widget_type=\"page-title.default\">\n\t\t\t\t<div class=\"elementor-widget-container\">\n\t\t\t\t\t\t\t\n\t\t<div class=\"hfe-page-title hfe-page-title-wrapper elementor-widget-heading\">\n\n\t\t\t\t\t\t\t\t<h2 class=\"elementor-heading-title elementor-size-default\">\n\t\t\t\t\t\t\t\t\n\t\t\t\t\u00c1rea de concentra\u00e7\u00e3o e Linhas de Pesquisas  \n\t\t\t<\/h2 > \n\t\t\t\t\t<\/div>\n\t\t\t\t\t\t<\/div>\n\t\t\t\t<\/div>\n\t\t\t\t<div class=\"elementor-element elementor-element-779c0a2d elementor-widget__width-inherit elementor-widget-divider--view-line elementor-widget elementor-widget-divider\" data-id=\"779c0a2d\" data-element_type=\"widget\" data-e-type=\"widget\" data-widget_type=\"divider.default\">\n\t\t\t\t<div class=\"elementor-widget-container\">\n\t\t\t\t\t\t\t<div class=\"elementor-divider\">\n\t\t\t<span class=\"elementor-divider-separator\">\n\t\t\t\t\t\t<\/span>\n\t\t<\/div>\n\t\t\t\t\t\t<\/div>\n\t\t\t\t<\/div>\n\t\t\t\t<div class=\"elementor-element elementor-element-5ab5256 elementor-widget elementor-widget-accordion\" data-id=\"5ab5256\" data-element_type=\"widget\" data-e-type=\"widget\" data-widget_type=\"accordion.default\">\n\t\t\t\t<div class=\"elementor-widget-container\">\n\t\t\t\t\t\t\t<div class=\"elementor-accordion\">\n\t\t\t\t\t\t\t<div class=\"elementor-accordion-item\">\n\t\t\t\t\t<div id=\"elementor-tab-title-9511\" class=\"elementor-tab-title\" data-tab=\"1\" role=\"button\" aria-controls=\"elementor-tab-content-9511\" aria-expanded=\"false\">\n\t\t\t\t\t\t\t\t\t\t\t\t\t<span class=\"elementor-accordion-icon elementor-accordion-icon-left\" aria-hidden=\"true\">\n\t\t\t\t\t\t\t\t\t\t\t\t\t\t\t<span class=\"elementor-accordion-icon-closed\"><i class=\"fas fa-plus\"><\/i><\/span>\n\t\t\t\t\t\t\t\t<span class=\"elementor-accordion-icon-opened\"><i class=\"fas fa-minus\"><\/i><\/span>\n\t\t\t\t\t\t\t\t\t\t\t\t\t\t<\/span>\n\t\t\t\t\t\t\t\t\t\t\t\t<a class=\"elementor-accordion-title\" tabindex=\"0\">\u00c1rea de Concentra\u00e7\u00e3o<\/a>\n\t\t\t\t\t<\/div>\n\t\t\t\t\t<div id=\"elementor-tab-content-9511\" class=\"elementor-tab-content elementor-clearfix\" data-tab=\"1\" role=\"region\" aria-labelledby=\"elementor-tab-title-9511\"><p style=\"text-align: justify\">O Mestrado em Hist\u00f3ria do PPGH-UNIFAP possui \u00e1rea de concentra\u00e7\u00e3o em Hist\u00f3ria Social, dedicando-se, assim, ao estudo das experi\u00eancias e m\u00faltiplas rela\u00e7\u00f5es entre diferentes sujeitos e grupos sociais, em variados contextos hist\u00f3ricos. Nesse sentido, as pesquisas buscam enfatizar e problematizar o modo como distintos interesses, posi\u00e7\u00f5es e condi\u00e7\u00f5es de classe, bem como aspectos vinculados a quest\u00f5es de g\u00eanero, etnia, &#8220;ra\u00e7a&#8221;, religi\u00e3o e ambiente confluem, associam-se e entrecruzam-se na forma\u00e7\u00e3o, manuten\u00e7\u00e3o e contesta\u00e7\u00e3o de desigualdades, institui\u00e7\u00f5es, poderes, representa\u00e7\u00f5es, disputas econ\u00f4micas e manifesta\u00e7\u00f5es culturais. Tem-se especial interesse nas a\u00e7\u00f5es de grupos subalternos, marginalizados e exclu\u00eddos de modo geral, sem desconsiderar, contudo, as suas rela\u00e7\u00f5es com os grupos dominantes, as estruturas de poder e demais aspectos jur\u00eddicos e ideol\u00f3gicos que constituem o chamado status quo. A \u00e1rea tamb\u00e9m dedica privilegiada aten\u00e7\u00e3o aos v\u00ednculos e contradi\u00e7\u00f5es existentes entre sociedade, natureza e cultura, tomando como refer\u00eancia o espa\u00e7o amaz\u00f4nico e suas especificidades hist\u00f3ricas, assim como suas interconex\u00f5es regionais, nacionais e internacionais em diferentes \u00e9pocas.<\/p><\/div>\n\t\t\t\t<\/div>\n\t\t\t\t\t\t\t<div class=\"elementor-accordion-item\">\n\t\t\t\t\t<div id=\"elementor-tab-title-9512\" class=\"elementor-tab-title\" data-tab=\"2\" role=\"button\" aria-controls=\"elementor-tab-content-9512\" aria-expanded=\"false\">\n\t\t\t\t\t\t\t\t\t\t\t\t\t<span class=\"elementor-accordion-icon elementor-accordion-icon-left\" aria-hidden=\"true\">\n\t\t\t\t\t\t\t\t\t\t\t\t\t\t\t<span class=\"elementor-accordion-icon-closed\"><i class=\"fas fa-plus\"><\/i><\/span>\n\t\t\t\t\t\t\t\t<span class=\"elementor-accordion-icon-opened\"><i class=\"fas fa-minus\"><\/i><\/span>\n\t\t\t\t\t\t\t\t\t\t\t\t\t\t<\/span>\n\t\t\t\t\t\t\t\t\t\t\t\t<a class=\"elementor-accordion-title\" tabindex=\"0\">Linha de Pesquisa 1: Hist\u00f3ria Social do Trabalho<\/a>\n\t\t\t\t\t<\/div>\n\t\t\t\t\t<div id=\"elementor-tab-content-9512\" class=\"elementor-tab-content elementor-clearfix\" data-tab=\"2\" role=\"region\" aria-labelledby=\"elementor-tab-title-9512\"><p style=\"text-align: justify\">Esta linha tem como escopo as experi\u00eancias de trabalhadoras e trabalhadores vividas em diferentes contextos econ\u00f4micos, pol\u00edticos, sociais e culturais. Nesse sentido, analisa temas como: rela\u00e7\u00f5es de classe, movimentos sociais no campo e na cidade, trajet\u00f3rias individuais (biografias), migra\u00e7\u00f5es e outras formas de deslocamentos, associativismos, viv\u00eancias familiares e afetivas, lazer e sociabilidades comunit\u00e1rias e identidades de classe, g\u00eanero ou \u201cra\u00e7a\u201d. Considera importante, tamb\u00e9m, abordagens, an\u00e1lises e debates que superem tradicionais dicotomias do discurso historiogr\u00e1fico, do tipo: \u201ctrabalho livre e escravo\u201d, \u201crural e urbano\u201d, \u201cnacional e global\u201d. No tocante ao espa\u00e7o amaz\u00f4nico, valorizam-se as m\u00faltiplas interse\u00e7\u00f5es historicamente constitu\u00eddas entre trabalho, natureza, cultura, Estado e sociedade.\n\n<\/p>\n<\/div>\n\t\t\t\t<\/div>\n\t\t\t\t\t\t\t<div class=\"elementor-accordion-item\">\n\t\t\t\t\t<div id=\"elementor-tab-title-9513\" class=\"elementor-tab-title\" data-tab=\"3\" role=\"button\" aria-controls=\"elementor-tab-content-9513\" aria-expanded=\"false\">\n\t\t\t\t\t\t\t\t\t\t\t\t\t<span class=\"elementor-accordion-icon elementor-accordion-icon-left\" aria-hidden=\"true\">\n\t\t\t\t\t\t\t\t\t\t\t\t\t\t\t<span class=\"elementor-accordion-icon-closed\"><i class=\"fas fa-plus\"><\/i><\/span>\n\t\t\t\t\t\t\t\t<span class=\"elementor-accordion-icon-opened\"><i class=\"fas fa-minus\"><\/i><\/span>\n\t\t\t\t\t\t\t\t\t\t\t\t\t\t<\/span>\n\t\t\t\t\t\t\t\t\t\t\t\t<a class=\"elementor-accordion-title\" tabindex=\"0\">Linha de Pesquisa 2: Poder, Mem\u00f3rias e Representa\u00e7\u00f5es<\/a>\n\t\t\t\t\t<\/div>\n\t\t\t\t\t<div id=\"elementor-tab-content-9513\" class=\"elementor-tab-content elementor-clearfix\" data-tab=\"3\" role=\"region\" aria-labelledby=\"elementor-tab-title-9513\"><p style=\"text-align: justify\">A linha de pesquisa baseia-se na articula\u00e7\u00e3o entre a Hist\u00f3ria Pol\u00edtica renovada, a Hist\u00f3ria Cultural e a Hist\u00f3ria Social, ao congregar objetos de investiga\u00e7\u00e3o relacionados a movimentos sociais e suas identidades pol\u00edticas. Desse modo, privilegia-se pesquisas hist\u00f3ricas que busquem o di\u00e1logo entre as dimens\u00f5es culturais, sociais e o espectro pol\u00edtico de a\u00e7\u00f5es individuais ou de grupos, consubstanciadas nas disputas pelo poder entre diferentes projetos de domina\u00e7\u00e3o e de resist\u00eancia, enfatizando tamb\u00e9m os variados consensos, acordos e negocia\u00e7\u00f5es diversas. A linha tem por objetivo ainda discutir as identidades e rela\u00e7\u00f5es de poder envolvendo quest\u00f5es raciais, ind\u00edgenas, religiosas, mulheres, povos tradicionais, comunidades quilombolas dentre outros. Considerando que as a\u00e7\u00f5es sociais s\u00e3o simbolicamente referidas, ensejam, portanto, representa\u00e7\u00f5es que podem assumir diferentes formas, e produzir m\u00faltiplas leituras e usos do passado, sendo elaboradas e reelaboradas historicamente.<\/p><\/div>\n\t\t\t\t<\/div>\n\t\t\t\t\t\t\t\t<\/div>\n\t\t\t\t\t\t<\/div>\n\t\t\t\t<\/div>\n\t\t\t\t\t<\/div>\n\t\t<\/div>\n\t\t\t\t\t<\/div>\n\t\t<\/section>\n\t\t\t\t<\/div>\n\t\t","protected":false},"excerpt":{"rendered":"<p>\u00c1rea de concentra\u00e7\u00e3o e Linhas de Pesquisas \u00c1rea de Concentra\u00e7\u00e3o O Mestrado em Hist\u00f3ria do PPGH-UNIFAP possui \u00e1rea de concentra\u00e7\u00e3o em Hist\u00f3ria Social, dedicando-se, assim, ao estudo das experi\u00eancias e m\u00faltiplas rela\u00e7\u00f5es entre diferentes sujeitos e grupos sociais, em variados contextos hist\u00f3ricos. Nesse sentido, as pesquisas buscam enfatizar e problematizar o modo como distintos interesses,&#8230;<\/p>\n","protected":false},"author":2541,"featured_media":0,"parent":1868,"menu_order":0,"comment_status":"open","ping_status":"open","template":"","meta":{"inline_featured_image":false,"site-sidebar-layout":"no-sidebar","site-content-layout":"page-builder","ast-site-content-layout":"full-width-container","site-content-style":"unboxed","site-sidebar-style":"unboxed","ast-global-header-display":"","ast-banner-title-visibility":"","ast-main-header-display":"","ast-hfb-above-header-display":"","ast-hfb-below-header-display":"","ast-hfb-mobile-header-display":"","site-post-title":"disabled","ast-breadcrumbs-content":"","ast-featured-img":"disabled","footer-sml-layout":"","theme-transparent-header-meta":"default","adv-header-id-meta":"","stick-header-meta":"","header-above-stick-meta":"","header-main-stick-meta":"","header-below-stick-meta":"","astra-migrate-meta-layouts":"set","ast-page-background-enabled":"default","ast-page-background-meta":{"desktop":{"background-color":"var(--ast-global-color-4)","background-image":"","background-repeat":"repeat","background-position":"center center","background-size":"auto","background-attachment":"scroll","background-type":"","background-media":"","overlay-type":"","overlay-color":"","overlay-opacity":"","overlay-gradient":""},"tablet":{"background-color":"","background-image":"","background-repeat":"repeat","background-position":"center center","background-size":"auto","background-attachment":"scroll","background-type":"","background-media":"","overlay-type":"","overlay-color":"","overlay-opacity":"","overlay-gradient":""},"mobile":{"background-color":"","background-image":"","background-repeat":"repeat","background-position":"center center","background-size":"auto","background-attachment":"scroll","background-type":"","background-media":"","overlay-type":"","overlay-color":"","overlay-opacity":"","overlay-gradient":""}},"ast-content-background-meta":{"desktop":{"background-color":"var(--ast-global-color-5)","background-image":"","background-repeat":"repeat","background-position":"center center","background-size":"auto","background-attachment":"scroll","background-type":"","background-media":"","overlay-type":"","overlay-color":"","overlay-opacity":"","overlay-gradient":""},"tablet":{"background-color":"var(--ast-global-color-5)","background-image":"","background-repeat":"repeat","background-position":"center center","background-size":"auto","background-attachment":"scroll","background-type":"","background-media":"","overlay-type":"","overlay-color":"","overlay-opacity":"","overlay-gradient":""},"mobile":{"background-color":"var(--ast-global-color-5)","background-image":"","background-repeat":"repeat","background-position":"center center","background-size":"auto","background-attachment":"scroll","background-type":"","background-media":"","overlay-type":"","overlay-color":"","overlay-opacity":"","overlay-gradient":""}},"ngg_post_thumbnail":0,"footnotes":""},"folder":[6],"class_list":["post-10","page","type-page","status-publish","hentry"],"_links":{"self":[{"href":"https:\/\/www2.unifap.br\/ppgh\/wp-json\/wp\/v2\/pages\/10","targetHints":{"allow":["GET"]}}],"collection":[{"href":"https:\/\/www2.unifap.br\/ppgh\/wp-json\/wp\/v2\/pages"}],"about":[{"href":"https:\/\/www2.unifap.br\/ppgh\/wp-json\/wp\/v2\/types\/page"}],"author":[{"embeddable":true,"href":"https:\/\/www2.unifap.br\/ppgh\/wp-json\/wp\/v2\/users\/2541"}],"replies":[{"embeddable":true,"href":"https:\/\/www2.unifap.br\/ppgh\/wp-json\/wp\/v2\/comments?post=10"}],"version-history":[{"count":65,"href":"https:\/\/www2.unifap.br\/ppgh\/wp-json\/wp\/v2\/pages\/10\/revisions"}],"predecessor-version":[{"id":2804,"href":"https:\/\/www2.unifap.br\/ppgh\/wp-json\/wp\/v2\/pages\/10\/revisions\/2804"}],"up":[{"embeddable":true,"href":"https:\/\/www2.unifap.br\/ppgh\/wp-json\/wp\/v2\/pages\/1868"}],"wp:attachment":[{"href":"https:\/\/www2.unifap.br\/ppgh\/wp-json\/wp\/v2\/media?parent=10"}],"wp:term":[{"taxonomy":"folder","embeddable":true,"href":"https:\/\/www2.unifap.br\/ppgh\/wp-json\/wp\/v2\/folder?post=10"}],"curies":[{"name":"wp","href":"https:\/\/api.w.org\/{rel}","templated":true}]}}