{"id":1096,"date":"2023-03-29T12:57:25","date_gmt":"2023-03-29T12:57:25","guid":{"rendered":"https:\/\/www2.unifap.br\/ppgh\/?page_id=1096"},"modified":"2025-10-03T18:06:15","modified_gmt":"2025-10-03T18:06:15","slug":"pos-doutorado","status":"publish","type":"page","link":"https:\/\/www2.unifap.br\/ppgh\/ppgh-menu\/pos-doutorado\/","title":{"rendered":"P\u00f3s-Doutorado"},"content":{"rendered":"\t\t<div data-elementor-type=\"wp-page\" data-elementor-id=\"1096\" class=\"elementor elementor-1096\">\n\t\t\t\t\t\t<section class=\"elementor-section elementor-top-section elementor-element elementor-element-4885559 elementor-section-content-middle elementor-section-boxed elementor-section-height-default elementor-section-height-default\" data-id=\"4885559\" data-element_type=\"section\" data-e-type=\"section\" data-settings=\"{&quot;background_background&quot;:&quot;classic&quot;}\">\n\t\t\t\t\t\t\t<div class=\"elementor-background-overlay\"><\/div>\n\t\t\t\t\t\t\t<div class=\"elementor-container elementor-column-gap-default\">\n\t\t\t\t\t<div class=\"elementor-column elementor-col-100 elementor-top-column elementor-element elementor-element-41af59b\" data-id=\"41af59b\" data-element_type=\"column\" data-e-type=\"column\">\n\t\t\t<div class=\"elementor-widget-wrap elementor-element-populated\">\n\t\t\t\t\t\t<div class=\"elementor-element elementor-element-d38157b elementor-widget elementor-widget-page-title\" data-id=\"d38157b\" data-element_type=\"widget\" data-e-type=\"widget\" data-settings=\"{&quot;align_mobile&quot;:&quot;center&quot;}\" data-widget_type=\"page-title.default\">\n\t\t\t\t<div class=\"elementor-widget-container\">\n\t\t\t\t\t\t\t\n\t\t<div class=\"hfe-page-title hfe-page-title-wrapper elementor-widget-heading\">\n\n\t\t\t\t\t\t\t\t<h2 class=\"elementor-heading-title elementor-size-default\">\n\t\t\t\t\t\t\t\t\n\t\t\t\tP\u00f3s-Doutorado  \n\t\t\t<\/h2 > \n\t\t\t\t\t<\/div>\n\t\t\t\t\t\t<\/div>\n\t\t\t\t<\/div>\n\t\t\t\t<div class=\"elementor-element elementor-element-dd33011 elementor-widget elementor-widget-heading\" data-id=\"dd33011\" data-element_type=\"widget\" data-e-type=\"widget\" data-widget_type=\"heading.default\">\n\t\t\t\t<div class=\"elementor-widget-container\">\n\t\t\t\t\t<h2 class=\"elementor-heading-title elementor-size-default\">EDITAL N\u00ba 01\/2025 \u2013 PPGED, PPGLET, PPGEO e PPGH\/UNIFAP  \nPDPG-Parcerias Estrat\u00e9gicas nos Estados III (CAPES) \nSELE\u00c7\u00c3O DE BOLSISTA P\u00d3S-DOUTORADO \nLista Provis\u00f3ria de Classifica\u00e7\u00e3o.<\/h2>\t\t\t\t<\/div>\n\t\t\t\t<\/div>\n\t\t\t\t<div class=\"elementor-element elementor-element-b1a6d5e elementor-widget elementor-widget-accordion\" data-id=\"b1a6d5e\" data-element_type=\"widget\" data-e-type=\"widget\" data-widget_type=\"accordion.default\">\n\t\t\t\t<div class=\"elementor-widget-container\">\n\t\t\t\t\t\t\t<div class=\"elementor-accordion\">\n\t\t\t\t\t\t\t<div class=\"elementor-accordion-item\">\n\t\t\t\t\t<div id=\"elementor-tab-title-1861\" class=\"elementor-tab-title\" data-tab=\"1\" role=\"button\" aria-controls=\"elementor-tab-content-1861\" aria-expanded=\"false\">\n\t\t\t\t\t\t\t\t\t\t\t\t\t<span class=\"elementor-accordion-icon elementor-accordion-icon-left\" aria-hidden=\"true\">\n\t\t\t\t\t\t\t\t\t\t\t\t\t\t\t<span class=\"elementor-accordion-icon-closed\"><i class=\"fas fa-plus\"><\/i><\/span>\n\t\t\t\t\t\t\t\t<span class=\"elementor-accordion-icon-opened\"><i class=\"fas fa-minus\"><\/i><\/span>\n\t\t\t\t\t\t\t\t\t\t\t\t\t\t<\/span>\n\t\t\t\t\t\t\t\t\t\t\t\t<a class=\"elementor-accordion-title\" tabindex=\"0\">T\u00edtulo da sanfona<\/a>\n\t\t\t\t\t<\/div>\n\t\t\t\t\t<div id=\"elementor-tab-content-1861\" class=\"elementor-tab-content elementor-clearfix\" data-tab=\"1\" role=\"region\" aria-labelledby=\"elementor-tab-title-1861\"><p>Lista Provis\u00f3ria de Classifica\u00e7\u00e3o<\/p><p><a href=\"http:\/\/www2.unifap.br\/ppgh\/files\/2025\/09\/classificacao-provisoria1.pdf\">classifica\u00e7\u00e3o provis\u00f3ria[1]<\/a><\/p><\/div>\n\t\t\t\t<\/div>\n\t\t\t\t\t\t\t<div class=\"elementor-accordion-item\">\n\t\t\t\t\t<div id=\"elementor-tab-title-1862\" class=\"elementor-tab-title\" data-tab=\"2\" role=\"button\" aria-controls=\"elementor-tab-content-1862\" aria-expanded=\"false\">\n\t\t\t\t\t\t\t\t\t\t\t\t\t<span class=\"elementor-accordion-icon elementor-accordion-icon-left\" aria-hidden=\"true\">\n\t\t\t\t\t\t\t\t\t\t\t\t\t\t\t<span class=\"elementor-accordion-icon-closed\"><i class=\"fas fa-plus\"><\/i><\/span>\n\t\t\t\t\t\t\t\t<span class=\"elementor-accordion-icon-opened\"><i class=\"fas fa-minus\"><\/i><\/span>\n\t\t\t\t\t\t\t\t\t\t\t\t\t\t<\/span>\n\t\t\t\t\t\t\t\t\t\t\t\t<a class=\"elementor-accordion-title\" tabindex=\"0\">T\u00edtulo da sanfona<\/a>\n\t\t\t\t\t<\/div>\n\t\t\t\t\t<div id=\"elementor-tab-content-1862\" class=\"elementor-tab-content elementor-clearfix\" data-tab=\"2\" role=\"region\" aria-labelledby=\"elementor-tab-title-1862\"><p>&#8211; Resultado Final\u00a0<\/p><p><a href=\"http:\/\/www2.unifap.br\/ppgh\/files\/2025\/10\/RESULTADO-FINAL.pdf\">RESULTADO FINAL<\/a><\/p><\/div>\n\t\t\t\t<\/div>\n\t\t\t\t\t\t\t\t<\/div>\n\t\t\t\t\t\t<\/div>\n\t\t\t\t<\/div>\n\t\t\t\t<div class=\"elementor-element elementor-element-fa1f6d8 elementor-widget elementor-widget-heading\" data-id=\"fa1f6d8\" data-element_type=\"widget\" data-e-type=\"widget\" data-widget_type=\"heading.default\">\n\t\t\t\t<div class=\"elementor-widget-container\">\n\t\t\t\t\t<h2 class=\"elementor-heading-title elementor-size-default\">P\u00d3S-DOUTORANDO - EM ANDAMENTO:<\/h2>\t\t\t\t<\/div>\n\t\t\t\t<\/div>\n\t\t\t\t<div class=\"elementor-element elementor-element-9a294c8 elementor-widget elementor-widget-accordion\" data-id=\"9a294c8\" data-element_type=\"widget\" data-e-type=\"widget\" data-widget_type=\"accordion.default\">\n\t\t\t\t<div class=\"elementor-widget-container\">\n\t\t\t\t\t\t\t<div class=\"elementor-accordion\">\n\t\t\t\t\t\t\t<div class=\"elementor-accordion-item\">\n\t\t\t\t\t<div id=\"elementor-tab-title-1611\" class=\"elementor-tab-title\" data-tab=\"1\" role=\"button\" aria-controls=\"elementor-tab-content-1611\" aria-expanded=\"false\">\n\t\t\t\t\t\t\t\t\t\t\t\t\t<span class=\"elementor-accordion-icon elementor-accordion-icon-left\" aria-hidden=\"true\">\n\t\t\t\t\t\t\t\t\t\t\t\t\t\t\t<span class=\"elementor-accordion-icon-closed\"><i class=\"fas fa-plus\"><\/i><\/span>\n\t\t\t\t\t\t\t\t<span class=\"elementor-accordion-icon-opened\"><i class=\"fas fa-minus\"><\/i><\/span>\n\t\t\t\t\t\t\t\t\t\t\t\t\t\t<\/span>\n\t\t\t\t\t\t\t\t\t\t\t\t<a class=\"elementor-accordion-title\" tabindex=\"0\">Dra. Let\u00edcia Pereira Barriga<\/a>\n\t\t\t\t\t<\/div>\n\t\t\t\t\t<div id=\"elementor-tab-content-1611\" class=\"elementor-tab-content elementor-clearfix\" data-tab=\"1\" role=\"region\" aria-labelledby=\"elementor-tab-title-1611\"><p><strong>Lattes: <a href=\"http:\/\/lattes.cnpq.br\/8401775661022876\">http:\/\/lattes.cnpq.br\/8401775661022876<\/a><\/strong><\/p><p><strong>Projeto de pesquisa:<\/strong> Circularidade da guerra cabana nas fronteiras dos sert\u00f5es da Amaz\u00f4nia: \u00edndios, negros, rios e matas (1809 \u2013 1850)<\/p><p>Neste projeto de p\u00f3s-doutorado visa-se compreender a guerra cabana nas \u00e1reas de fronteira do antigo Gr\u00e3o-Par\u00e1, especialmente na regi\u00e3o do Cabo Norte, atual estado do Amap\u00e1. Utilizando uma abordagem da Hist\u00f3ria Social, ser\u00e1 analisada documenta\u00e7\u00e3o pertinente para destacar o papel dos povos ind\u00edgenas e negros nas batalhas fluviais das Cabanagens dos sert\u00f5es. Na regi\u00e3o oeste da prov\u00edncia do Gr\u00e3o-Par\u00e1, no territ\u00f3rio delimitado entre os rios Madeira, Tapaj\u00f3s e Amazonas, a pesquisadora j\u00e1 conseguiu evidenciar o protagonismo de povos ind\u00edgenas, construindo as batalhas fluviais da guerra cabana e o avan\u00e7o das tropas imperiais. Neste projeto, ser\u00e3o percorridas trilhas da documenta\u00e7\u00e3o da Cabanagem nas terras do Cabo Norte, localizando as a\u00e7\u00f5es ind\u00edgenas nas batalhas, em articula\u00e7\u00e3o com os n\u00facleos de resist\u00eancias negros, quilombos e mocambos, constituindo um processo circular de aprendizado de luta. A partir dos pressupostos te\u00f3ricos e metodol\u00f3gicos da Hist\u00f3ria Social, da Hist\u00f3ria Ind\u00edgena, Nova Hist\u00f3ria da Escravid\u00e3o, da Etno-Hist\u00f3ria e do m\u00e9todo indici\u00e1rio, ser\u00e1 evidenciada a ag\u00eancia ind\u00edgena e negra na explosiva conjuntura das primeiras d\u00e9cadas do s\u00e9culo XIX, em espec\u00edfico as Cabanagens das fronteiras dos sert\u00f5es.<\/p><p style=\"text-align: justify\">.<\/p><p style=\"text-align: justify\"><strong>Supervisor:<\/strong> Prof. Dr. Sidney Lobato<\/p><p><strong>Co-Supervisora<\/strong>: Profa. Dra. Carina Almeida<\/p><p style=\"text-align: justify\"><strong>Per\u00edodo do est\u00e1gio p\u00f3s-doutoral:<\/strong> de junho de 2024 a maio de 2026.<\/p><p style=\"text-align: justify\"><strong>Bolsa:<\/strong> Capes.<\/p><\/div>\n\t\t\t\t<\/div>\n\t\t\t\t\t\t\t<div class=\"elementor-accordion-item\">\n\t\t\t\t\t<div id=\"elementor-tab-title-1612\" class=\"elementor-tab-title\" data-tab=\"2\" role=\"button\" aria-controls=\"elementor-tab-content-1612\" aria-expanded=\"false\">\n\t\t\t\t\t\t\t\t\t\t\t\t\t<span class=\"elementor-accordion-icon elementor-accordion-icon-left\" aria-hidden=\"true\">\n\t\t\t\t\t\t\t\t\t\t\t\t\t\t\t<span class=\"elementor-accordion-icon-closed\"><i class=\"fas fa-plus\"><\/i><\/span>\n\t\t\t\t\t\t\t\t<span class=\"elementor-accordion-icon-opened\"><i class=\"fas fa-minus\"><\/i><\/span>\n\t\t\t\t\t\t\t\t\t\t\t\t\t\t<\/span>\n\t\t\t\t\t\t\t\t\t\t\t\t<a class=\"elementor-accordion-title\" tabindex=\"0\">Dr. Jeferson dos Santos Mendes<\/a>\n\t\t\t\t\t<\/div>\n\t\t\t\t\t<div id=\"elementor-tab-content-1612\" class=\"elementor-tab-content elementor-clearfix\" data-tab=\"2\" role=\"region\" aria-labelledby=\"elementor-tab-title-1612\"><p><strong>Lattes:\u00a0<a href=\"http:\/\/lattes.cnpq.br\/3284620192147683\" target=\"_blank\" rel=\"noopener\">http:\/\/lattes.cnpq.br\/3284620192147683<\/a><\/strong><\/p><p><strong>Projeto de pesquisa:<\/strong> Casais das Ilhas, soldados e degredados: o povoamento da Amaz\u00f4nia colonial, s\u00e9culos XVII-XVIII<\/p><p style=\"text-align: justify\">O presente projeto de pesquisa busca analisar o papel dos casais das ilhas, dos soldados e dos degredados na coloniza\u00e7\u00e3o da Amaz\u00f4nia. Na singularidade da experi\u00eancia colonial de rela\u00e7\u00f5es de interdepend\u00eancia estabelecida entre os poderes central e local no longo, negocial e diversificado imp\u00e9rio portugu\u00eas, o povoamento do territ\u00f3rio da Am\u00e9rica manifestou-se em uma combina\u00e7\u00e3o de a\u00e7\u00f5es aut\u00f4nomas de correntes migrat\u00f3rias e de iniciativas patrocinadas pela Coroa lusitana. Durante os s\u00e9culos XVII e XVIII a Coroa intensificou a transfer\u00eancia de a\u00e7orianos, soldados e degredados para a regi\u00e3o amaz\u00f4nica para explorar, povoar, proteger e promover a coloniza\u00e7\u00e3o da regi\u00e3o. Degredados por uma infinidade de crimes, soldados das ordenan\u00e7as ou auxiliares, imigrantes de diversas classifica\u00e7\u00f5es sociais, em contato com ind\u00edgenas, escravizados, lusos de outras partes da col\u00f4nia ou mesmo outros europeus. Nessa dire\u00e7\u00e3o, limitando a an\u00e1lise a regi\u00e3o amaz\u00f4nica, o objetivo \u00e9 compreender o papel desempenhado por esses grupos sociais que atuavam como agentes intermedi\u00e1rios, assegurando a comunica\u00e7\u00e3o, o elo e o v\u00ednculo entre o centro e a periferia. A partir das no\u00e7\u00f5es de imp\u00e9rio portugu\u00eas e de fronteira aberta, intentaremos examinar como homens e mulheres, soldados e degredados, forjaram estrat\u00e9gias de integra\u00e7\u00e3o, perman\u00eancia e fixa\u00e7\u00e3o no territ\u00f3rio.<\/p><p style=\"text-align: justify\"><strong>Supervisor:<\/strong> Prof. Dr. Sidney Lobato<\/p><p style=\"text-align: justify\"><strong>Per\u00edodo do est\u00e1gio p\u00f3s-doutoral:<\/strong> de mar\u00e7o de 2023 a fevereiro de 2025.<\/p><p style=\"text-align: justify\"><strong>Bolsa:<\/strong> Capes.<\/p><\/div>\n\t\t\t\t<\/div>\n\t\t\t\t\t\t\t\t<\/div>\n\t\t\t\t\t\t<\/div>\n\t\t\t\t<\/div>\n\t\t\t\t<div class=\"elementor-element elementor-element-3006235 elementor-widget elementor-widget-heading\" data-id=\"3006235\" data-element_type=\"widget\" data-e-type=\"widget\" data-widget_type=\"heading.default\">\n\t\t\t\t<div class=\"elementor-widget-container\">\n\t\t\t\t\t<h2 class=\"elementor-heading-title elementor-size-default\">P\u00d3S-DOUTORANDO - CONCLU\u00cdDOS:<\/h2>\t\t\t\t<\/div>\n\t\t\t\t<\/div>\n\t\t\t\t<div class=\"elementor-element elementor-element-a4e7f64 elementor-widget elementor-widget-accordion\" data-id=\"a4e7f64\" data-element_type=\"widget\" data-e-type=\"widget\" data-widget_type=\"accordion.default\">\n\t\t\t\t<div class=\"elementor-widget-container\">\n\t\t\t\t\t\t\t<div class=\"elementor-accordion\">\n\t\t\t\t\t\t\t<div class=\"elementor-accordion-item\">\n\t\t\t\t\t<div id=\"elementor-tab-title-1721\" class=\"elementor-tab-title\" data-tab=\"1\" role=\"button\" aria-controls=\"elementor-tab-content-1721\" aria-expanded=\"false\">\n\t\t\t\t\t\t\t\t\t\t\t\t\t<span class=\"elementor-accordion-icon elementor-accordion-icon-left\" aria-hidden=\"true\">\n\t\t\t\t\t\t\t\t\t\t\t\t\t\t\t<span class=\"elementor-accordion-icon-closed\"><i class=\"fas fa-plus\"><\/i><\/span>\n\t\t\t\t\t\t\t\t<span class=\"elementor-accordion-icon-opened\"><i class=\"fas fa-minus\"><\/i><\/span>\n\t\t\t\t\t\t\t\t\t\t\t\t\t\t<\/span>\n\t\t\t\t\t\t\t\t\t\t\t\t<a class=\"elementor-accordion-title\" tabindex=\"0\">Dra. Alzira Marques Oliveira<\/a>\n\t\t\t\t\t<\/div>\n\t\t\t\t\t<div id=\"elementor-tab-content-1721\" class=\"elementor-tab-content elementor-clearfix\" data-tab=\"1\" role=\"region\" aria-labelledby=\"elementor-tab-title-1721\"><strong>Lattes:\u00a0<a href=\"http:\/\/lattes.cnpq.br\/4256435748967103\" target=\"_blank\" rel=\"noopener\">http:\/\/lattes.cnpq.br\/4256435748967103<\/a><\/strong><\/p>\n<p style=\"text-align: justify\"><strong>Projeto de pesquisa:<\/strong> Caracteriza\u00e7\u00e3o a diversidade da flora conhecida e utilizada em religi\u00e3o afro brasileira (Terreno do Pai Salvino Omi Zanger\u00ea) no Munic\u00edpio de Macap\u00e1, estado do Amap\u00e1, atrav\u00e9s de um estudo etnobot\u00e2nico.<\/p>\n<p style=\"text-align: justify\">A pesquisa visa registrar a biodiversidade conhecida e utilizada para fins terap\u00eauticos em espa\u00e7o de grupo religioso de matriz africana historicamente marginalizado. A discuss\u00e3o proposta pauta-se na necessidade de registrar o conhecimento tradicional e as esp\u00e9cies utilizadas na promo\u00e7\u00e3o da sa\u00fade as quais podem subsidiar a inclus\u00e3o delas em tratamentos complementares no sistema p\u00fablico de sa\u00fade, nesse primeiro caso, nas unidades b\u00e1sicas de sa\u00fade (UBS) instaladas nos bairros e uma segunda quest\u00e3o diz respeito a inclus\u00e3o dessas novas esp\u00e9cies na Rela\u00e7\u00e3o Nacional de Plantas Medicinais de Interesse do SUS (RENISUS).<\/p>\n<p style=\"text-align: justify\"><strong>Supervisor:<\/strong> Prof. Dr. Marcos Vinicius de Freitas Reis.<\/p>\n<p style=\"text-align: justify\"><strong>Per\u00edodo do est\u00e1gio p\u00f3s-doutoral:<\/strong> de janeiro de 2022 a setembro de 2023.<\/p>\n<\/div>\n\t\t\t\t<\/div>\n\t\t\t\t\t\t\t<div class=\"elementor-accordion-item\">\n\t\t\t\t\t<div id=\"elementor-tab-title-1722\" class=\"elementor-tab-title\" data-tab=\"2\" role=\"button\" aria-controls=\"elementor-tab-content-1722\" aria-expanded=\"false\">\n\t\t\t\t\t\t\t\t\t\t\t\t\t<span class=\"elementor-accordion-icon elementor-accordion-icon-left\" aria-hidden=\"true\">\n\t\t\t\t\t\t\t\t\t\t\t\t\t\t\t<span class=\"elementor-accordion-icon-closed\"><i class=\"fas fa-plus\"><\/i><\/span>\n\t\t\t\t\t\t\t\t<span class=\"elementor-accordion-icon-opened\"><i class=\"fas fa-minus\"><\/i><\/span>\n\t\t\t\t\t\t\t\t\t\t\t\t\t\t<\/span>\n\t\t\t\t\t\t\t\t\t\t\t\t<a class=\"elementor-accordion-title\" tabindex=\"0\">Prof. Dr. Fabr\u00edcio Ant\u00f4nio Antunes Soares<\/a>\n\t\t\t\t\t<\/div>\n\t\t\t\t\t<div id=\"elementor-tab-content-1722\" class=\"elementor-tab-content elementor-clearfix\" data-tab=\"2\" role=\"region\" aria-labelledby=\"elementor-tab-title-1722\"><p><strong>Lattes:\u00a0<a href=\"http:\/\/lattes.cnpq.br\/4831936480225001\" target=\"_blank\" rel=\"noopener\">http:\/\/lattes.cnpq.br\/4831936480225001<\/a><\/strong><\/p><p style=\"text-align: justify\"><strong>Projeto de pesquisa:<\/strong> Os sentidos da Farroupilha: entre a po\u00e9tica, a epistemologia e o agir.<\/p><p style=\"text-align: justify\">O objetivo do projeto foi compreender a produ\u00e7\u00e3o de sentido que cada historiador e literato, em uma determinada \u00e9poca, realizam em sua narrativa. O problema norteador da investiga\u00e7\u00e3o do projeto foram as mudan\u00e7as te\u00f3ricas ocorridas na historiografia em meados do s\u00e9culo XX em que, basicamente, a hist\u00f3ria saiu de um cientificismo forte para entrar em uma abordagem hermen\u00eautica. Tamb\u00e9m, a narrativa do historiador votou a ser valorizada e aproxima\u00e7\u00f5es entre a historiografia e a literatura foram pensadas. O m\u00e9todo que embasou a pesquisa foi o contextualismo e a abordagem internalista dos textos.<\/p><p style=\"text-align: justify\"><strong>Supervisor:<\/strong> Prof. Dr. Andrius Estevam Noronha.<\/p><p style=\"text-align: justify\"><strong>Per\u00edodo do est\u00e1gio p\u00f3s-doutoral:<\/strong> de agosto de 2021 a agosto de 2022.<\/p><p style=\"text-align: justify\"><strong>Bolsa:<\/strong> Capes.<\/p><\/div>\n\t\t\t\t<\/div>\n\t\t\t\t\t\t\t<div class=\"elementor-accordion-item\">\n\t\t\t\t\t<div id=\"elementor-tab-title-1723\" class=\"elementor-tab-title\" data-tab=\"3\" role=\"button\" aria-controls=\"elementor-tab-content-1723\" aria-expanded=\"false\">\n\t\t\t\t\t\t\t\t\t\t\t\t\t<span class=\"elementor-accordion-icon elementor-accordion-icon-left\" aria-hidden=\"true\">\n\t\t\t\t\t\t\t\t\t\t\t\t\t\t\t<span class=\"elementor-accordion-icon-closed\"><i class=\"fas fa-plus\"><\/i><\/span>\n\t\t\t\t\t\t\t\t<span class=\"elementor-accordion-icon-opened\"><i class=\"fas fa-minus\"><\/i><\/span>\n\t\t\t\t\t\t\t\t\t\t\t\t\t\t<\/span>\n\t\t\t\t\t\t\t\t\t\t\t\t<a class=\"elementor-accordion-title\" tabindex=\"0\">Prof. Dr. David Junior de Souza Silva<\/a>\n\t\t\t\t\t<\/div>\n\t\t\t\t\t<div id=\"elementor-tab-content-1723\" class=\"elementor-tab-content elementor-clearfix\" data-tab=\"3\" role=\"region\" aria-labelledby=\"elementor-tab-title-1723\"><strong>Lattes:\u00a0<a href=\"http:\/\/lattes.cnpq.br\/4265076306351873\" target=\"_blank\" rel=\"noopener\">http:\/\/lattes.cnpq.br\/4265076306351873<\/a><\/strong><\/p>\n<p style=\"text-align: justify\"><strong>Projeto de pesquisa:<\/strong> Mem\u00f3ria social e consci\u00eancia hist\u00f3rica de comunidades tradicionais: entre estrutura e hist\u00f3ria.<\/p>\n<p style=\"text-align: justify\">A efetiva\u00e7\u00e3o dos direitos dos povos tracionais deveria ser tarefa meramente administrativa. Uma vez garantidos nas constitui\u00e7\u00f5es dos Estados, caberia meramente atos administrativos para torn\u00e1-los realidade. Todavia, na realidade do Estado brasileiro, menos multinacional do que colonial, os povos tradicionais e etnicamente diferenciados t\u00eam de lutar constantemente contra o racismo estrutural e o colonialismo interno que os quer fazer desaparecer. Esta a\u00e7\u00e3o de resist\u00eancia e enfrentamento ao racismo estrutural e institucional por parte dos povos tradicionais se d\u00e1 na qualidade do que chamamos movimento social, e como tal, dentre seus muitos elementos componentes, tem a tarefa da legitima\u00e7\u00e3o da demanda e do direito defendido um de seus elementos essenciais \u2013 por absurdo que possa ser, a necessidade de legitima\u00e7\u00e3o do direito \u00e0 vida e ao territ\u00f3rio \u00e9 realidade cotidiana dos povos tradicionais. Neste sentido, a ancestralidade \u00e9 um dos elementos essenciais na legitima\u00e7\u00e3o dos direitos \u00e9tnicos. A pesquisa com a mem\u00f3ria coletiva das comunidades \u00e9, metodologicamente, caminho real para conhecer a simbol\u00f3gica da ancestralidade na vida comunit\u00e1ria e como ela se insere na mobiliza\u00e7\u00e3o por direitos dos povos tradicionais contra a sociedade racista e estado colonialista.\n\n<\/p>\n<p style=\"text-align: justify\"><strong>Supervisor:<\/strong> Prof. Dr. Marcos Vinicius de Freitas Reis.<\/p>\n<p style=\"text-align: justify\"><strong>Per\u00edodo do est\u00e1gio p\u00f3s-doutoral:<\/strong> de 2021 a 2022.<\/p><\/div>\n\t\t\t\t<\/div>\n\t\t\t\t\t\t\t\t<\/div>\n\t\t\t\t\t\t<\/div>\n\t\t\t\t<\/div>\n\t\t\t\t\t<\/div>\n\t\t<\/div>\n\t\t\t\t\t<\/div>\n\t\t<\/section>\n\t\t\t\t<\/div>\n\t\t","protected":false},"excerpt":{"rendered":"<p>P\u00f3s-Doutorado EDITAL N\u00ba 01\/2025 \u2013 PPGED, PPGLET, PPGEO e PPGH\/UNIFAP PDPG-Parcerias Estrat\u00e9gicas nos Estados III (CAPES) SELE\u00c7\u00c3O DE BOLSISTA P\u00d3S-DOUTORADO Lista Provis\u00f3ria de Classifica\u00e7\u00e3o. T\u00edtulo da sanfona Lista Provis\u00f3ria de Classifica\u00e7\u00e3o classifica\u00e7\u00e3o provis\u00f3ria[1] T\u00edtulo da sanfona &#8211; Resultado Final\u00a0 RESULTADO FINAL P\u00d3S-DOUTORANDO &#8211; EM ANDAMENTO: Dra. Let\u00edcia Pereira Barriga Lattes: http:\/\/lattes.cnpq.br\/8401775661022876 Projeto de pesquisa: Circularidade&#8230;<\/p>\n","protected":false},"author":815,"featured_media":0,"parent":1868,"menu_order":0,"comment_status":"closed","ping_status":"closed","template":"","meta":{"inline_featured_image":false,"site-sidebar-layout":"default","site-content-layout":"default","ast-site-content-layout":"full-width-container","site-content-style":"default","site-sidebar-style":"default","ast-global-header-display":"","ast-banner-title-visibility":"","ast-main-header-display":"","ast-hfb-above-header-display":"","ast-hfb-below-header-display":"","ast-hfb-mobile-header-display":"","site-post-title":"","ast-breadcrumbs-content":"","ast-featured-img":"","footer-sml-layout":"","theme-transparent-header-meta":"default","adv-header-id-meta":"","stick-header-meta":"","header-above-stick-meta":"","header-main-stick-meta":"","header-below-stick-meta":"","astra-migrate-meta-layouts":"set","ast-page-background-enabled":"default","ast-page-background-meta":{"desktop":{"background-color":"var(--ast-global-color-4)","background-image":"","background-repeat":"repeat","background-position":"center center","background-size":"auto","background-attachment":"scroll","background-type":"","background-media":"","overlay-type":"","overlay-color":"","overlay-opacity":"","overlay-gradient":""},"tablet":{"background-color":"","background-image":"","background-repeat":"repeat","background-position":"center center","background-size":"auto","background-attachment":"scroll","background-type":"","background-media":"","overlay-type":"","overlay-color":"","overlay-opacity":"","overlay-gradient":""},"mobile":{"background-color":"","background-image":"","background-repeat":"repeat","background-position":"center center","background-size":"auto","background-attachment":"scroll","background-type":"","background-media":"","overlay-type":"","overlay-color":"","overlay-opacity":"","overlay-gradient":""}},"ast-content-background-meta":{"desktop":{"background-color":"var(--ast-global-color-5)","background-image":"","background-repeat":"repeat","background-position":"center center","background-size":"auto","background-attachment":"scroll","background-type":"","background-media":"","overlay-type":"","overlay-color":"","overlay-opacity":"","overlay-gradient":""},"tablet":{"background-color":"var(--ast-global-color-5)","background-image":"","background-repeat":"repeat","background-position":"center center","background-size":"auto","background-attachment":"scroll","background-type":"","background-media":"","overlay-type":"","overlay-color":"","overlay-opacity":"","overlay-gradient":""},"mobile":{"background-color":"var(--ast-global-color-5)","background-image":"","background-repeat":"repeat","background-position":"center center","background-size":"auto","background-attachment":"scroll","background-type":"","background-media":"","overlay-type":"","overlay-color":"","overlay-opacity":"","overlay-gradient":""}},"ngg_post_thumbnail":0,"footnotes":""},"folder":[6],"class_list":["post-1096","page","type-page","status-publish","hentry"],"_links":{"self":[{"href":"https:\/\/www2.unifap.br\/ppgh\/wp-json\/wp\/v2\/pages\/1096","targetHints":{"allow":["GET"]}}],"collection":[{"href":"https:\/\/www2.unifap.br\/ppgh\/wp-json\/wp\/v2\/pages"}],"about":[{"href":"https:\/\/www2.unifap.br\/ppgh\/wp-json\/wp\/v2\/types\/page"}],"author":[{"embeddable":true,"href":"https:\/\/www2.unifap.br\/ppgh\/wp-json\/wp\/v2\/users\/815"}],"replies":[{"embeddable":true,"href":"https:\/\/www2.unifap.br\/ppgh\/wp-json\/wp\/v2\/comments?post=1096"}],"version-history":[{"count":39,"href":"https:\/\/www2.unifap.br\/ppgh\/wp-json\/wp\/v2\/pages\/1096\/revisions"}],"predecessor-version":[{"id":4535,"href":"https:\/\/www2.unifap.br\/ppgh\/wp-json\/wp\/v2\/pages\/1096\/revisions\/4535"}],"up":[{"embeddable":true,"href":"https:\/\/www2.unifap.br\/ppgh\/wp-json\/wp\/v2\/pages\/1868"}],"wp:attachment":[{"href":"https:\/\/www2.unifap.br\/ppgh\/wp-json\/wp\/v2\/media?parent=1096"}],"wp:term":[{"taxonomy":"folder","embeddable":true,"href":"https:\/\/www2.unifap.br\/ppgh\/wp-json\/wp\/v2\/folder?post=1096"}],"curies":[{"name":"wp","href":"https:\/\/api.w.org\/{rel}","templated":true}]}}