{"id":101,"date":"2019-03-18T23:48:40","date_gmt":"2019-03-19T02:48:40","guid":{"rendered":"http:\/\/www2.unifap.br\/ppglet\/?page_id=101"},"modified":"2022-05-17T15:20:30","modified_gmt":"2022-05-17T18:20:30","slug":"grupos-de-pesquisa","status":"publish","type":"page","link":"https:\/\/www2.unifap.br\/ppglet\/pesquisa\/grupos-de-pesquisa\/","title":{"rendered":"Grupos de Pesquisa"},"content":{"rendered":"<p><strong><a href=\"http:\/\/dgp.cnpq.br\/dgp\/espelhogrupo\/8950435138418830\" target=\"_blank\" rel=\"noopener\">G.E.D.A. &#8211; Grupo de Estudos Dram\u00e1ticos na Amaz\u00f4nia<\/a><\/strong><br \/>\n<em>Prof. Dr. Marco Aur\u00e9lio Rodrigues<\/em><\/p>\n<p><strong><a href=\"http:\/\/dgp.cnpq.br\/dgp\/espelhogrupo\/2457207036532477\" target=\"_blank\" rel=\"noopener\">Literatura e M\u00eddia<\/a><\/strong><br \/>\n<em>Profa. Dra. Joelma Santana Siqueira<\/em><\/p>\n<p><strong><a href=\"http:\/\/dgp.cnpq.br\/dgp\/espelhogrupo\/8769491492436842\" target=\"_blank\" rel=\"noopener\">NECID &#8211; N\u00facleo de Estudos em espa\u00e7os culturais, inclusivos e deliberativos<\/a><\/strong><br \/>\n<em>Prof. Dr. Emerson de Paula Silva e Jos\u00e9 Fl\u00e1vio Gon\u00e7alves da Fonseca<\/em><\/p>\n<p><strong><a href=\"http:\/\/dgp.cnpq.br\/dgp\/espelhogrupo\/6072190212494038\" target=\"_blank\" rel=\"noopener\">NUPEL &#8211; N\u00facleo de Pesquisas em Estudos Liter\u00e1rios<\/a><\/strong><br \/>\n<em>Profa. Dra. Fernanda Cristina da Encarna\u00e7\u00e3o dos Santos<\/em><\/p>\n<p>&nbsp;<\/p>\n","protected":false},"excerpt":{"rendered":"<p>G.E.D.A. &#8211; Grupo de Estudos Dram\u00e1ticos na Amaz\u00f4nia Prof. Dr. Marco Aur\u00e9lio Rodrigues Literatura e M\u00eddia Profa. Dra. Joelma Santana Siqueira NECID &#8211; N\u00facleo de Estudos em espa\u00e7os culturais, inclusivos e deliberativos Prof. Dr. Emerson de Paula Silva e Jos\u00e9 Fl\u00e1vio Gon\u00e7alves da Fonseca NUPEL &#8211; N\u00facleo de Pesquisas em Estudos Liter\u00e1rios Profa. Dra. Fernanda&#8230;<\/p>\n","protected":false},"author":3826,"featured_media":0,"parent":27,"menu_order":3,"comment_status":"closed","ping_status":"closed","template":"","meta":{"inline_featured_image":false,"ngg_post_thumbnail":0,"footnotes":""},"folder":[],"class_list":["post-101","page","type-page","status-publish","hentry","entry"],"_links":{"self":[{"href":"https:\/\/www2.unifap.br\/ppglet\/wp-json\/wp\/v2\/pages\/101","targetHints":{"allow":["GET"]}}],"collection":[{"href":"https:\/\/www2.unifap.br\/ppglet\/wp-json\/wp\/v2\/pages"}],"about":[{"href":"https:\/\/www2.unifap.br\/ppglet\/wp-json\/wp\/v2\/types\/page"}],"author":[{"embeddable":true,"href":"https:\/\/www2.unifap.br\/ppglet\/wp-json\/wp\/v2\/users\/3826"}],"replies":[{"embeddable":true,"href":"https:\/\/www2.unifap.br\/ppglet\/wp-json\/wp\/v2\/comments?post=101"}],"version-history":[{"count":4,"href":"https:\/\/www2.unifap.br\/ppglet\/wp-json\/wp\/v2\/pages\/101\/revisions"}],"predecessor-version":[{"id":1735,"href":"https:\/\/www2.unifap.br\/ppglet\/wp-json\/wp\/v2\/pages\/101\/revisions\/1735"}],"up":[{"embeddable":true,"href":"https:\/\/www2.unifap.br\/ppglet\/wp-json\/wp\/v2\/pages\/27"}],"wp:attachment":[{"href":"https:\/\/www2.unifap.br\/ppglet\/wp-json\/wp\/v2\/media?parent=101"}],"wp:term":[{"taxonomy":"folder","embeddable":true,"href":"https:\/\/www2.unifap.br\/ppglet\/wp-json\/wp\/v2\/folder?post=101"}],"curies":[{"name":"wp","href":"https:\/\/api.w.org\/{rel}","templated":true}]}}