{"id":1342,"date":"2022-04-05T14:55:33","date_gmt":"2022-04-05T17:55:33","guid":{"rendered":"https:\/\/www2.unifap.br\/ppglet\/?page_id=1342"},"modified":"2022-04-05T14:57:27","modified_gmt":"2022-04-05T17:57:27","slug":"agenda","status":"publish","type":"page","link":"https:\/\/www2.unifap.br\/ppglet\/agenda\/","title":{"rendered":"Agenda"},"content":{"rendered":"<div class=\"gmail_default\"><span style=\"font-family: georgia, serif;font-size: large\">Pr\u00f3ximas reuni\u00f5es do Programa de P\u00f3s-Gradua\u00e7\u00e3o em Letras<\/span><\/div>\n<div class=\"gmail_default\">&nbsp;<\/div>\n<div class=\"gmail_default\"><strong><span style=\"font-family: georgia, serif;font-size: large\">Abril &#8211; 20&nbsp;<\/span><\/strong><\/div>\n<div class=\"gmail_default\"><strong><span style=\"font-family: georgia, serif;font-size: large\">Maio &#8211; 11<\/span><\/strong><\/div>\n<div class=\"gmail_default\"><strong><span style=\"font-family: georgia, serif;font-size: large\">Junho &#8211; 17&nbsp;<\/span><\/strong><\/div>\n","protected":false},"excerpt":{"rendered":"<p>Pr\u00f3ximas reuni\u00f5es do Programa de P\u00f3s-Gradua\u00e7\u00e3o em Letras &nbsp; Abril &#8211; 20&nbsp; Maio &#8211; 11 Junho &#8211; 17&nbsp;<\/p>\n","protected":false},"author":3826,"featured_media":0,"parent":0,"menu_order":0,"comment_status":"closed","ping_status":"closed","template":"","meta":{"inline_featured_image":false,"ngg_post_thumbnail":0,"footnotes":""},"folder":[],"class_list":["post-1342","page","type-page","status-publish","hentry","entry"],"_links":{"self":[{"href":"https:\/\/www2.unifap.br\/ppglet\/wp-json\/wp\/v2\/pages\/1342","targetHints":{"allow":["GET"]}}],"collection":[{"href":"https:\/\/www2.unifap.br\/ppglet\/wp-json\/wp\/v2\/pages"}],"about":[{"href":"https:\/\/www2.unifap.br\/ppglet\/wp-json\/wp\/v2\/types\/page"}],"author":[{"embeddable":true,"href":"https:\/\/www2.unifap.br\/ppglet\/wp-json\/wp\/v2\/users\/3826"}],"replies":[{"embeddable":true,"href":"https:\/\/www2.unifap.br\/ppglet\/wp-json\/wp\/v2\/comments?post=1342"}],"version-history":[{"count":3,"href":"https:\/\/www2.unifap.br\/ppglet\/wp-json\/wp\/v2\/pages\/1342\/revisions"}],"predecessor-version":[{"id":1348,"href":"https:\/\/www2.unifap.br\/ppglet\/wp-json\/wp\/v2\/pages\/1342\/revisions\/1348"}],"wp:attachment":[{"href":"https:\/\/www2.unifap.br\/ppglet\/wp-json\/wp\/v2\/media?parent=1342"}],"wp:term":[{"taxonomy":"folder","embeddable":true,"href":"https:\/\/www2.unifap.br\/ppglet\/wp-json\/wp\/v2\/folder?post=1342"}],"curies":[{"name":"wp","href":"https:\/\/api.w.org\/{rel}","templated":true}]}}