{"id":1350,"date":"2022-04-05T14:59:42","date_gmt":"2022-04-05T17:59:42","guid":{"rendered":"https:\/\/www2.unifap.br\/ppglet\/?page_id=1350"},"modified":"2022-05-16T11:55:56","modified_gmt":"2022-05-16T14:55:56","slug":"normas-abnt","status":"publish","type":"page","link":"https:\/\/www2.unifap.br\/ppglet\/normas-abnt\/","title":{"rendered":"Normatiza\u00e7\u00e3o"},"content":{"rendered":"\t\t<div data-elementor-type=\"wp-page\" data-elementor-id=\"1350\" class=\"elementor elementor-1350\">\n\t\t\t\t\t\t<section class=\"elementor-section elementor-top-section elementor-element elementor-element-2bc365c8 elementor-section-boxed elementor-section-height-default elementor-section-height-default\" data-id=\"2bc365c8\" data-element_type=\"section\" data-e-type=\"section\">\n\t\t\t\t\t\t<div class=\"elementor-container elementor-column-gap-default\">\n\t\t\t\t\t<div class=\"elementor-column elementor-col-100 elementor-top-column elementor-element elementor-element-12f2cf39\" data-id=\"12f2cf39\" data-element_type=\"column\" data-e-type=\"column\">\n\t\t\t<div class=\"elementor-widget-wrap elementor-element-populated\">\n\t\t\t\t\t\t<div class=\"elementor-element elementor-element-3a58f131 elementor-widget elementor-widget-text-editor\" data-id=\"3a58f131\" data-element_type=\"widget\" data-e-type=\"widget\" data-widget_type=\"text-editor.default\">\n\t\t\t\t<div class=\"elementor-widget-container\">\n\t\t\t\t\t\t\t\t\t<h3><span style=\"color: #000000\">Aqui voc\u00ea encontra os documentos necess\u00e1rios para a padroniza\u00e7\u00e3o dos trabalhos entregues ao Programa de P\u00f3s-Gradua\u00e7\u00e3o em Letras.<\/span><\/h3>\n<p><span style=\"color: #000000\">Regulamento de Formata\u00e7\u00e3o e Normatiza\u00e7\u00e3o da Disserta\u00e7\u00e3o (<strong><a style=\"color: #000000\" href=\"http:\/\/www2.unifap.br\/ppglet\/files\/2022\/05\/Regulamento_Dissertacao_PPGLET.pdf\">.pdf<\/a><\/strong>)<\/span><br><span style=\"color: #000000\">Ap\u00eandice de Formata\u00e7\u00e3o e Normatiza\u00e7\u00e3o da Disserta\u00e7\u00e3o (<a style=\"color: #000000\" href=\"https:\/\/www2.unifap.br\/ppglet\/files\/2022\/05\/APENDICE_VERSAO-FINAL.pdf\"><strong>.pdf<\/strong><\/a>)<\/span><\/p>\n<p><span style=\"color: #000000\"><span style=\"font-size: 14px\">Modelo de Qualifica\u00e7\u00e3o (<\/span><strong style=\"font-size: 14px\"><a style=\"color: #000000\" href=\"https:\/\/www2.unifap.br\/ppglet\/files\/2022\/05\/MODELO_FINAL_QUALIFICACAO.docx\">.docx<\/a><\/strong><span style=\"font-size: 14px\">)<\/span><\/span><\/p>\n<p><span style=\"color: #000000\">Modelo de Disserta\u00e7\u00e3o (<a style=\"color: #000000\" href=\"https:\/\/www2.unifap.br\/ppglet\/files\/2022\/05\/MODELO_FINAL_DISSERTACAO.docx\"><strong>.docx<\/strong><\/a>)<\/span><\/p>\n<p><span style=\"color: #000000\">&nbsp;<span style=\"font-size: 14px\">Manual ABNT para formata\u00e7\u00e3o do trabalho cient\u00edfico (<\/span><strong style=\"font-size: 14px\"><a style=\"color: #000000\" href=\"http:\/\/www2.unifap.br\/ppglet\/files\/2022\/05\/Manual-de-Normatizacao.pdf\">.pdf<\/a><\/strong><span style=\"font-size: 14px\">)<\/span><\/span><\/p>\t\t\t\t\t\t\t\t<\/div>\n\t\t\t\t<\/div>\n\t\t\t\t\t<\/div>\n\t\t<\/div>\n\t\t\t\t\t<\/div>\n\t\t<\/section>\n\t\t\t\t<\/div>\n\t\t","protected":false},"excerpt":{"rendered":"<p>Aqui voc\u00ea encontra os documentos necess\u00e1rios para a padroniza\u00e7\u00e3o dos trabalhos entregues ao Programa de P\u00f3s-Gradua\u00e7\u00e3o em Letras. Regulamento de Formata\u00e7\u00e3o e Normatiza\u00e7\u00e3o da Disserta\u00e7\u00e3o (.pdf)Ap\u00eandice de Formata\u00e7\u00e3o e Normatiza\u00e7\u00e3o da Disserta\u00e7\u00e3o (.pdf) Modelo de Qualifica\u00e7\u00e3o (.docx) Modelo de Disserta\u00e7\u00e3o (.docx) &nbsp;Manual ABNT para formata\u00e7\u00e3o do trabalho cient\u00edfico (.pdf)<\/p>\n","protected":false},"author":3826,"featured_media":0,"parent":0,"menu_order":0,"comment_status":"closed","ping_status":"closed","template":"","meta":{"inline_featured_image":false,"ngg_post_thumbnail":0,"footnotes":""},"folder":[],"class_list":["post-1350","page","type-page","status-publish","hentry","entry"],"_links":{"self":[{"href":"https:\/\/www2.unifap.br\/ppglet\/wp-json\/wp\/v2\/pages\/1350","targetHints":{"allow":["GET"]}}],"collection":[{"href":"https:\/\/www2.unifap.br\/ppglet\/wp-json\/wp\/v2\/pages"}],"about":[{"href":"https:\/\/www2.unifap.br\/ppglet\/wp-json\/wp\/v2\/types\/page"}],"author":[{"embeddable":true,"href":"https:\/\/www2.unifap.br\/ppglet\/wp-json\/wp\/v2\/users\/3826"}],"replies":[{"embeddable":true,"href":"https:\/\/www2.unifap.br\/ppglet\/wp-json\/wp\/v2\/comments?post=1350"}],"version-history":[{"count":14,"href":"https:\/\/www2.unifap.br\/ppglet\/wp-json\/wp\/v2\/pages\/1350\/revisions"}],"predecessor-version":[{"id":1536,"href":"https:\/\/www2.unifap.br\/ppglet\/wp-json\/wp\/v2\/pages\/1350\/revisions\/1536"}],"wp:attachment":[{"href":"https:\/\/www2.unifap.br\/ppglet\/wp-json\/wp\/v2\/media?parent=1350"}],"wp:term":[{"taxonomy":"folder","embeddable":true,"href":"https:\/\/www2.unifap.br\/ppglet\/wp-json\/wp\/v2\/folder?post=1350"}],"curies":[{"name":"wp","href":"https:\/\/api.w.org\/{rel}","templated":true}]}}