{"id":3235,"date":"2025-07-15T21:46:52","date_gmt":"2025-07-16T00:46:52","guid":{"rendered":"https:\/\/www2.unifap.br\/ppglet\/?page_id=3235"},"modified":"2025-11-10T15:27:12","modified_gmt":"2025-11-10T18:27:12","slug":"credenciamento","status":"publish","type":"page","link":"https:\/\/www2.unifap.br\/ppglet\/docente\/credenciamento\/","title":{"rendered":"Credenciamento"},"content":{"rendered":"\t\t<div data-elementor-type=\"wp-page\" data-elementor-id=\"3235\" class=\"elementor elementor-3235\">\n\t\t\t\t\t\t<section class=\"elementor-section elementor-top-section elementor-element elementor-element-c3e4ad2 elementor-section-content-middle elementor-section-boxed elementor-section-height-default elementor-section-height-default\" data-id=\"c3e4ad2\" data-element_type=\"section\" data-e-type=\"section\" data-settings=\"{&quot;background_background&quot;:&quot;classic&quot;,&quot;shape_divider_bottom&quot;:&quot;opacity-tilt&quot;}\">\n\t\t\t\t\t\t\t<div class=\"elementor-background-overlay\"><\/div>\n\t\t\t\t\t\t<div class=\"elementor-shape elementor-shape-bottom\" aria-hidden=\"true\" data-negative=\"false\">\n\t\t\t<svg xmlns=\"http:\/\/www.w3.org\/2000\/svg\" viewBox=\"0 0 2600 131.1\" preserveAspectRatio=\"none\">\n\t<path class=\"elementor-shape-fill\" d=\"M0 0L2600 0 2600 69.1 0 0z\"\/>\n\t<path class=\"elementor-shape-fill\" style=\"opacity:0.5\" d=\"M0 0L2600 0 2600 69.1 0 69.1z\"\/>\n\t<path class=\"elementor-shape-fill\" style=\"opacity:0.25\" d=\"M2600 0L0 0 0 130.1 2600 69.1z\"\/>\n<\/svg>\t\t<\/div>\n\t\t\t\t\t<div class=\"elementor-container elementor-column-gap-default\">\n\t\t\t\t\t<div class=\"elementor-column elementor-col-100 elementor-top-column elementor-element elementor-element-25c20f1\" data-id=\"25c20f1\" data-element_type=\"column\" data-e-type=\"column\">\n\t\t\t<div class=\"elementor-widget-wrap elementor-element-populated\">\n\t\t\t\t\t\t<div class=\"elementor-element elementor-element-7a52413 elementor-widget elementor-widget-page-title\" data-id=\"7a52413\" data-element_type=\"widget\" data-e-type=\"widget\" data-widget_type=\"page-title.default\">\n\t\t\t\t<div class=\"elementor-widget-container\">\n\t\t\t\t\t\t\t\n\t\t<div class=\"hfe-page-title hfe-page-title-wrapper elementor-widget-heading\">\n\n\t\t\t\t\t\t\t\t<h1 class=\"elementor-heading-title elementor-size-default\">\n\t\t\t\t\t\t\t\t\n\t\t\t\tCredenciamento  \n\t\t\t<\/h1 > \n\t\t\t\t\t<\/div>\n\t\t\t\t\t\t<\/div>\n\t\t\t\t<\/div>\n\t\t\t\t<div class=\"elementor-element elementor-element-53a4141 elementor-widget elementor-widget-accordion\" data-id=\"53a4141\" data-element_type=\"widget\" data-e-type=\"widget\" data-widget_type=\"accordion.default\">\n\t\t\t\t<div class=\"elementor-widget-container\">\n\t\t\t\t\t\t\t<div class=\"elementor-accordion\">\n\t\t\t\t\t\t\t<div class=\"elementor-accordion-item\">\n\t\t\t\t\t<div id=\"elementor-tab-title-8771\" class=\"elementor-tab-title\" data-tab=\"1\" role=\"button\" aria-controls=\"elementor-tab-content-8771\" aria-expanded=\"false\">\n\t\t\t\t\t\t\t\t\t\t\t\t\t<span class=\"elementor-accordion-icon elementor-accordion-icon-left\" aria-hidden=\"true\">\n\t\t\t\t\t\t\t\t\t\t\t\t\t\t\t<span class=\"elementor-accordion-icon-closed\"><i class=\"fas fa-plus\"><\/i><\/span>\n\t\t\t\t\t\t\t\t<span class=\"elementor-accordion-icon-opened\"><i class=\"fas fa-minus\"><\/i><\/span>\n\t\t\t\t\t\t\t\t\t\t\t\t\t\t<\/span>\n\t\t\t\t\t\t\t\t\t\t\t\t<a class=\"elementor-accordion-title\" tabindex=\"0\">Edital N\u00ba 02\/2025 \u2013 Credenciamento de Professores \u2013 PPGLET\/UNIFAP<\/a>\n\t\t\t\t\t<\/div>\n\t\t\t\t\t<div id=\"elementor-tab-content-8771\" class=\"elementor-tab-content elementor-clearfix\" data-tab=\"1\" role=\"region\" aria-labelledby=\"elementor-tab-title-8771\"><p>O Programa de P\u00f3s-Gradua\u00e7\u00e3o em Letras da Universidade Federal do Amap\u00e1 (PPGLET\/UNIFAP), em conformidade com a RESOLU\u00c7\u00c3O N\u00ba 05\/2016\/CONSU-UNIFAP que aprova o Regimento Geral da P\u00f3s-Gradua\u00e7\u00e3o <em>Stricto Sensu<\/em>, o Regimento Interno do PPGLET, Artigos 14 e 15, e a Portaria da CAPES N\u00ba 81, DE 3 DE JUNHO DE 2016 &#8211; Art. 3\u00ba, torna p\u00fablico o presente Edital para credenciamento de docentes permanentes para atua\u00e7\u00e3o no quadri\u00eanio 2025-2028.<\/p><ol><li><a href=\"http:\/\/www2.unifap.br\/ppglet\/files\/2025\/03\/EDITAL-No-02_2025-PPGLET_UNIFAP.pdf\">EDITAL N\u00ba 02_2025-PPGLET_UNIFAP<\/a><\/li><li>Formul\u00e1rio de inscri\u00e7\u00e3o\u00a0<\/li><li><a href=\"http:\/\/www2.unifap.br\/ppglet\/files\/2025\/03\/Resultado-Provisorio-.pdf\">Resultado preliminar de inscri\u00e7\u00f5es<\/a><\/li><li><a href=\"http:\/\/www2.unifap.br\/ppglet\/files\/2025\/03\/Resultado-Provisorio-Analise-Curricular.pdf\">Resultado Provis\u00f3rio An\u00e1lise Curricular<\/a><\/li><li><a href=\"http:\/\/www2.unifap.br\/ppglet\/files\/2025\/03\/Resultado-Final-Credenciamento-.pdf\">Resultado Final Credenciamento<\/a><\/li><\/ol><\/div>\n\t\t\t\t<\/div>\n\t\t\t\t\t\t\t<div class=\"elementor-accordion-item\">\n\t\t\t\t\t<div id=\"elementor-tab-title-8772\" class=\"elementor-tab-title\" data-tab=\"2\" role=\"button\" aria-controls=\"elementor-tab-content-8772\" aria-expanded=\"false\">\n\t\t\t\t\t\t\t\t\t\t\t\t\t<span class=\"elementor-accordion-icon elementor-accordion-icon-left\" aria-hidden=\"true\">\n\t\t\t\t\t\t\t\t\t\t\t\t\t\t\t<span class=\"elementor-accordion-icon-closed\"><i class=\"fas fa-plus\"><\/i><\/span>\n\t\t\t\t\t\t\t\t<span class=\"elementor-accordion-icon-opened\"><i class=\"fas fa-minus\"><\/i><\/span>\n\t\t\t\t\t\t\t\t\t\t\t\t\t\t<\/span>\n\t\t\t\t\t\t\t\t\t\t\t\t<a class=\"elementor-accordion-title\" tabindex=\"0\">Chamada N. 03\/2020 \u2013 Credenciamento de Professores \u2013 PPGLET\/UNIFAP<\/a>\n\t\t\t\t\t<\/div>\n\t\t\t\t\t<div id=\"elementor-tab-content-8772\" class=\"elementor-tab-content elementor-clearfix\" data-tab=\"2\" role=\"region\" aria-labelledby=\"elementor-tab-title-8772\"><p style=\"text-align: justify\">A Universidade Federal do Amap\u00e1 (UNIFAP), por meio do Programa de P\u00f3s-Gradua\u00e7\u00e3o em Letras (PPGLET), torna p\u00fablico, pela presente chamada, a recep\u00e7\u00e3o de interesse de docentes\/pesquisadores\/as efetivos\/as, em regime de 40H, com dedica\u00e7\u00e3o exclusiva, de Institui\u00e7\u00f5es de Ensino Superior (IESs) e\/ou Institui\u00e7\u00f5es de Ci\u00eancia e Tecnologia (ICTs) para credenciamento no PPGLET.<\/p><p><a href=\"http:\/\/www2.unifap.br\/ppglet\/files\/2020\/06\/Chamada-para-credenciamento-2020-2021_final.pdf\" target=\"_blank\" rel=\"noopener\">12\/06\/2020 \u2013 Chamada 03\/2020 \u2013 Credenciamento de Professores \u2013 PPGLET\/UNIFAP<\/a><\/p><p><a href=\"http:\/\/www2.unifap.br\/ppglet\/files\/2020\/06\/Chamada_3_2020_ficha-de-inscri%C3%A7%C3%A3o_final.doc\" target=\"_blank\" rel=\"noopener\">12\/06\/2020 \u2013 Chamada 03\/2020 \u2013 Credenciamento de Professores \u2013 PPGLET\/UNIFAP \u2013 Anexo A \u2013 Ficha de Inscri\u00e7\u00e3o<\/a><\/p><p><a href=\"http:\/\/www2.unifap.br\/ppglet\/files\/2020\/06\/Chamada_3_2020_Formul%C3%A1rio-para-recurso_final.doc\" target=\"_blank\" rel=\"noopener\">12\/06\/2020 \u2013 Chamada 03\/2020 \u2013 Credenciamento de Professores \u2013 PPGLET\/UNIFAP \u2013 Anexo B \u2013 Formul\u00e1rio de Recurso<\/a><\/p><\/div>\n\t\t\t\t<\/div>\n\t\t\t\t\t\t\t<div class=\"elementor-accordion-item\">\n\t\t\t\t\t<div id=\"elementor-tab-title-8773\" class=\"elementor-tab-title\" data-tab=\"3\" role=\"button\" aria-controls=\"elementor-tab-content-8773\" aria-expanded=\"false\">\n\t\t\t\t\t\t\t\t\t\t\t\t\t<span class=\"elementor-accordion-icon elementor-accordion-icon-left\" aria-hidden=\"true\">\n\t\t\t\t\t\t\t\t\t\t\t\t\t\t\t<span class=\"elementor-accordion-icon-closed\"><i class=\"fas fa-plus\"><\/i><\/span>\n\t\t\t\t\t\t\t\t<span class=\"elementor-accordion-icon-opened\"><i class=\"fas fa-minus\"><\/i><\/span>\n\t\t\t\t\t\t\t\t\t\t\t\t\t\t<\/span>\n\t\t\t\t\t\t\t\t\t\t\t\t<a class=\"elementor-accordion-title\" tabindex=\"0\">Chamada N. 04\/2020 \u2013 Credenciamento de Professores \u2013 PPGLET\/UNIFAP<\/a>\n\t\t\t\t\t<\/div>\n\t\t\t\t\t<div id=\"elementor-tab-content-8773\" class=\"elementor-tab-content elementor-clearfix\" data-tab=\"3\" role=\"region\" aria-labelledby=\"elementor-tab-title-8773\"><p style=\"text-align: justify\">A Universidade Federal do Amap\u00e1 (UNIFAP), por meio do Programa de P\u00f3s-Gradua\u00e7\u00e3o em Letras (PPGLET), torna p\u00fablico, pela presente chamada, a recep\u00e7\u00e3o de interesse de docentes\/pesquisadores\/as efetivos\/as, em regime de 40H, com dedica\u00e7\u00e3o exclusiva, de Institui\u00e7\u00f5es de Ensino Superior (IESs) e\/ou Institui\u00e7\u00f5es de Ci\u00eancia e Tecnologia (ICTs)\u00a0 para credenciamento no PPGLET.<\/p><p><a href=\"http:\/\/www2.unifap.br\/ppglet\/files\/2019\/07\/Chamada_4_2019_Credenciamento_Docente.pdf\" target=\"_blank\" rel=\"noopener\">Chamada n. 4\/2019 Credenciamento de Professores \u2013 PPGLET\/UNIFAP<\/a><\/p><p><a href=\"http:\/\/www2.unifap.br\/ppglet\/files\/2019\/07\/Chamada_4_2019_Credenciamento_Docente_Anexo_A.docx\" target=\"_blank\" rel=\"noopener\">Chamada n.4\/2019 \u2013 Anexo A \u2013 Ficha de Inscri\u00e7\u00e3o<\/a><\/p><p><a href=\"http:\/\/www2.unifap.br\/ppglet\/files\/2019\/07\/Chamada_4_2019_Credenciamento_Docente_Anexo_A.pdf\" target=\"_blank\" rel=\"noopener\">Chamada n.4\/2019 \u2013 Anexo A \u2013 Ficha de Inscri\u00e7\u00e3o<\/a><\/p><p><a href=\"http:\/\/www2.unifap.br\/ppglet\/files\/2019\/07\/Chamada_4_2019_Credenciamento_Docente_Anexo_B.docx\" target=\"_blank\" rel=\"noopener\">Chamada n.4\/2019 \u2013 Anexo B \u2013 Formul\u00e1rio de Recurso<\/a><\/p><p><a href=\"http:\/\/www2.unifap.br\/ppglet\/files\/2019\/07\/Chamada_4_2019_Credenciamento_Docente_Anexo_B.pdf\" target=\"_blank\" rel=\"noopener\">Chamada n.4\/2019 \u2013 Anexo B \u2013 Formul\u00e1rio de Recurso<\/a><\/p><\/div>\n\t\t\t\t<\/div>\n\t\t\t\t\t\t\t\t<\/div>\n\t\t\t\t\t\t<\/div>\n\t\t\t\t<\/div>\n\t\t\t\t\t<\/div>\n\t\t<\/div>\n\t\t\t\t\t<\/div>\n\t\t<\/section>\n\t\t\t\t<\/div>\n\t\t","protected":false},"excerpt":{"rendered":"<p>Credenciamento Edital N\u00ba 02\/2025 \u2013 Credenciamento de Professores \u2013 PPGLET\/UNIFAP O Programa de P\u00f3s-Gradua\u00e7\u00e3o em Letras da Universidade Federal do Amap\u00e1 (PPGLET\/UNIFAP), em conformidade com a RESOLU\u00c7\u00c3O N\u00ba 05\/2016\/CONSU-UNIFAP que aprova o Regimento Geral da P\u00f3s-Gradua\u00e7\u00e3o Stricto Sensu, o Regimento Interno do PPGLET, Artigos 14 e 15, e a Portaria da CAPES N\u00ba 81, DE&#8230;<\/p>\n","protected":false},"author":3826,"featured_media":0,"parent":3237,"menu_order":2,"comment_status":"closed","ping_status":"closed","template":"elementor_header_footer","meta":{"inline_featured_image":false,"ngg_post_thumbnail":0,"footnotes":""},"folder":[17],"class_list":["post-3235","page","type-page","status-publish","hentry","entry"],"_links":{"self":[{"href":"https:\/\/www2.unifap.br\/ppglet\/wp-json\/wp\/v2\/pages\/3235","targetHints":{"allow":["GET"]}}],"collection":[{"href":"https:\/\/www2.unifap.br\/ppglet\/wp-json\/wp\/v2\/pages"}],"about":[{"href":"https:\/\/www2.unifap.br\/ppglet\/wp-json\/wp\/v2\/types\/page"}],"author":[{"embeddable":true,"href":"https:\/\/www2.unifap.br\/ppglet\/wp-json\/wp\/v2\/users\/3826"}],"replies":[{"embeddable":true,"href":"https:\/\/www2.unifap.br\/ppglet\/wp-json\/wp\/v2\/comments?post=3235"}],"version-history":[{"count":22,"href":"https:\/\/www2.unifap.br\/ppglet\/wp-json\/wp\/v2\/pages\/3235\/revisions"}],"predecessor-version":[{"id":3845,"href":"https:\/\/www2.unifap.br\/ppglet\/wp-json\/wp\/v2\/pages\/3235\/revisions\/3845"}],"up":[{"embeddable":true,"href":"https:\/\/www2.unifap.br\/ppglet\/wp-json\/wp\/v2\/pages\/3237"}],"wp:attachment":[{"href":"https:\/\/www2.unifap.br\/ppglet\/wp-json\/wp\/v2\/media?parent=3235"}],"wp:term":[{"taxonomy":"folder","embeddable":true,"href":"https:\/\/www2.unifap.br\/ppglet\/wp-json\/wp\/v2\/folder?post=3235"}],"curies":[{"name":"wp","href":"https:\/\/api.w.org\/{rel}","templated":true}]}}