{"id":3319,"date":"2025-07-16T17:19:46","date_gmt":"2025-07-16T20:19:46","guid":{"rendered":"https:\/\/www2.unifap.br\/ppglet\/?page_id=3319"},"modified":"2025-07-16T17:30:36","modified_gmt":"2025-07-16T20:30:36","slug":"dissertacoes","status":"publish","type":"page","link":"https:\/\/www2.unifap.br\/ppglet\/discentes\/dissertacoes\/","title":{"rendered":"Disserta\u00e7\u00f5es"},"content":{"rendered":"\t\t<div data-elementor-type=\"wp-page\" data-elementor-id=\"3319\" class=\"elementor elementor-3319\">\n\t\t\t\t\t\t<section class=\"elementor-section elementor-top-section elementor-element elementor-element-892a7eb elementor-section-content-middle elementor-section-boxed elementor-section-height-default elementor-section-height-default\" data-id=\"892a7eb\" data-element_type=\"section\" data-e-type=\"section\" data-settings=\"{&quot;background_background&quot;:&quot;classic&quot;,&quot;shape_divider_bottom&quot;:&quot;opacity-tilt&quot;}\">\n\t\t\t\t\t\t\t<div class=\"elementor-background-overlay\"><\/div>\n\t\t\t\t\t\t<div class=\"elementor-shape elementor-shape-bottom\" aria-hidden=\"true\" data-negative=\"false\">\n\t\t\t<svg xmlns=\"http:\/\/www.w3.org\/2000\/svg\" viewBox=\"0 0 2600 131.1\" preserveAspectRatio=\"none\">\n\t<path class=\"elementor-shape-fill\" d=\"M0 0L2600 0 2600 69.1 0 0z\"\/>\n\t<path class=\"elementor-shape-fill\" style=\"opacity:0.5\" d=\"M0 0L2600 0 2600 69.1 0 69.1z\"\/>\n\t<path class=\"elementor-shape-fill\" style=\"opacity:0.25\" d=\"M2600 0L0 0 0 130.1 2600 69.1z\"\/>\n<\/svg>\t\t<\/div>\n\t\t\t\t\t<div class=\"elementor-container elementor-column-gap-default\">\n\t\t\t\t\t<div class=\"elementor-column elementor-col-100 elementor-top-column elementor-element elementor-element-95cf84d\" data-id=\"95cf84d\" data-element_type=\"column\" data-e-type=\"column\">\n\t\t\t<div class=\"elementor-widget-wrap elementor-element-populated\">\n\t\t\t\t\t\t<div class=\"elementor-element elementor-element-e2365ff elementor-widget elementor-widget-page-title\" data-id=\"e2365ff\" data-element_type=\"widget\" data-e-type=\"widget\" data-widget_type=\"page-title.default\">\n\t\t\t\t<div class=\"elementor-widget-container\">\n\t\t\t\t\t\t\t\n\t\t<div class=\"hfe-page-title hfe-page-title-wrapper elementor-widget-heading\">\n\n\t\t\t\t\t\t\t\t<h1 class=\"elementor-heading-title elementor-size-default\">\n\t\t\t\t\t\t\t\t\n\t\t\t\tDisserta\u00e7\u00f5es  \n\t\t\t<\/h1 > \n\t\t\t\t\t<\/div>\n\t\t\t\t\t\t<\/div>\n\t\t\t\t<\/div>\n\t\t\t\t<div class=\"elementor-element elementor-element-49d6462 elementor-widget elementor-widget-accordion\" data-id=\"49d6462\" data-element_type=\"widget\" data-e-type=\"widget\" data-widget_type=\"accordion.default\">\n\t\t\t\t<div class=\"elementor-widget-container\">\n\t\t\t\t\t\t\t<div class=\"elementor-accordion\">\n\t\t\t\t\t\t\t<div class=\"elementor-accordion-item\">\n\t\t\t\t\t<div id=\"elementor-tab-title-7741\" class=\"elementor-tab-title\" data-tab=\"1\" role=\"button\" aria-controls=\"elementor-tab-content-7741\" aria-expanded=\"false\">\n\t\t\t\t\t\t\t\t\t\t\t\t\t<span class=\"elementor-accordion-icon elementor-accordion-icon-left\" aria-hidden=\"true\">\n\t\t\t\t\t\t\t\t\t\t\t\t\t\t\t<span class=\"elementor-accordion-icon-closed\"><i class=\"fas fa-plus\"><\/i><\/span>\n\t\t\t\t\t\t\t\t<span class=\"elementor-accordion-icon-opened\"><i class=\"fas fa-minus\"><\/i><\/span>\n\t\t\t\t\t\t\t\t\t\t\t\t\t\t<\/span>\n\t\t\t\t\t\t\t\t\t\t\t\t<a class=\"elementor-accordion-title\" tabindex=\"0\">Turma 2019<\/a>\n\t\t\t\t\t<\/div>\n\t\t\t\t\t<div id=\"elementor-tab-content-7741\" class=\"elementor-tab-content elementor-clearfix\" data-tab=\"1\" role=\"region\" aria-labelledby=\"elementor-tab-title-7741\"><p><strong>JANINA DOS SANTOS FORTE<\/strong>\u00a0(<strong><a href=\"http:\/\/www2.unifap.br\/ppglet\/files\/2022\/05\/DISSERTACAO-JANINA-SANTOS-FORTE-FINAL-JAN-2022-FOLHA-CATA-2.pdf\">.pdf<\/a><\/strong>)<br \/><em>Pota: a cura pelas palavras Karipuna, Galibi-Marworno e Palikur<\/em><\/p><p><strong>JORLA\u00cdNE MONTEIRO GIR\u00c3O DE ALMEIDA<\/strong>\u00a0(<strong><a href=\"http:\/\/www2.unifap.br\/ppglet\/files\/2022\/05\/3_Dissertacao-Jorlaine-de-Almeida.pdf\">.pdf<\/a><\/strong>)<br \/><em>Imagens de controle e o mito da beleza: uma an\u00e1lise dos esteri\u00f3tipos de g\u00eanero na obra \u201cExageros e delicadezas\u201d, de Carla Nobre<\/em><\/p><p><strong>JULIANA T\u00c1VORA DE MENDON\u00c7A LIMA<\/strong>\u00a0(<strong><a href=\"http:\/\/www2.unifap.br\/ppglet\/files\/2022\/05\/Dissertacao-Juliana-Tavora-Versao-Final.pdf\">.pdf<\/a><\/strong>)<br \/><em>\u201cCara de homossexual terr\u00edvel\u201d: imagem po\u00e9tica e representatividade LGBT+ na poesia amapaense<\/em><\/p><p><strong>KERLLYO BARBOSA MACIEL<\/strong>\u00a0(<a href=\"http:\/\/www2.unifap.br\/ppglet\/files\/2022\/05\/Dissertacao.versao.final_.kerllyo.maciel.pdf\"><strong>.pdf<\/strong><\/a>)<br \/><em>Mem\u00f3rias de Ladr\u00f5es: narrativas po\u00e9ticas amapaenses, literatura, cultura, tradi\u00e7\u00e3o oral e religiosidade nas cantigas de Marabaixo<\/em><\/p><p><strong>MARIA S\u00d4NIA ANIK\u00c1<\/strong>\u00a0(<strong><a href=\"http:\/\/www2.unifap.br\/ppglet\/files\/2022\/05\/Dissertacao-Maria-Sonia-Anika-Final-1.pdf\">.pdf<\/a><\/strong>)<br \/><em>Ensino de l\u00edngua kheuol karipuna na escola ind\u00edgena Jorge Iaparr\u00e1<\/em><\/p><\/div>\n\t\t\t\t<\/div>\n\t\t\t\t\t\t\t\t<\/div>\n\t\t\t\t\t\t<\/div>\n\t\t\t\t<\/div>\n\t\t\t\t\t<\/div>\n\t\t<\/div>\n\t\t\t\t\t<\/div>\n\t\t<\/section>\n\t\t\t\t<\/div>\n\t\t","protected":false},"excerpt":{"rendered":"<p>Disserta\u00e7\u00f5es Turma 2019 JANINA DOS SANTOS FORTE\u00a0(.pdf)Pota: a cura pelas palavras Karipuna, Galibi-Marworno e Palikur JORLA\u00cdNE MONTEIRO GIR\u00c3O DE ALMEIDA\u00a0(.pdf)Imagens de controle e o mito da beleza: uma an\u00e1lise dos esteri\u00f3tipos de g\u00eanero na obra \u201cExageros e delicadezas\u201d, de Carla Nobre JULIANA T\u00c1VORA DE MENDON\u00c7A LIMA\u00a0(.pdf)\u201cCara de homossexual terr\u00edvel\u201d: imagem po\u00e9tica e representatividade LGBT+ na&#8230;<\/p>\n","protected":false},"author":3826,"featured_media":0,"parent":3304,"menu_order":0,"comment_status":"closed","ping_status":"closed","template":"elementor_header_footer","meta":{"inline_featured_image":false,"ngg_post_thumbnail":0,"footnotes":""},"folder":[18],"class_list":["post-3319","page","type-page","status-publish","hentry","entry"],"_links":{"self":[{"href":"https:\/\/www2.unifap.br\/ppglet\/wp-json\/wp\/v2\/pages\/3319","targetHints":{"allow":["GET"]}}],"collection":[{"href":"https:\/\/www2.unifap.br\/ppglet\/wp-json\/wp\/v2\/pages"}],"about":[{"href":"https:\/\/www2.unifap.br\/ppglet\/wp-json\/wp\/v2\/types\/page"}],"author":[{"embeddable":true,"href":"https:\/\/www2.unifap.br\/ppglet\/wp-json\/wp\/v2\/users\/3826"}],"replies":[{"embeddable":true,"href":"https:\/\/www2.unifap.br\/ppglet\/wp-json\/wp\/v2\/comments?post=3319"}],"version-history":[{"count":7,"href":"https:\/\/www2.unifap.br\/ppglet\/wp-json\/wp\/v2\/pages\/3319\/revisions"}],"predecessor-version":[{"id":3328,"href":"https:\/\/www2.unifap.br\/ppglet\/wp-json\/wp\/v2\/pages\/3319\/revisions\/3328"}],"up":[{"embeddable":true,"href":"https:\/\/www2.unifap.br\/ppglet\/wp-json\/wp\/v2\/pages\/3304"}],"wp:attachment":[{"href":"https:\/\/www2.unifap.br\/ppglet\/wp-json\/wp\/v2\/media?parent=3319"}],"wp:term":[{"taxonomy":"folder","embeddable":true,"href":"https:\/\/www2.unifap.br\/ppglet\/wp-json\/wp\/v2\/folder?post=3319"}],"curies":[{"name":"wp","href":"https:\/\/api.w.org\/{rel}","templated":true}]}}