{"id":3356,"date":"2025-07-16T21:53:10","date_gmt":"2025-07-17T00:53:10","guid":{"rendered":"https:\/\/www2.unifap.br\/ppglet\/?page_id=3356"},"modified":"2025-12-18T15:36:41","modified_gmt":"2025-12-18T18:36:41","slug":"chamadas-de-bolsas","status":"publish","type":"page","link":"https:\/\/www2.unifap.br\/ppglet\/discentes\/chamadas-de-bolsas\/","title":{"rendered":"Chamadas de Bolsas"},"content":{"rendered":"\t\t<div data-elementor-type=\"wp-page\" data-elementor-id=\"3356\" class=\"elementor elementor-3356\">\n\t\t\t\t\t\t<section class=\"elementor-section elementor-top-section elementor-element elementor-element-892a7eb elementor-section-content-middle elementor-section-boxed elementor-section-height-default elementor-section-height-default\" data-id=\"892a7eb\" data-element_type=\"section\" data-e-type=\"section\" data-settings=\"{&quot;background_background&quot;:&quot;classic&quot;,&quot;shape_divider_bottom&quot;:&quot;opacity-tilt&quot;}\">\n\t\t\t\t\t\t\t<div class=\"elementor-background-overlay\"><\/div>\n\t\t\t\t\t\t<div class=\"elementor-shape elementor-shape-bottom\" aria-hidden=\"true\" data-negative=\"false\">\n\t\t\t<svg xmlns=\"http:\/\/www.w3.org\/2000\/svg\" viewBox=\"0 0 2600 131.1\" preserveAspectRatio=\"none\">\n\t<path class=\"elementor-shape-fill\" d=\"M0 0L2600 0 2600 69.1 0 0z\"\/>\n\t<path class=\"elementor-shape-fill\" style=\"opacity:0.5\" d=\"M0 0L2600 0 2600 69.1 0 69.1z\"\/>\n\t<path class=\"elementor-shape-fill\" style=\"opacity:0.25\" d=\"M2600 0L0 0 0 130.1 2600 69.1z\"\/>\n<\/svg>\t\t<\/div>\n\t\t\t\t\t<div class=\"elementor-container elementor-column-gap-default\">\n\t\t\t\t\t<div class=\"elementor-column elementor-col-100 elementor-top-column elementor-element elementor-element-95cf84d\" data-id=\"95cf84d\" data-element_type=\"column\" data-e-type=\"column\">\n\t\t\t<div class=\"elementor-widget-wrap elementor-element-populated\">\n\t\t\t\t\t\t<div class=\"elementor-element elementor-element-e2365ff elementor-widget elementor-widget-page-title\" data-id=\"e2365ff\" data-element_type=\"widget\" data-e-type=\"widget\" data-widget_type=\"page-title.default\">\n\t\t\t\t<div class=\"elementor-widget-container\">\n\t\t\t\t\t\t\t\n\t\t<div class=\"hfe-page-title hfe-page-title-wrapper elementor-widget-heading\">\n\n\t\t\t\t\t\t\t\t<h1 class=\"elementor-heading-title elementor-size-default\">\n\t\t\t\t\t\t\t\t\n\t\t\t\tChamadas de Bolsas  \n\t\t\t<\/h1 > \n\t\t\t\t\t<\/div>\n\t\t\t\t\t\t<\/div>\n\t\t\t\t<\/div>\n\t\t\t\t<div class=\"elementor-element elementor-element-4aad5f0 elementor-widget elementor-widget-accordion\" data-id=\"4aad5f0\" data-element_type=\"widget\" data-e-type=\"widget\" data-widget_type=\"accordion.default\">\n\t\t\t\t<div class=\"elementor-widget-container\">\n\t\t\t\t\t\t\t<div class=\"elementor-accordion\">\n\t\t\t\t\t\t\t<div class=\"elementor-accordion-item\">\n\t\t\t\t\t<div id=\"elementor-tab-title-7831\" class=\"elementor-tab-title\" data-tab=\"1\" role=\"button\" aria-controls=\"elementor-tab-content-7831\" aria-expanded=\"false\">\n\t\t\t\t\t\t\t\t\t\t\t\t\t<span class=\"elementor-accordion-icon elementor-accordion-icon-left\" aria-hidden=\"true\">\n\t\t\t\t\t\t\t\t\t\t\t\t\t\t\t<span class=\"elementor-accordion-icon-closed\"><i class=\"fas fa-plus\"><\/i><\/span>\n\t\t\t\t\t\t\t\t<span class=\"elementor-accordion-icon-opened\"><i class=\"fas fa-minus\"><\/i><\/span>\n\t\t\t\t\t\t\t\t\t\t\t\t\t\t<\/span>\n\t\t\t\t\t\t\t\t\t\t\t\t<a class=\"elementor-accordion-title\" tabindex=\"0\">Chamada N. 01\/2025, de 03 de dezembro de 2025<\/a>\n\t\t\t\t\t<\/div>\n\t\t\t\t\t<div id=\"elementor-tab-content-7831\" class=\"elementor-tab-content elementor-clearfix\" data-tab=\"1\" role=\"region\" aria-labelledby=\"elementor-tab-title-7831\"><p><span style=\"font-weight: 400\">O Programa de P\u00f3s-Gradua\u00e7\u00e3o em Letras (PPGLET) torna p\u00fablica a abertura de inscri\u00e7\u00f5es para o processo de sele\u00e7\u00e3o interno de mestrandos\/as ingressantes por meio do Edital n. 1\/2025- PPGLET\/UNIFAP, regularmente matriculados\/as, interessados\/as em preencher 02 (duas) vagas para Bolsas de Estudos &#8211; Demanda Social (DS) da Coordena\u00e7\u00e3o de Aperfei\u00e7oamento de Pessoal de N\u00edvel Superior (CAPES), conforme disp\u00f5e a Portaria CAPES n. 76, de 14 de abril de 2010.<\/span><\/p><p><a href=\"http:\/\/www2.unifap.br\/ppglet\/files\/2025\/12\/0_Chamada_Bolsa_PPGLET-2.docx.pdf\">Chamada N. 3\/2025, de 03 de dezembro de 2025\u00a0<\/a>&#8211; 03\/12\/2025<\/p><p><a href=\"http:\/\/www2.unifap.br\/ppglet\/files\/2025\/12\/RETIFICACAO.pdf\">Retifica\u00e7\u00e3o N. 01 \u2013 Chamada \u2013 Bolsa CAPES\/DS<\/a>\u00a0-12\/12\/2025<\/p><p><a href=\"http:\/\/www2.unifap.br\/ppglet\/files\/2019\/07\/1_Formulario_Cadastro_bolsista_CAPES_DS.pdf\" target=\"_blank\" rel=\"noopener\">Anexo 1 \u2013 Formul\u00e1rio de Cadastro de Bolsista da CAPES-DS<\/a>\u00a0&#8211;<span style=\"font-family: 'Roboto Slab', sans-serif;font-size: 14px;font-style: normal;font-weight: 400\">03\/12\/2025<\/span><\/p><p><a href=\"http:\/\/www2.unifap.br\/ppglet\/files\/2019\/07\/2_Termo_CompromissoDS.pdf\" target=\"_blank\" rel=\"noopener\">Anexo 2 \u2013 Termo de Compromisso<\/a>\u00a0&#8211;\u00a0<span style=\"font-family: 'Roboto Slab', sans-serif;font-size: 14px;font-style: normal;font-weight: 400\">03\/12\/2025<\/span><\/p><p><a href=\"http:\/\/www2.unifap.br\/ppglet\/files\/2025\/12\/HOMOLOGACAO-DAS-INSCRICOES.docx.pdf\">Resultado provis\u00f3rio de homologa\u00e7\u00e3o de inscri\u00e7\u00f5es &#8211; 12\/12\/2025<\/a><\/p><p><a href=\"http:\/\/www2.unifap.br\/ppglet\/files\/2025\/12\/RESULTADO-DE-RECURSO-.pdf\">Resultado de Recurso &#8211; 18\/12\/2025<\/a><\/p><p><a href=\"http:\/\/www2.unifap.br\/ppglet\/files\/2025\/12\/ANALISE-DA-DOCUMENTACAO-E-RESULTADO-FINAL-.pdf\">Resultado Final da Sele\u00e7\u00e3o &#8211; 18\/12\/2025<\/a><\/p><\/div>\n\t\t\t\t<\/div>\n\t\t\t\t\t\t\t\t<\/div>\n\t\t\t\t\t\t<\/div>\n\t\t\t\t<\/div>\n\t\t\t\t<div class=\"elementor-element elementor-element-c217f6f elementor-widget elementor-widget-accordion\" data-id=\"c217f6f\" data-element_type=\"widget\" data-e-type=\"widget\" data-widget_type=\"accordion.default\">\n\t\t\t\t<div class=\"elementor-widget-container\">\n\t\t\t\t\t\t\t<div class=\"elementor-accordion\">\n\t\t\t\t\t\t\t<div class=\"elementor-accordion-item\">\n\t\t\t\t\t<div id=\"elementor-tab-title-2031\" class=\"elementor-tab-title\" data-tab=\"1\" role=\"button\" aria-controls=\"elementor-tab-content-2031\" aria-expanded=\"false\">\n\t\t\t\t\t\t\t\t\t\t\t\t\t<span class=\"elementor-accordion-icon elementor-accordion-icon-left\" aria-hidden=\"true\">\n\t\t\t\t\t\t\t\t\t\t\t\t\t\t\t<span class=\"elementor-accordion-icon-closed\"><i class=\"fas fa-plus\"><\/i><\/span>\n\t\t\t\t\t\t\t\t<span class=\"elementor-accordion-icon-opened\"><i class=\"fas fa-minus\"><\/i><\/span>\n\t\t\t\t\t\t\t\t\t\t\t\t\t\t<\/span>\n\t\t\t\t\t\t\t\t\t\t\t\t<a class=\"elementor-accordion-title\" tabindex=\"0\">Chamada N. 3\/2019, de 04 de julho de 2019<\/a>\n\t\t\t\t\t<\/div>\n\t\t\t\t\t<div id=\"elementor-tab-content-2031\" class=\"elementor-tab-content elementor-clearfix\" data-tab=\"1\" role=\"region\" aria-labelledby=\"elementor-tab-title-2031\"><p>O Programa de P\u00f3s-Gradua\u00e7\u00e3o em Letras (PPGLET) torna p\u00fablica a abertura de inscri\u00e7\u00f5es para o processo de sele\u00e7\u00e3o interno de mestrandos ingressantes por meio do Edital n. 01\/2018-PPGLET\/UNIFAP, regularmente matriculados, interessados em preencher<strong>\u00a002 (duas) vagas para Bolsas de Estudos \u2013 Demanda Social (DS) da Coordena\u00e7\u00e3o de Aperfei\u00e7oamento de Pessoal de N\u00edvel Superior (CAPES)<\/strong>, conforme disp\u00f5e a Portaria CAPES n. 76, de 14 de abril de 2010.<\/p><p><a href=\"http:\/\/www2.unifap.br\/ppglet\/files\/2019\/07\/0_Chamada_Bolsa_PPGLET.pdf\" target=\"_blank\" rel=\"noopener\">Chamada N. 3\/2019, de 04 de julho de 2019<\/a><\/p><p><a href=\"http:\/\/www2.unifap.br\/ppglet\/files\/2019\/07\/Retificacao_Chamada_Bolsa_PPGLET.pdf\" target=\"_blank\" rel=\"noopener\">Retifica\u00e7\u00e3o N. 01 \u2013 Chamada \u2013 Bolsa CAPES\/DS<\/a><\/p><p><a href=\"http:\/\/www2.unifap.br\/ppglet\/files\/2019\/07\/1_Formulario_Cadastro_bolsista_CAPES_DS.pdf\" target=\"_blank\" rel=\"noopener\">Anexo 1 \u2013 Formul\u00e1rio de Cadastro de Bolsista da CAPES-DS<\/a><\/p><p><a href=\"http:\/\/www2.unifap.br\/ppglet\/files\/2019\/07\/2_Termo_CompromissoDS.pdf\" target=\"_blank\" rel=\"noopener\">Anexo 2 \u2013 Termo de Compromisso<\/a><\/p><p><a href=\"http:\/\/www2.unifap.br\/ppglet\/files\/2019\/07\/3_Termo_Limite_BolsaDS.pdf\" target=\"_blank\" rel=\"noopener\">Anexo 3 \u2013 Termo de ci\u00eancia de limite de parcela de bolsas do PPGLET<\/a><\/p><p><a href=\"http:\/\/www2.unifap.br\/ppglet\/files\/2019\/07\/4_Recibo_Documentos_Bolsa.pdf\" target=\"_blank\" rel=\"noopener\">Anexo 4 \u2013 Recibo<\/a><\/p><p><a href=\"http:\/\/www2.unifap.br\/ppglet\/files\/2019\/07\/Chamada_bolsas_resultado.pdf\" target=\"_blank\" rel=\"noopener\">Resultado das Bolsas CAPES\/DS \u2013 PPGLET<\/a><\/p><\/div>\n\t\t\t\t<\/div>\n\t\t\t\t\t\t\t\t<\/div>\n\t\t\t\t\t\t<\/div>\n\t\t\t\t<\/div>\n\t\t\t\t\t<\/div>\n\t\t<\/div>\n\t\t\t\t\t<\/div>\n\t\t<\/section>\n\t\t\t\t<\/div>\n\t\t","protected":false},"excerpt":{"rendered":"<p>Chamadas de Bolsas Chamada N. 01\/2025, de 03 de dezembro de 2025 O Programa de P\u00f3s-Gradua\u00e7\u00e3o em Letras (PPGLET) torna p\u00fablica a abertura de inscri\u00e7\u00f5es para o processo de sele\u00e7\u00e3o interno de mestrandos\/as ingressantes por meio do Edital n. 1\/2025- PPGLET\/UNIFAP, regularmente matriculados\/as, interessados\/as em preencher 02 (duas) vagas para Bolsas de Estudos &#8211; Demanda&#8230;<\/p>\n","protected":false},"author":3826,"featured_media":0,"parent":3304,"menu_order":0,"comment_status":"closed","ping_status":"closed","template":"elementor_header_footer","meta":{"inline_featured_image":false,"ngg_post_thumbnail":0,"footnotes":""},"folder":[18],"class_list":["post-3356","page","type-page","status-publish","hentry","entry"],"_links":{"self":[{"href":"https:\/\/www2.unifap.br\/ppglet\/wp-json\/wp\/v2\/pages\/3356","targetHints":{"allow":["GET"]}}],"collection":[{"href":"https:\/\/www2.unifap.br\/ppglet\/wp-json\/wp\/v2\/pages"}],"about":[{"href":"https:\/\/www2.unifap.br\/ppglet\/wp-json\/wp\/v2\/types\/page"}],"author":[{"embeddable":true,"href":"https:\/\/www2.unifap.br\/ppglet\/wp-json\/wp\/v2\/users\/3826"}],"replies":[{"embeddable":true,"href":"https:\/\/www2.unifap.br\/ppglet\/wp-json\/wp\/v2\/comments?post=3356"}],"version-history":[{"count":25,"href":"https:\/\/www2.unifap.br\/ppglet\/wp-json\/wp\/v2\/pages\/3356\/revisions"}],"predecessor-version":[{"id":3935,"href":"https:\/\/www2.unifap.br\/ppglet\/wp-json\/wp\/v2\/pages\/3356\/revisions\/3935"}],"up":[{"embeddable":true,"href":"https:\/\/www2.unifap.br\/ppglet\/wp-json\/wp\/v2\/pages\/3304"}],"wp:attachment":[{"href":"https:\/\/www2.unifap.br\/ppglet\/wp-json\/wp\/v2\/media?parent=3356"}],"wp:term":[{"taxonomy":"folder","embeddable":true,"href":"https:\/\/www2.unifap.br\/ppglet\/wp-json\/wp\/v2\/folder?post=3356"}],"curies":[{"name":"wp","href":"https:\/\/api.w.org\/{rel}","templated":true}]}}