{"id":787,"date":"2020-06-11T21:01:59","date_gmt":"2020-06-12T00:01:59","guid":{"rendered":"http:\/\/www2.unifap.br\/ppglet\/?page_id=787"},"modified":"2022-05-15T18:05:03","modified_gmt":"2022-05-15T21:05:03","slug":"docentes","status":"publish","type":"page","link":"https:\/\/www2.unifap.br\/ppglet\/docentes\/","title":{"rendered":"Docentes"},"content":{"rendered":"<p>Aqui voc\u00ea encontra a lista de&nbsp;<strong> <a href=\"https:\/\/www2.unifap.br\/ppglet\/docentes\/permanentes\/\">Docentes Permanentes<\/a><\/strong> do Programa e suas respectivas \u00e1reas de atua\u00e7\u00e3o.<\/p>\n","protected":false},"excerpt":{"rendered":"<p>Aqui voc\u00ea encontra a lista de&nbsp; Docentes Permanentes do Programa e suas respectivas \u00e1reas de atua\u00e7\u00e3o.<\/p>\n","protected":false},"author":3826,"featured_media":0,"parent":0,"menu_order":1,"comment_status":"closed","ping_status":"closed","template":"","meta":{"inline_featured_image":false,"ngg_post_thumbnail":0,"footnotes":""},"folder":[],"class_list":["post-787","page","type-page","status-publish","hentry","entry"],"_links":{"self":[{"href":"https:\/\/www2.unifap.br\/ppglet\/wp-json\/wp\/v2\/pages\/787","targetHints":{"allow":["GET"]}}],"collection":[{"href":"https:\/\/www2.unifap.br\/ppglet\/wp-json\/wp\/v2\/pages"}],"about":[{"href":"https:\/\/www2.unifap.br\/ppglet\/wp-json\/wp\/v2\/types\/page"}],"author":[{"embeddable":true,"href":"https:\/\/www2.unifap.br\/ppglet\/wp-json\/wp\/v2\/users\/3826"}],"replies":[{"embeddable":true,"href":"https:\/\/www2.unifap.br\/ppglet\/wp-json\/wp\/v2\/comments?post=787"}],"version-history":[{"count":7,"href":"https:\/\/www2.unifap.br\/ppglet\/wp-json\/wp\/v2\/pages\/787\/revisions"}],"predecessor-version":[{"id":1497,"href":"https:\/\/www2.unifap.br\/ppglet\/wp-json\/wp\/v2\/pages\/787\/revisions\/1497"}],"wp:attachment":[{"href":"https:\/\/www2.unifap.br\/ppglet\/wp-json\/wp\/v2\/media?parent=787"}],"wp:term":[{"taxonomy":"folder","embeddable":true,"href":"https:\/\/www2.unifap.br\/ppglet\/wp-json\/wp\/v2\/folder?post=787"}],"curies":[{"name":"wp","href":"https:\/\/api.w.org\/{rel}","templated":true}]}}