{"id":850,"date":"2020-07-27T17:06:18","date_gmt":"2020-07-27T20:06:18","guid":{"rendered":"http:\/\/www2.unifap.br\/ppglet\/?page_id=850"},"modified":"2020-07-27T17:23:39","modified_gmt":"2020-07-27T20:23:39","slug":"webinarioclii","status":"publish","type":"page","link":"https:\/\/www2.unifap.br\/ppglet\/eventos\/webinarioclii\/","title":{"rendered":"WEBIN\u00c1RIO DO CLII: DA REDE \u00c0 REDE"},"content":{"rendered":"<p><a href=\"https:\/\/www.even3.com.br\/webinarioclii\/\"><img fetchpriority=\"high\" decoding=\"async\" class=\"alignnone size-medium wp-image-822 aligncenter\" src=\"http:\/\/www2.unifap.br\/ppglet\/files\/2020\/07\/Divulga\u00e7\u00e3o-300x251.jpeg\" alt=\"\" width=\"300\" height=\"251\" srcset=\"https:\/\/www2.unifap.br\/ppglet\/files\/2020\/07\/Divulga\u00e7\u00e3o-300x251.jpeg 300w, https:\/\/www2.unifap.br\/ppglet\/files\/2020\/07\/Divulga\u00e7\u00e3o-768x644.jpeg 768w, https:\/\/www2.unifap.br\/ppglet\/files\/2020\/07\/Divulga\u00e7\u00e3o.jpeg 940w\" sizes=\"(max-width: 300px) 100vw, 300px\" \/><\/a><\/p>\n<p>O Webin\u00e1rio do CLII \u2013 \u201cDa rede \u00e0 rede\u201d \u00e9 um espa\u00e7o digital e midi\u00e1tico que o Curso de Licenciatura Intercultural Ind\u00edgena da Universidade Federal do Amap\u00e1\/CLII-UNIFAP criou para articular pessoas, pesquisadores, professores, lideran\u00e7as e intelectuais da rede de suas casas ou aldeias \u00e0 rede de ideias que a internet conecta. A partir de di\u00e1logos, conversas, palestras, debates, discuss\u00f5es, entrevistas e\/ou relatos o WEBCLII possibilita que vozes ind\u00edgenas e n\u00e3o ind\u00edgenas possam cruzar caminhos, fomentar ideias, questionar fazeres, desconstruir certezas hist\u00f3ricas equivocadas, revelar saberes e, sobretudo, compartilhar hist\u00f3rias e mem\u00f3rias que constru\u00edram e constroem o pensamento contempor\u00e2neo acerca da tem\u00e1tica \u201cpovos ind\u00edgenas\u201d. Visite nosso site e acesse a programa\u00e7\u00e3o.<br \/>\nInscri\u00e7\u00f5es abertas!<\/p>\n<p>Mais informa\u00e7\u00f5es:<a href=\"http:\/\/www.even3.com.br\/webinarioclii\/\">&nbsp;www.even3.com.br\/webinarioclii\/<\/a><\/p>\n","protected":false},"excerpt":{"rendered":"<p>O Webin\u00e1rio do CLII \u2013 \u201cDa rede \u00e0 rede\u201d \u00e9 um espa\u00e7o digital e midi\u00e1tico que o Curso de Licenciatura Intercultural Ind\u00edgena da Universidade Federal do Amap\u00e1\/CLII-UNIFAP criou para articular pessoas, pesquisadores, professores, lideran\u00e7as e intelectuais da rede de suas casas ou aldeias \u00e0 rede de ideias que a internet conecta. A partir de di\u00e1logos,&#8230;<\/p>\n","protected":false},"author":3826,"featured_media":0,"parent":39,"menu_order":-2,"comment_status":"closed","ping_status":"closed","template":"","meta":{"inline_featured_image":false,"ngg_post_thumbnail":0,"footnotes":""},"folder":[],"class_list":["post-850","page","type-page","status-publish","hentry","entry"],"_links":{"self":[{"href":"https:\/\/www2.unifap.br\/ppglet\/wp-json\/wp\/v2\/pages\/850","targetHints":{"allow":["GET"]}}],"collection":[{"href":"https:\/\/www2.unifap.br\/ppglet\/wp-json\/wp\/v2\/pages"}],"about":[{"href":"https:\/\/www2.unifap.br\/ppglet\/wp-json\/wp\/v2\/types\/page"}],"author":[{"embeddable":true,"href":"https:\/\/www2.unifap.br\/ppglet\/wp-json\/wp\/v2\/users\/3826"}],"replies":[{"embeddable":true,"href":"https:\/\/www2.unifap.br\/ppglet\/wp-json\/wp\/v2\/comments?post=850"}],"version-history":[{"count":1,"href":"https:\/\/www2.unifap.br\/ppglet\/wp-json\/wp\/v2\/pages\/850\/revisions"}],"predecessor-version":[{"id":851,"href":"https:\/\/www2.unifap.br\/ppglet\/wp-json\/wp\/v2\/pages\/850\/revisions\/851"}],"up":[{"embeddable":true,"href":"https:\/\/www2.unifap.br\/ppglet\/wp-json\/wp\/v2\/pages\/39"}],"wp:attachment":[{"href":"https:\/\/www2.unifap.br\/ppglet\/wp-json\/wp\/v2\/media?parent=850"}],"wp:term":[{"taxonomy":"folder","embeddable":true,"href":"https:\/\/www2.unifap.br\/ppglet\/wp-json\/wp\/v2\/folder?post=850"}],"curies":[{"name":"wp","href":"https:\/\/api.w.org\/{rel}","templated":true}]}}