{"id":4731,"date":"2019-10-23T21:53:15","date_gmt":"2019-10-23T21:53:15","guid":{"rendered":"http:\/\/www2.unifap.br\/prefeitura\/?page_id=4731"},"modified":"2020-09-01T20:12:47","modified_gmt":"2020-09-01T20:12:47","slug":"informativos-e-documentos","status":"publish","type":"page","link":"https:\/\/www2.unifap.br\/prefeitura\/informativos-e-documentos\/","title":{"rendered":"Informativos e Documentos"},"content":{"rendered":"<p><a href=\"http:\/\/www2.unifap.br\/prefeitura\/files\/2019\/10\/Processo_de_Demanda_de_Manuten\u00e7\u00e3o.pdf\">Processo_de_Demanda_de_Manuten\u00e7\u00e3o<\/a><\/p>\n<p>&nbsp;<\/p>\n<p>Desenho do POP&nbsp; &#8211; Demanda de Manuten\u00e7\u00e3o<\/p>\n<p><a href=\"http:\/\/www2.unifap.br\/prefeitura\/files\/2019\/10\/Fluxo-de-processo-da-DIMANUT.png\"><img fetchpriority=\"high\" decoding=\"async\" class=\"aligncenter size-large wp-image-4733\" src=\"http:\/\/www2.unifap.br\/prefeitura\/files\/2019\/10\/Fluxo-de-processo-da-DIMANUT-1024x299.png\" alt=\"\" width=\"640\" height=\"187\" srcset=\"https:\/\/www2.unifap.br\/prefeitura\/files\/2019\/10\/Fluxo-de-processo-da-DIMANUT-1024x299.png 1024w, https:\/\/www2.unifap.br\/prefeitura\/files\/2019\/10\/Fluxo-de-processo-da-DIMANUT-300x88.png 300w, https:\/\/www2.unifap.br\/prefeitura\/files\/2019\/10\/Fluxo-de-processo-da-DIMANUT-768x225.png 768w\" sizes=\"(max-width: 640px) 100vw, 640px\" \/><\/a><\/p>\n<p><a href=\"http:\/\/www2.unifap.br\/prefeitura\/files\/2020\/09\/FORMUL\u00c1RIO-DE-SOLICITA\u00c7\u00c3O-DE-PROJETOS.doc\">FORMUL\u00c1RIO DE SOLICITA\u00c7\u00c3O DE PROJETOS<\/a><\/p>\n","protected":false},"excerpt":{"rendered":"<p>Processo_de_Demanda_de_Manuten\u00e7\u00e3o &nbsp; Desenho do POP&nbsp; &#8211; Demanda de Manuten\u00e7\u00e3o FORMUL\u00c1RIO DE SOLICITA\u00c7\u00c3O DE PROJETOS<\/p>\n","protected":false},"author":23,"featured_media":0,"parent":0,"menu_order":0,"comment_status":"closed","ping_status":"closed","template":"","meta":{"inline_featured_image":false,"ngg_post_thumbnail":0,"footnotes":""},"class_list":["post-4731","page","type-page","status-publish","hentry"],"_links":{"self":[{"href":"https:\/\/www2.unifap.br\/prefeitura\/wp-json\/wp\/v2\/pages\/4731","targetHints":{"allow":["GET"]}}],"collection":[{"href":"https:\/\/www2.unifap.br\/prefeitura\/wp-json\/wp\/v2\/pages"}],"about":[{"href":"https:\/\/www2.unifap.br\/prefeitura\/wp-json\/wp\/v2\/types\/page"}],"author":[{"embeddable":true,"href":"https:\/\/www2.unifap.br\/prefeitura\/wp-json\/wp\/v2\/users\/23"}],"replies":[{"embeddable":true,"href":"https:\/\/www2.unifap.br\/prefeitura\/wp-json\/wp\/v2\/comments?post=4731"}],"version-history":[{"count":4,"href":"https:\/\/www2.unifap.br\/prefeitura\/wp-json\/wp\/v2\/pages\/4731\/revisions"}],"predecessor-version":[{"id":4870,"href":"https:\/\/www2.unifap.br\/prefeitura\/wp-json\/wp\/v2\/pages\/4731\/revisions\/4870"}],"wp:attachment":[{"href":"https:\/\/www2.unifap.br\/prefeitura\/wp-json\/wp\/v2\/media?parent=4731"}],"curies":[{"name":"wp","href":"https:\/\/api.w.org\/{rel}","templated":true}]}}