{"id":155,"date":"2023-12-21T10:09:55","date_gmt":"2023-12-21T13:09:55","guid":{"rendered":"https:\/\/www2.unifap.br\/prmsc\/?page_id=155"},"modified":"2023-12-21T10:09:55","modified_gmt":"2023-12-21T13:09:55","slug":"processo-seletivo-2024","status":"publish","type":"page","link":"https:\/\/www2.unifap.br\/prmsc\/processo-seletivo\/processo-seletivo-2024\/","title":{"rendered":"Processo seletivo 2024"},"content":{"rendered":"<div class=\"v-card__title mx-1 fix\" data-v-38503fc4=\"\"><strong>Edital N\u00ba 02\/2023 &#8211; COREMU\/UNIFAP<\/strong><\/div>\n<div class=\"v-card__text\" data-v-38503fc4=\"\">\n<div class=\"row px-1\" data-v-38503fc4=\"\">\n<div class=\"col\" data-v-38503fc4=\"\">\n<div data-v-38503fc4=\"\">\n<p>A Coordena\u00e7\u00e3o do Programa de Resid\u00eancia Multiprofissional em Sa\u00fade Coletiva\u2013COREMU da Universidade Federal do Amap\u00e1 &#8211; UNIFAP, por meio da Presid\u00eancia da Comiss\u00e3o do Processo Seletivo 2024 (Portaria n\u00b02204\/2023-PROPESPG\/UNIFAP), situado no Bloco de P\u00f3s-Gradua\u00e7\u00e3o da UNIFAP, Campus Marco Zero do Equador, Rodovia Juscelino Kubistchek, Km 02, Bairro Marco Zero, Macap\u00e1 \u2013 AP, CEP 68903-419, torna p\u00fablico o presente Edital de Sele\u00e7\u00e3o de candidatos ao Programa de Resid\u00eancia Multiprofissional em Sa\u00fade Coletiva (PRMSC) nas \u00e1reas de concentra\u00e7\u00e3o Sa\u00fade da Crian\u00e7a e do Adolescente; Sa\u00fade do Adulto e do Idoso; Sa\u00fade Mental, institu\u00eddo pelo Art.13 da Lei N\u00ba 11.129\/2005 e regulamentado pela Portaria Interministerial N\u00ba 1.077 de 12 de novembro de 2009, a qual disp\u00f5e sobre a Resid\u00eancia Multiprofissional em Sa\u00fade e institui o Programa Nacional de Bolsas para Resid\u00eancias Multiprofissionais em \u00c1rea Profissional da Sa\u00fade e a Comiss\u00e3o Nacional de Resid\u00eancia Multiprofissional em Sa\u00fade<\/p>\n<p><span style=\"color: #ff0000\"><strong>Per\u00edodo de Inscri\u00e7\u00e3o: 02\/01\/2024 a 19\/01\/2024<\/strong><\/span><\/p>\n<p>O Edital e demais documentos est\u00e3o publicados em <a href=\"https:\/\/depsec.unifap.br\/concursos\/processos\/658432d031ea93ce1350146f\">https:\/\/depsec.unifap.br\/concursos\/processos\/658432d031ea93ce1350146f<\/a><\/p>\n<p>&nbsp;<\/p>\n<\/div>\n<\/div>\n<\/div>\n<\/div>\n","protected":false},"excerpt":{"rendered":"<p>Edital N\u00ba 02\/2023 &#8211; COREMU\/UNIFAP A Coordena\u00e7\u00e3o do Programa de Resid\u00eancia Multiprofissional em Sa\u00fade Coletiva\u2013COREMU da Universidade Federal do Amap\u00e1&#8230;<\/p>\n","protected":false},"author":3921,"featured_media":0,"parent":44,"menu_order":6,"comment_status":"closed","ping_status":"closed","template":"","meta":{"inline_featured_image":false,"site-sidebar-layout":"default","site-content-layout":"","ast-site-content-layout":"default","site-content-style":"default","site-sidebar-style":"default","ast-global-header-display":"","ast-banner-title-visibility":"","ast-main-header-display":"","ast-hfb-above-header-display":"","ast-hfb-below-header-display":"","ast-hfb-mobile-header-display":"","site-post-title":"","ast-breadcrumbs-content":"","ast-featured-img":"","footer-sml-layout":"","theme-transparent-header-meta":"","adv-header-id-meta":"","stick-header-meta":"","header-above-stick-meta":"","header-main-stick-meta":"","header-below-stick-meta":"","astra-migrate-meta-layouts":"default","ast-page-background-enabled":"default","ast-page-background-meta":{"desktop":{"background-color":"var(--ast-global-color-4)","background-image":"","background-repeat":"repeat","background-position":"center center","background-size":"auto","background-attachment":"scroll","background-type":"","background-media":"","overlay-type":"","overlay-color":"","overlay-opacity":"","overlay-gradient":""},"tablet":{"background-color":"","background-image":"","background-repeat":"repeat","background-position":"center center","background-size":"auto","background-attachment":"scroll","background-type":"","background-media":"","overlay-type":"","overlay-color":"","overlay-opacity":"","overlay-gradient":""},"mobile":{"background-color":"","background-image":"","background-repeat":"repeat","background-position":"center center","background-size":"auto","background-attachment":"scroll","background-type":"","background-media":"","overlay-type":"","overlay-color":"","overlay-opacity":"","overlay-gradient":""}},"ast-content-background-meta":{"desktop":{"background-color":"var(--ast-global-color-5)","background-image":"","background-repeat":"repeat","background-position":"center center","background-size":"auto","background-attachment":"scroll","background-type":"","background-media":"","overlay-type":"","overlay-color":"","overlay-opacity":"","overlay-gradient":""},"tablet":{"background-color":"var(--ast-global-color-5)","background-image":"","background-repeat":"repeat","background-position":"center center","background-size":"auto","background-attachment":"scroll","background-type":"","background-media":"","overlay-type":"","overlay-color":"","overlay-opacity":"","overlay-gradient":""},"mobile":{"background-color":"var(--ast-global-color-5)","background-image":"","background-repeat":"repeat","background-position":"center center","background-size":"auto","background-attachment":"scroll","background-type":"","background-media":"","overlay-type":"","overlay-color":"","overlay-opacity":"","overlay-gradient":""}},"ngg_post_thumbnail":0,"footnotes":""},"class_list":["post-155","page","type-page","status-publish","hentry"],"_links":{"self":[{"href":"https:\/\/www2.unifap.br\/prmsc\/wp-json\/wp\/v2\/pages\/155","targetHints":{"allow":["GET"]}}],"collection":[{"href":"https:\/\/www2.unifap.br\/prmsc\/wp-json\/wp\/v2\/pages"}],"about":[{"href":"https:\/\/www2.unifap.br\/prmsc\/wp-json\/wp\/v2\/types\/page"}],"author":[{"embeddable":true,"href":"https:\/\/www2.unifap.br\/prmsc\/wp-json\/wp\/v2\/users\/3921"}],"replies":[{"embeddable":true,"href":"https:\/\/www2.unifap.br\/prmsc\/wp-json\/wp\/v2\/comments?post=155"}],"version-history":[{"count":2,"href":"https:\/\/www2.unifap.br\/prmsc\/wp-json\/wp\/v2\/pages\/155\/revisions"}],"predecessor-version":[{"id":157,"href":"https:\/\/www2.unifap.br\/prmsc\/wp-json\/wp\/v2\/pages\/155\/revisions\/157"}],"up":[{"embeddable":true,"href":"https:\/\/www2.unifap.br\/prmsc\/wp-json\/wp\/v2\/pages\/44"}],"wp:attachment":[{"href":"https:\/\/www2.unifap.br\/prmsc\/wp-json\/wp\/v2\/media?parent=155"}],"curies":[{"name":"wp","href":"https:\/\/api.w.org\/{rel}","templated":true}]}}