{"id":206,"date":"2017-07-14T16:15:01","date_gmt":"2017-07-14T19:15:01","guid":{"rendered":"http:\/\/www2.unifap.br\/processos\/?page_id=206"},"modified":"2017-07-14T17:09:04","modified_gmt":"2017-07-14T20:09:04","slug":"dgo","status":"publish","type":"page","link":"https:\/\/www2.unifap.br\/processos\/proplan\/dgo\/","title":{"rendered":"DGO"},"content":{"rendered":"<p><strong>Departamento de Gest\u00e3o Or\u00e7ament\u00e1ria<\/strong><\/p>\n","protected":false},"excerpt":{"rendered":"<p>Departamento de Gest\u00e3o Or\u00e7ament\u00e1ria<\/p>\n","protected":false},"author":1735,"featured_media":0,"parent":15,"menu_order":0,"comment_status":"closed","ping_status":"closed","template":"template-onecolumn.php","meta":{"inline_featured_image":false,"ngg_post_thumbnail":0,"footnotes":""},"class_list":["post-206","page","type-page","status-publish","hentry"],"_links":{"self":[{"href":"https:\/\/www2.unifap.br\/processos\/wp-json\/wp\/v2\/pages\/206","targetHints":{"allow":["GET"]}}],"collection":[{"href":"https:\/\/www2.unifap.br\/processos\/wp-json\/wp\/v2\/pages"}],"about":[{"href":"https:\/\/www2.unifap.br\/processos\/wp-json\/wp\/v2\/types\/page"}],"author":[{"embeddable":true,"href":"https:\/\/www2.unifap.br\/processos\/wp-json\/wp\/v2\/users\/1735"}],"replies":[{"embeddable":true,"href":"https:\/\/www2.unifap.br\/processos\/wp-json\/wp\/v2\/comments?post=206"}],"version-history":[{"count":1,"href":"https:\/\/www2.unifap.br\/processos\/wp-json\/wp\/v2\/pages\/206\/revisions"}],"predecessor-version":[{"id":207,"href":"https:\/\/www2.unifap.br\/processos\/wp-json\/wp\/v2\/pages\/206\/revisions\/207"}],"up":[{"embeddable":true,"href":"https:\/\/www2.unifap.br\/processos\/wp-json\/wp\/v2\/pages\/15"}],"wp:attachment":[{"href":"https:\/\/www2.unifap.br\/processos\/wp-json\/wp\/v2\/media?parent=206"}],"curies":[{"name":"wp","href":"https:\/\/api.w.org\/{rel}","templated":true}]}}