{"id":2143,"date":"2015-08-10T12:48:58","date_gmt":"2015-08-10T12:48:58","guid":{"rendered":"http:\/\/www2.unifap.br\/procri\/?page_id=2143"},"modified":"2015-08-18T12:58:19","modified_gmt":"2015-08-18T12:58:19","slug":"programa-top-espana","status":"publish","type":"page","link":"https:\/\/www2.unifap.br\/procri\/programasinternacionais\/programa-top-espana\/","title":{"rendered":"Programa Top Espa\u00f1a"},"content":{"rendered":"<p style=\"text-align: center\"><a href=\"http:\/\/www2.unifap.br\/procri\/files\/2015\/08\/bolsas-topespanha.jpg\"><img fetchpriority=\"high\" decoding=\"async\" class=\"wp-image-2164 aligncenter\" alt=\"bolsas-topespanha\" src=\"http:\/\/www2.unifap.br\/procri\/files\/2015\/08\/bolsas-topespanha.jpg\" width=\"508\" height=\"174\" srcset=\"https:\/\/www2.unifap.br\/procri\/files\/2015\/08\/bolsas-topespanha.jpg 847w, https:\/\/www2.unifap.br\/procri\/files\/2015\/08\/bolsas-topespanha-300x102.jpg 300w\" sizes=\"(max-width: 508px) 100vw, 508px\" \/><\/a><\/p>\n<p style=\"text-align: justify\">O Programa de Bolsas Top Espa\u00f1a do Santander Universidades foi lan\u00e7ado em 2010 e tem como objetivo incentivar que alunos de gradua\u00e7\u00e3o e professores aprimorem seus conhecimentos no idioma espanhol e na cultura espanhola, por meio de um curso de 3 semanas em uma das institui\u00e7\u00f5es mais tradicionais da Europa &#8211; a Universidad de Salamanca.<\/p>\n<div style=\"text-align: justify\">A bolsa proporciona as passagens (ida e volta) para \u00e0 cidade de Salamanca \u2013 Espanha. Inclu\u00edda ainda na bolsa alimenta\u00e7\u00e3o e hospedagem na Universidade de Salamanca pelo per\u00edodo de 03 (tr\u00eas) semanas.<\/div>\n<h3 style=\"text-align: left\"><a href=\"http:\/\/www2.unifap.br\/procri\/2015\/08\/07\/a-experiencia-da-estudante-de-direito-nelcilene-agostinho-da-unifap-com-programa-santander-top-espana-2015\/\"><img decoding=\"async\" class=\"size-medium wp-image-2259 alignleft\" alt=\"20150629_102724-768x1024\" src=\"http:\/\/www2.unifap.br\/procri\/files\/2015\/08\/20150629_102724-768x10241-284x300.jpg\" width=\"284\" height=\"300\" srcset=\"https:\/\/www2.unifap.br\/procri\/files\/2015\/08\/20150629_102724-768x10241-284x300.jpg 284w, https:\/\/www2.unifap.br\/procri\/files\/2015\/08\/20150629_102724-768x10241.jpg 684w\" sizes=\"(max-width: 284px) 100vw, 284px\" \/><\/a><span style=\"color: #ff6600\">Confira os editais\u00a0anteriores para o programa:<\/span><\/h3>\n<ul style=\"text-align: left\">\n<li>\n<blockquote style=\"margin: 0 0 0 40px;border: none;padding: 0px\">\n<blockquote style=\"margin: 0 0 0 40px;border: none;padding: 0px\"><p>\u00a0 Top Espa\u00f1a 2015<\/p><\/blockquote>\n<\/blockquote>\n<\/li>\n<\/ul>\n<p style=\"padding-left: 30px;text-align: left\"><span style=\"font-size: 1em\"><a href=\"http:\/\/www2.unifap.br\/procri\/2015\/03\/05\/edital-top-espana-2015\/\">Edital N\u00ba01\/2015\/PROCRI\/UNIFAP<\/a><br \/>\n<\/span><a style=\"font-size: 1em\" href=\"http:\/\/www2.unifap.br\/procri\/files\/2015\/04\/RESULTADO-DA-SELE%C3%87%C3%83O-DO-PROGRAMA-TOP-SPA%C3%91A-20151.pdf\">Resultado<\/a><\/p>\n<ul style=\"text-align: left\">\n<li>\n<h4>\u00a0 Top Espa\u00f1a 2014<\/h4>\n<\/li>\n<\/ul>\n<p style=\"padding-left: 30px;text-align: left\"><a href=\"http:\/\/www2.unifap.br\/procri\/2014\/04\/08\/bolsa-top-espana\/\">Edital N\u00ba02\/2014\/PROCRI\/UNIFAP<\/a><br \/>\n<a href=\"http:\/\/www2.unifap.br\/procri\/2014\/06\/02\/recurso-interposto-ao-top-espana-e-resultado-definitivo\">Resultado<\/a><\/p>\n<ul style=\"text-align: left\">\n<li>\n<h4>\u00a0 Top Espa\u00f1a 2013<\/h4>\n<\/li>\n<\/ul>\n<p style=\"padding-left: 30px;text-align: left\"><a href=\"http:\/\/www2.unifap.br\/procri\/files\/2013\/08\/EDITAL-N%C2%BA04-2013-PROCRI-UNIFAP-BOLSA-MOBILIDADE-TOP-ESPANHA-SANTANDER1.pdf\">Edital N\u00ba04\/2013\/PROCRI\/UNIFAP<\/a><br \/>\n<a href=\"http:\/\/www2.unifap.br\/procri\/files\/2013\/11\/RESULTADO-BOLSA-TOP-SPA%C3%91A1.pdf\">Resultado<\/a><\/p>\n","protected":false},"excerpt":{"rendered":"<p>O Programa de Bolsas Top Espa\u00f1a do Santander Universidades foi lan\u00e7ado em 2010 e tem como objetivo incentivar que alunos de gradua\u00e7\u00e3o e professores aprimorem seus conhecimentos no idioma espanhol e na cultura espanhola, por meio de um curso de 3 semanas em uma das institui\u00e7\u00f5es mais tradicionais da Europa &#8211; a Universidad de Salamanca&#8230;.<\/p>\n","protected":false},"author":189,"featured_media":0,"parent":2106,"menu_order":0,"comment_status":"open","ping_status":"open","template":"","meta":{"inline_featured_image":false,"ngg_post_thumbnail":0,"footnotes":""},"class_list":["post-2143","page","type-page","status-publish","hentry","entry"],"_links":{"self":[{"href":"https:\/\/www2.unifap.br\/procri\/wp-json\/wp\/v2\/pages\/2143","targetHints":{"allow":["GET"]}}],"collection":[{"href":"https:\/\/www2.unifap.br\/procri\/wp-json\/wp\/v2\/pages"}],"about":[{"href":"https:\/\/www2.unifap.br\/procri\/wp-json\/wp\/v2\/types\/page"}],"author":[{"embeddable":true,"href":"https:\/\/www2.unifap.br\/procri\/wp-json\/wp\/v2\/users\/189"}],"replies":[{"embeddable":true,"href":"https:\/\/www2.unifap.br\/procri\/wp-json\/wp\/v2\/comments?post=2143"}],"version-history":[{"count":12,"href":"https:\/\/www2.unifap.br\/procri\/wp-json\/wp\/v2\/pages\/2143\/revisions"}],"predecessor-version":[{"id":2165,"href":"https:\/\/www2.unifap.br\/procri\/wp-json\/wp\/v2\/pages\/2143\/revisions\/2165"}],"up":[{"embeddable":true,"href":"https:\/\/www2.unifap.br\/procri\/wp-json\/wp\/v2\/pages\/2106"}],"wp:attachment":[{"href":"https:\/\/www2.unifap.br\/procri\/wp-json\/wp\/v2\/media?parent=2143"}],"curies":[{"name":"wp","href":"https:\/\/api.w.org\/{rel}","templated":true}]}}