{"id":3367,"date":"2017-07-19T12:17:27","date_gmt":"2017-07-19T12:17:27","guid":{"rendered":"http:\/\/www2.unifap.br\/procri\/?page_id=3367"},"modified":"2017-09-29T23:06:36","modified_gmt":"2017-09-29T23:06:36","slug":"edital-no-102017procriunifap-auxilio-pesquisador-para-mobilidade-internacional-regiao-guianas-e-caribe","status":"publish","type":"page","link":"https:\/\/www2.unifap.br\/procri\/bolsas-para-pesquisa\/editais-2017\/edital-no-102017procriunifap-auxilio-pesquisador-para-mobilidade-internacional-regiao-guianas-e-caribe\/","title":{"rendered":"EDITAL N\u00ba 10\/2017\/PROCRI\/UNIFAP &#8211; AUX\u00cdLIO PESQUISADOR PARA MOBILIDADE INTERNACIONAL &#8220;REGI\u00c3O GUIANAS E CARIBE&#8221;"},"content":{"rendered":"<p style=\"text-align: center\">A <b>UNIVERSIDADE FEDERAL DO AMAP\u00c1 &#8211; UNIFAP<\/b>, atrav\u00e9s da Pr\u00f3-Reitoria de Coopera\u00e7\u00e3o e Rela\u00e7\u00f5es Interinstitucionais &#8211; PROCRI, torna p\u00fablica a inscri\u00e7\u00e3o e sele\u00e7\u00e3o de professores da institui\u00e7\u00e3o para participarem do <b>AUX\u00cdLIO PESQUISADOR PARA MOBILIDADE INTERNACIONAL \u201cREGI\u00c3O GUIANAS E CARIBE\u201d.<\/b><\/p>\n<p style=\"text-align: center\"><a href=\"http:\/\/www2.unifap.br\/procri\/files\/2017\/07\/EDITAL-10_2017_MOB.-REGI\u00c3O-GUIANAS-E-CARIBE2.pdf\">EDITAL\u00a0<\/a><\/p>\n<p style=\"text-align: center\"><a href=\"http:\/\/www2.unifap.br\/procri\/files\/2017\/07\/ANEXOS-I-II4.docx\">ANEXOS I-II<\/a><\/p>\n<p style=\"text-align: center\"><a href=\"http:\/\/www2.unifap.br\/procri\/files\/2017\/07\/ANEXO-III-PLANILHA-DE-PONTUA\u00c7\u00c3O4.docx\">ANEXO III &#8211; PLANILHA DE PONTUA\u00c7\u00c3O<\/a><\/p>\n<p style=\"text-align: center\"><a href=\"http:\/\/www2.unifap.br\/procri\/files\/2017\/07\/ANEXOS-IV-V-VI4.docx\">ANEXOS IV-V-VI<\/a>\u00a0&#8211; PRESTA\u00c7\u00c3O DE CONTAS<\/p>\n<p style=\"text-align: center\">\u00a0<a href=\"http:\/\/www2.unifap.br\/procri\/files\/2017\/07\/ANEXO-VII-UNIV-PARCEIRAS2.docx\">ANEXO VII &#8211; UNIV PARCEIRAS<\/a><\/p>\n<p style=\"text-align: center\"><a href=\"http:\/\/www2.unifap.br\/procri\/files\/2017\/07\/Formul\u00e1rio-de-Recurso.docx\">Formul\u00e1rio de Recurso<\/a><\/p>\n<p style=\"text-align: center\"><a href=\"http:\/\/www2.unifap.br\/procri\/files\/2017\/07\/RESULTADO-PRELIMINAR-EDITAL-10_2017_MOB-GUIANAS-E-CARIBE.pdf\">RESULTADO PRELIMINAR\u00a0<\/a><\/p>\n<p style=\"text-align: center\"><a href=\"http:\/\/www2.unifap.br\/procri\/files\/2017\/07\/RESULTADO-FINAL-EDITAL-10_2017_MOB-GUIANAS-E-CARIBE.pdf\">RESULTADO FINAL\u00a0<\/a><\/p>\n","protected":false},"excerpt":{"rendered":"<p>A UNIVERSIDADE FEDERAL DO AMAP\u00c1 &#8211; UNIFAP, atrav\u00e9s da Pr\u00f3-Reitoria de Coopera\u00e7\u00e3o e Rela\u00e7\u00f5es Interinstitucionais &#8211; PROCRI, torna p\u00fablica a inscri\u00e7\u00e3o e sele\u00e7\u00e3o de professores da institui\u00e7\u00e3o para participarem do AUX\u00cdLIO PESQUISADOR PARA MOBILIDADE INTERNACIONAL \u201cREGI\u00c3O GUIANAS E CARIBE\u201d. EDITAL\u00a0 ANEXOS I-II ANEXO III &#8211; PLANILHA DE PONTUA\u00c7\u00c3O ANEXOS IV-V-VI\u00a0&#8211; PRESTA\u00c7\u00c3O DE CONTAS \u00a0ANEXO VII&#8230;<\/p>\n","protected":false},"author":888,"featured_media":0,"parent":3039,"menu_order":9,"comment_status":"open","ping_status":"closed","template":"","meta":{"inline_featured_image":false,"ngg_post_thumbnail":0,"footnotes":""},"class_list":["post-3367","page","type-page","status-publish","hentry","entry"],"_links":{"self":[{"href":"https:\/\/www2.unifap.br\/procri\/wp-json\/wp\/v2\/pages\/3367","targetHints":{"allow":["GET"]}}],"collection":[{"href":"https:\/\/www2.unifap.br\/procri\/wp-json\/wp\/v2\/pages"}],"about":[{"href":"https:\/\/www2.unifap.br\/procri\/wp-json\/wp\/v2\/types\/page"}],"author":[{"embeddable":true,"href":"https:\/\/www2.unifap.br\/procri\/wp-json\/wp\/v2\/users\/888"}],"replies":[{"embeddable":true,"href":"https:\/\/www2.unifap.br\/procri\/wp-json\/wp\/v2\/comments?post=3367"}],"version-history":[{"count":3,"href":"https:\/\/www2.unifap.br\/procri\/wp-json\/wp\/v2\/pages\/3367\/revisions"}],"predecessor-version":[{"id":3487,"href":"https:\/\/www2.unifap.br\/procri\/wp-json\/wp\/v2\/pages\/3367\/revisions\/3487"}],"up":[{"embeddable":true,"href":"https:\/\/www2.unifap.br\/procri\/wp-json\/wp\/v2\/pages\/3039"}],"wp:attachment":[{"href":"https:\/\/www2.unifap.br\/procri\/wp-json\/wp\/v2\/media?parent=3367"}],"curies":[{"name":"wp","href":"https:\/\/api.w.org\/{rel}","templated":true}]}}