{"id":3620,"date":"2017-10-11T21:45:24","date_gmt":"2017-10-11T21:45:24","guid":{"rendered":"http:\/\/www2.unifap.br\/procri\/?page_id=3620"},"modified":"2017-11-21T20:31:54","modified_gmt":"2017-11-21T20:31:54","slug":"edital-112017procriunifap_auxilio-pesquisador-prof-mob-intern-livre","status":"publish","type":"page","link":"https:\/\/www2.unifap.br\/procri\/bolsas-para-pesquisa\/editais-2015\/edital-112017procriunifap_auxilio-pesquisador-prof-mob-intern-livre\/","title":{"rendered":"Edital 11\/2015\/PROCRI\/UNIFAP_Aux\u00edlio Pesquisador Prof Mob Intern Livre"},"content":{"rendered":"<p><b>DISP\u00d5E SOBRE O PROCESSO SELETIVO DE PROFESSORES DA UNIVERSIDADE FEDERAL DO AMAP\u00c1 PARA O PROGRAMA DE AUX\u00cdLIO PESQUISADOR PARA MOBILIDADE INTERNACIONAL<\/b><\/p>\n<p><a href=\"http:\/\/www2.unifap.br\/procri\/files\/2017\/10\/RESULTADO-DEFINITIVO-EDITAL-11-2015-PROCRI_AUX\u00cdLIO-PESQ.-MOB.-INTERNAC.pdf\">RESULTADO DEFINITIVO EDITAL 11-2015-PROCRI_AUX\u00cdLIO PESQ. MOB. INTERNAC<\/a><\/p>\n<p><a href=\"http:\/\/www2.unifap.br\/procri\/files\/2017\/10\/ANEXOS-I-II-III_retificado.docx\">ANEXOS I &#8211; II &#8211; III_retificado<\/a><\/p>\n<p><a href=\"http:\/\/www2.unifap.br\/procri\/files\/2017\/10\/Formul\u00e1rio-de-Recurso.docx\">Formul\u00e1rio de Recurso<\/a><\/p>\n","protected":false},"excerpt":{"rendered":"<p>DISP\u00d5E SOBRE O PROCESSO SELETIVO DE PROFESSORES DA UNIVERSIDADE FEDERAL DO AMAP\u00c1 PARA O PROGRAMA DE AUX\u00cdLIO PESQUISADOR PARA MOBILIDADE INTERNACIONAL RESULTADO DEFINITIVO EDITAL 11-2015-PROCRI_AUX\u00cdLIO PESQ. MOB. INTERNAC ANEXOS I &#8211; II &#8211; III_retificado Formul\u00e1rio de Recurso<\/p>\n","protected":false},"author":189,"featured_media":0,"parent":2743,"menu_order":10,"comment_status":"open","ping_status":"closed","template":"","meta":{"inline_featured_image":false,"ngg_post_thumbnail":0,"footnotes":""},"class_list":["post-3620","page","type-page","status-publish","hentry","entry"],"_links":{"self":[{"href":"https:\/\/www2.unifap.br\/procri\/wp-json\/wp\/v2\/pages\/3620","targetHints":{"allow":["GET"]}}],"collection":[{"href":"https:\/\/www2.unifap.br\/procri\/wp-json\/wp\/v2\/pages"}],"about":[{"href":"https:\/\/www2.unifap.br\/procri\/wp-json\/wp\/v2\/types\/page"}],"author":[{"embeddable":true,"href":"https:\/\/www2.unifap.br\/procri\/wp-json\/wp\/v2\/users\/189"}],"replies":[{"embeddable":true,"href":"https:\/\/www2.unifap.br\/procri\/wp-json\/wp\/v2\/comments?post=3620"}],"version-history":[{"count":2,"href":"https:\/\/www2.unifap.br\/procri\/wp-json\/wp\/v2\/pages\/3620\/revisions"}],"predecessor-version":[{"id":3727,"href":"https:\/\/www2.unifap.br\/procri\/wp-json\/wp\/v2\/pages\/3620\/revisions\/3727"}],"up":[{"embeddable":true,"href":"https:\/\/www2.unifap.br\/procri\/wp-json\/wp\/v2\/pages\/2743"}],"wp:attachment":[{"href":"https:\/\/www2.unifap.br\/procri\/wp-json\/wp\/v2\/media?parent=3620"}],"curies":[{"name":"wp","href":"https:\/\/api.w.org\/{rel}","templated":true}]}}