{"id":3871,"date":"2018-04-05T21:33:48","date_gmt":"2018-04-05T21:33:48","guid":{"rendered":"http:\/\/www2.unifap.br\/procri\/?page_id=3871"},"modified":"2019-01-11T12:45:36","modified_gmt":"2019-01-11T12:45:36","slug":"edital-bolsas-santander-andifes-2018-2","status":"publish","type":"page","link":"https:\/\/www2.unifap.br\/procri\/bolsas-para-pesquisa\/editais-2018_todos-os-resultados-para-consulta\/edital-bolsas-santander-andifes-2018-2\/","title":{"rendered":"EDITAL 04\/2018 BOLSAS SANTANDER\/ANDIFES  2018.2"},"content":{"rendered":"<p>A Pr\u00f3-Reitoria de Coopera\u00e7\u00e3o e Rela\u00e7\u00f5es Interinstitucionais &#8211; PROCRI atrav\u00e9s do presente Edital seleciona alunos para Mobilidade Nacional com bolsas Santander\/Andifes para estudar no 2\u00ba per\u00edodo letivo de 2018 em outra Universidade Federal.\u00a0 \u00a0 \u00a0 \u00a0 \u00a0 \u00a0 \u00a0 \u00a0 \u00a0 \u00a0 \u00a0 \u00a0 \u00a0 \u00a0 \u00a0 \u00a0 \u00a0 \u00a0 \u00a0 \u00a0 \u00a0 \u00a0 \u00a0 \u00a0 \u00a0 \u00a0 \u00a0 \u00a0 \u00a0 \u00a0 \u00a0 \u00a0 \u00a0 \u00a0 \u00a0 \u00a0 \u00a0 \u00a0 \u00a0 \u00a0 \u00a0 \u00a0 \u00a0 \u00a0 \u00a0 \u00a0 \u00a0 \u00a0 \u00a0 \u00a0 \u00a0 \u00a0 \u00a0 \u00a0 \u00a0 \u00a0 \u00a0 \u00a0 \u00a0<i>PARA OS CAMPI MARCO ZERO E INTERIOR<\/i><\/p>\n<address style=\"text-align: center\">(08.08.2018) <a href=\"http:\/\/www2.unifap.br\/procri\/files\/2018\/07\/RESULTADO-DEFINITIVO-Edital-04-2018-Bolsa-Santander-Andifes-2018.27.pdf\">RESULTADO DEFINITIVO Edital 04-2018-Bolsa Santander-Andifes-2018.2<\/a><span style=\"color: #0000ff\"><a href=\"http:\/\/www2.unifap.br\/procri\/files\/2018\/07\/RESULTADO-DEFINITIVO-Edital-04-2018-Bolsa-Santander-Andifes-2018.26.pdf\"><span style=\"color: #0000ff\"><br \/>\n<\/span><\/a><\/span><\/address>\n<p style=\"text-align: center\">\u00a0<span style=\"color: #008000\">Em raz\u00e3o do jogo do Brasil dia 06.07, foi alterado o prazo:<\/span>\u00a0<span style=\"color: #3366ff\"><a href=\"http:\/\/www2.unifap.br\/procri\/files\/2018\/04\/ERRATA-III_EDITAL-04-2018-PROCRI-UNIFAP-Bolsas-Santander.ANDIFES.2018.2.pdf\"><span style=\"color: #3366ff\">ERRATA III_EDITAL 04-2018<\/span><\/a><\/span><\/p>\n<p style=\"text-align: center\">(05.07.2018)\u00a0<a href=\"http:\/\/www2.unifap.br\/procri\/files\/2018\/04\/RESULTADO-CARTA-DE-ACEITE-Edital-04-2018-Bolsa-Santander-Andifes-2018.21.pdf\">RESULTADO CARTA DE ACEITE Edital 04-2018-Bolsa Santander-Andifes-2018.2<\/a><a href=\"http:\/\/www2.unifap.br\/procri\/files\/2018\/04\/RESULTADO-PARCIAL-+CARTA-DE-ACEITE-Edital-04-2018-Bolsa-Santander-Andifes-2018.24.pdf\"><br \/>\n<\/a><\/p>\n<p style=\"text-align: center\">(17.05.2018, 09:45h)\u00a0<a href=\"http:\/\/www2.unifap.br\/procri\/files\/2018\/05\/RESULTADO-PRELIMINAR-Edital-04-2018-PROCRI-Bolsa-Santander-Andifes-2018.2.pdf\">RESULTADO PRELIMINAR Edital 04-2018-PROCRI-Bolsa Santander-Andifes-2018.2<\/a><\/p>\n<p>(14.05.2018, 18:17)\u00a0<a href=\"http:\/\/www2.unifap.br\/procri\/files\/2018\/05\/Homologa\u00e7\u00e3o-das-Inscri\u00e7\u00f5es-Edital-04-2018-PROCRI-Bolsa-Santander-Andifes-2018.2.pdf\">Homologa\u00e7\u00e3o das Inscri\u00e7\u00f5es Edital 04-2018-PROCRI-Bolsa Santander-Andifes-2018.2<\/a><\/p>\n<p style=\"text-align: center\"><a href=\"http:\/\/www2.unifap.br\/procri\/files\/2018\/04\/EDITAL-04-2018-PROCRI-UNIFAP-Bolsas-Santander.ANDIFES.2018.2.pdf\">EDITAL 04-2018-PROCRI-UNIFAP-Bolsas Santander.ANDIFES.2018.2<\/a>\u00a0 \u00a0 \u00a0<a href=\"http:\/\/www2.unifap.br\/procri\/files\/2018\/04\/ERRATA-EDITAL-04-2018-PROCRI.pdf\">ERRATA &#8211; EDITAL 04-2018-PROCRI<\/a><\/p>\n<p style=\"text-align: center\"><a href=\"http:\/\/www2.unifap.br\/procri\/files\/2018\/04\/ANEXO-I-CADASTRO.docx\">ANEXO I -CADASTRO<\/a>\u00a0 \u00a0\u00a0<a href=\"http:\/\/www2.unifap.br\/procri\/files\/2018\/04\/ANEXO-II-PLANO-DE-ESTUDO.docx\">ANEXO II &#8211; PLANO DE ESTUDO<\/a>\u00a0 \u00a0\u00a0<a href=\"http:\/\/www2.unifap.br\/procri\/files\/2018\/04\/ANEXO-III-PLANILHA-PONTUA\u00c7\u00c3O.docx\">ANEXO III-PLANILHA PONTUA\u00c7\u00c3O<\/a><\/p>\n<p style=\"text-align: center\"><a href=\"http:\/\/www2.unifap.br\/procri\/files\/2018\/04\/CONV\u00caNIO-ANDIFES.pdf\">CONV\u00caNIO ANDIFES<\/a>\u00a0 \u00a0\u00a0<a href=\"http:\/\/www2.unifap.br\/procri\/files\/2018\/04\/RELAT\u00d3RIO-DE-VIAGEM.docx\">RELAT\u00d3RIO DE VIAGEM<\/a><\/p>\n","protected":false},"excerpt":{"rendered":"<p>A Pr\u00f3-Reitoria de Coopera\u00e7\u00e3o e Rela\u00e7\u00f5es Interinstitucionais &#8211; PROCRI atrav\u00e9s do presente Edital seleciona alunos para Mobilidade Nacional com bolsas Santander\/Andifes para estudar no 2\u00ba per\u00edodo letivo de 2018 em outra Universidade Federal.\u00a0 \u00a0 \u00a0 \u00a0 \u00a0 \u00a0 \u00a0 \u00a0 \u00a0 \u00a0 \u00a0 \u00a0 \u00a0 \u00a0 \u00a0 \u00a0 \u00a0 \u00a0 \u00a0 \u00a0 \u00a0 \u00a0 \u00a0&#8230;<\/p>\n","protected":false},"author":189,"featured_media":0,"parent":3801,"menu_order":6,"comment_status":"open","ping_status":"closed","template":"","meta":{"inline_featured_image":false,"ngg_post_thumbnail":0,"footnotes":""},"class_list":["post-3871","page","type-page","status-publish","hentry","entry"],"_links":{"self":[{"href":"https:\/\/www2.unifap.br\/procri\/wp-json\/wp\/v2\/pages\/3871","targetHints":{"allow":["GET"]}}],"collection":[{"href":"https:\/\/www2.unifap.br\/procri\/wp-json\/wp\/v2\/pages"}],"about":[{"href":"https:\/\/www2.unifap.br\/procri\/wp-json\/wp\/v2\/types\/page"}],"author":[{"embeddable":true,"href":"https:\/\/www2.unifap.br\/procri\/wp-json\/wp\/v2\/users\/189"}],"replies":[{"embeddable":true,"href":"https:\/\/www2.unifap.br\/procri\/wp-json\/wp\/v2\/comments?post=3871"}],"version-history":[{"count":36,"href":"https:\/\/www2.unifap.br\/procri\/wp-json\/wp\/v2\/pages\/3871\/revisions"}],"predecessor-version":[{"id":4146,"href":"https:\/\/www2.unifap.br\/procri\/wp-json\/wp\/v2\/pages\/3871\/revisions\/4146"}],"up":[{"embeddable":true,"href":"https:\/\/www2.unifap.br\/procri\/wp-json\/wp\/v2\/pages\/3801"}],"wp:attachment":[{"href":"https:\/\/www2.unifap.br\/procri\/wp-json\/wp\/v2\/media?parent=3871"}],"curies":[{"name":"wp","href":"https:\/\/api.w.org\/{rel}","templated":true}]}}