{"id":422,"date":"2013-09-30T19:05:45","date_gmt":"2013-09-30T19:05:45","guid":{"rendered":"http:\/\/www2.unifap.br\/procri\/?page_id=422"},"modified":"2019-09-25T15:14:34","modified_gmt":"2019-09-25T15:14:34","slug":"convenios","status":"publish","type":"page","link":"https:\/\/www2.unifap.br\/procri\/acordos-de-cooperacao-ativos\/convenios\/","title":{"rendered":"Conv\u00eanios"},"content":{"rendered":"\t\t<div data-elementor-type=\"wp-post\" data-elementor-id=\"422\" class=\"elementor elementor-422 elementor-bc-flex-widget\">\n\t\t\t\t\t\t<section class=\"elementor-section elementor-top-section elementor-element elementor-element-1bd901cb elementor-section-boxed elementor-section-height-default elementor-section-height-default\" data-id=\"1bd901cb\" data-element_type=\"section\" data-e-type=\"section\">\n\t\t\t\t\t\t<div class=\"elementor-container elementor-column-gap-default\">\n\t\t\t\t\t<div class=\"elementor-column elementor-col-100 elementor-top-column elementor-element elementor-element-1ab50781\" data-id=\"1ab50781\" data-element_type=\"column\" data-e-type=\"column\">\n\t\t\t<div class=\"elementor-widget-wrap elementor-element-populated\">\n\t\t\t\t\t\t<div class=\"elementor-element elementor-element-53f33a1d elementor-widget elementor-widget-text-editor\" data-id=\"53f33a1d\" data-element_type=\"widget\" data-e-type=\"widget\" data-widget_type=\"text-editor.default\">\n\t\t\t\t<div class=\"elementor-widget-container\">\n\t\t\t\t\t\t\t\t\t<h1><span style=\"color: #ff0000;\">Conv\u00eanios da UNIFAP e outras institui\u00e7\u00f5es<\/span><\/h1><p>Listas extra\u00eddas de nossos sistemas com o nome e a data de vig\u00eancia das entidades com as quais a Universidade Federal do Amap\u00e1 mant\u00e9m conv\u00eanios, acordos e parcerias t\u00e9cnico-cient\u00edficas.<\/p><h2><strong>Lista de Acordos Internacionais<\/strong><\/h2><p><b style=\"font-size: 1.5em;\"><a href=\"http:\/\/www2.unifap.br\/procri\/files\/2019\/04\/Acordos-Internacionais-Vigentes-Atualizados.pdf\">Acordos Internacionais Vigentes Atualizados<\/a><\/b><\/p><table border=\"1\" width=\"659\" cellspacing=\"0\" cellpadding=\"0\"><tbody><tr><td valign=\"top\" width=\"448\"><b>NOME DA ENTIDADE<\/b><\/td><td valign=\"top\" width=\"211\"><b>VIG\u00caNCIA<\/b><\/td><\/tr><tr><td valign=\"top\" width=\"448\">Grupo Coimbra de Universidade Brasileiras (Mobil Intern p\u00f3s-grad)<\/td><td valign=\"top\" width=\"211\">Renov\u00e1vel periodicamente<\/td><\/tr><tr><td valign=\"top\" width=\"448\">Universidade de Alicante (ESPANHA) \u2013 para gradua\u00e7\u00e3o e p\u00f3s-grad<\/td><td valign=\"top\" width=\"211\">V\u00e1lido at\u00e9 23\/12\/2018<\/td><\/tr><tr><td valign=\"top\" width=\"448\">Universidade de Salamanda (ESPANHA) \u2013 para gradua\u00e7\u00e3o e p\u00f3s-grad<\/td><td valign=\"top\" width=\"211\">V\u00e1lido at\u00e9\u00a0 04\/10\/2017<\/td><\/tr><tr><td valign=\"top\" width=\"448\">Universitat\u00a0 Rovira I Virgili (ESPANHA)- para gradua\u00e7\u00e3o e p\u00f3s-grad<\/td><td valign=\"top\" width=\"211\">V\u00e1lido at\u00e9 01\/09\/2017<\/td><\/tr><tr><td valign=\"top\" width=\"448\">Universidade de Sevilla (ESPANHA) &#8211; para gradua\u00e7\u00e3o e p\u00f3s-grad<\/td><td valign=\"top\" width=\"211\">V\u00e1lido at\u00e9 31\/12\/2021<\/td><\/tr><tr><td valign=\"top\" width=\"448\">Universidade de Coimbra(PORTUGAL) \u2013 gradua\u00e7\u00e3o e p\u00f3s-grad<\/td><td valign=\"top\" width=\"211\">02\/07\/2015 a 02\/07\/2020<\/td><\/tr><tr><td valign=\"top\" width=\"448\">Universidade de Lisboa (PORTUGAL) \u2013 gradua\u00e7\u00e3o e p\u00f3s-grad<\/td><td valign=\"top\" width=\"211\">02\/07\/2015 a 02\/07\/2020<\/td><\/tr><tr><td valign=\"top\" width=\"448\">Universidade de Cabo Verde (CABO VERDE) &#8211; gradua\u00e7\u00e3o e p\u00f3s-grad e t\u00e9cnicos<\/td><td valign=\"top\" width=\"211\">V\u00e1lido at\u00e9 13\/08\/2016<\/td><\/tr><tr><td valign=\"top\" width=\"448\">L\u2019Universite de Guyane (GUIANA FRANCESA) \u2013 gradua\u00e7\u00e3o e p\u00f3s-<\/td><td valign=\"top\" width=\"211\">14\/03\/2015 a 14\/03\/2020<\/td><\/tr><tr><td valign=\"top\" width=\"448\">Monash University (AUSTR\u00c1LIA) (para estudos de p\u00f3s-gradua\u00e7\u00e3o)<\/td><td valign=\"top\" width=\"211\">04\/03\/2015 a 04\/03\/2020<\/td><\/tr><tr><td valign=\"top\" width=\"448\">Universite de Toulouse Le Mirail (FRAN\u00c7A) &#8211; gradua\u00e7\u00e3o e p\u00f3s-grad<\/td><td valign=\"top\" width=\"211\">Aberta e em renova\u00e7\u00e3o\/2015<\/td><\/tr><tr><td valign=\"top\" width=\"448\">Unversitait Van Suriname (Universidade de Suriname Anton de Kom) (SURINAME)<\/td><td valign=\"top\" width=\"211\">\u00a0julho\/2020<\/td><\/tr><tr><td valign=\"top\" width=\"448\">Universidade de \u00c9vora (PORTUGAL) \u2013 gradua\u00e7\u00e3o e p\u00f3s-gradua\u00e7\u00e3o &#8211;<a href=\"http:\/\/www2.unifap.br\/procri\/files\/2013\/09\/PROTOCOLO-DE-COLABORA%C3%87%C3%83O-ENTRE-UNIFAP-E-%C3%89VORA-ASSINADO-OFICIAL.pdf\">PROTOCOLO DE COLABORA\u00c7\u00c3O<\/a><\/td><td valign=\"top\" width=\"211\">Maio\/2020<\/td><\/tr><tr><td valign=\"top\" width=\"448\">Universidade ABMS (SU\u00cd\u00c7A)<\/td><td valign=\"top\" width=\"211\">Renova\u00e7\u00e3o autom\u00e1tica<\/td><\/tr><tr><td valign=\"top\" width=\"448\">University of Guyana (REP\u00daBLICA DA GUIANA)<\/td><td valign=\"top\" width=\"211\">07\/07\/2017 a 07\/07\/2022<\/td><\/tr><tr><td valign=\"top\" width=\"448\">Universidad de Desarrollo Sustentable &#8211; UDS (PARAGUAI)<\/td><td valign=\"top\" width=\"211\">\u00a028\/08\/2017 a 28\/08\/2022<\/td><\/tr><tr><td valign=\"top\" width=\"448\">Escola Superior de Educa\u00e7\u00e3o de Coimbra &#8211; ESEC (PORTUGAL)<\/td><td valign=\"top\" width=\"211\">02\/03\/2017 a 02\/03\/202<\/td><\/tr><tr><td valign=\"top\" width=\"448\">Universidad de San Pablo &#8211; Tucum\u00e1n \u2013 USPT (ARGENTINA)<\/td><td valign=\"top\" width=\"211\">11\/12\/2017 a 10\/12\/2022<\/td><\/tr><tr><td valign=\"top\" width=\"448\">\u00a0<\/td><td valign=\"top\" width=\"211\">\u00a0<\/td><\/tr><\/tbody><\/table><p>\u00a0<\/p><p><a href=\"http:\/\/www2.unifap.br\/procri\/files\/2013\/09\/unv-Guyane_Franc\u00eas.pdf\">Unv. Guyane-franc\u00eas<\/a>\u00a0\u00a0<a href=\"http:\/\/www2.unifap.br\/procri\/files\/2013\/09\/unv-Guyane_portugu\u00eas.pdf\">Unv. Guyane-portugu\u00eas\u00a0\u00a0\u00a0<\/a><a href=\"http:\/\/www2.unifap.br\/procri\/files\/2013\/09\/TOULOUSE.pdf\">TOULOUSE-port \u00a0 \u00a0<\/a><a href=\"http:\/\/www2.unifap.br\/procri\/files\/2013\/09\/UNIV.-SEVILLA-Esp-Port.pdf\">UNIV. SEVILLA-Esp-Port<\/a>\u00a0\u00a0 U<a href=\"http:\/\/www2.unifap.br\/procri\/files\/2013\/09\/unv-L\u00edsboa.pdf\">nv. Lisboa \u00a0 \u00a0<\/a><a href=\"http:\/\/www2.unifap.br\/procri\/files\/2013\/09\/unv-Coimbra.pdf\">unv Coimbra<\/a>\u00a0\u00a0\u00a0<a href=\"http:\/\/www2.unifap.br\/procri\/files\/2013\/09\/Univ.-R.-i-Virgili_Espanhol.pdf\">Univ. R. i Virgili_Espanhol<\/a>\u00a0<a href=\"http:\/\/www2.unifap.br\/procri\/files\/2013\/09\/Univ.-R.-i-Virgili_catal\u00e3o.pdf\">Univ. R. i Virgili_catal\u00e3o<\/a>\u00a0\u00a0\u00a0\u00a0\u00a0<a href=\"http:\/\/www2.unifap.br\/procri\/files\/2013\/09\/USAL_espanhol.pdf\">USAL_espanhol<\/a>\u00a0<a href=\"http:\/\/www2.unifap.br\/procri\/files\/2013\/09\/Univ-salamanca_port..pdf\">Univ salamanca_port. \u00a0 \u00a0\u00a0<\/a><a href=\"http:\/\/www2.unifap.br\/procri\/files\/2013\/09\/Univ-Cabo-Verde.pdf\">Univ Cabo Verde \u00a0 \u00a0 \u00a0\u00a0<\/a><a href=\"http:\/\/www2.unifap.br\/procri\/files\/2013\/09\/Monash-university_Ingl\u00eas.pdf\">MONASH University-Ingl\u00eas<\/a>\u00a0\u00a0\u00a0<a href=\"http:\/\/www2.unifap.br\/procri\/files\/2013\/09\/Conv\u00eanio-ABMS.pdf\">Conv\u00eanio ABMS<\/a>\u00a0\u00a0<a href=\"http:\/\/www2.unifap.br\/procri\/files\/2013\/09\/UNIV-Alicante_ESP.pdf\">UNIV Alicante_ESP<\/a>\u00a0 \u00a0<a href=\"http:\/\/www2.unifap.br\/procri\/files\/2013\/09\/univ-Alicante_PORT.pdf\">univ Alicante_PORT<\/a>\u00a0<a href=\"http:\/\/www2.unifap.br\/procri\/files\/2013\/09\/ACORDO-UNIFAP-UDS-V.-PORTUGU\u00caS.pdf\">ACORDO UNIFAP-UDS &#8211; V. PORTUGU\u00caS<\/a><a href=\"http:\/\/www2.unifap.br\/procri\/files\/2013\/09\/ACORDO-UNIFAP-UDS-V.-ESPANHOL.pdf\">ACORDO UNIFAP-UDS &#8211; V. ESPANHOL<\/a>\u00a0<a href=\"http:\/\/www2.unifap.br\/procri\/files\/2013\/09\/MOU-Unifap-Guiana.pdf\">MOU Unifap Guiana<\/a>\u00a0<a href=\"http:\/\/www2.unifap.br\/procri\/files\/2013\/09\/ACORDO-UNIFAP-ESEC.pdf\">ACORDO UNIFAP-ESEC<\/a>\u00a0<a href=\"http:\/\/www2.unifap.br\/procri\/files\/2013\/09\/MOU-Unifap-e-USPT.pdf\">MOU Unifap e USPT<\/a> <a href=\"http:\/\/www2.unifap.br\/procri\/files\/2013\/09\/MOU-Unifap-e-USPT001.pdf\">MOU Unifap e USPT001<\/a><\/p><p><b>Rela\u00e7\u00e3o das entidades que estabeleceram conv\u00eanios atrav\u00e9s de descentraliza\u00e7\u00e3o de recursos com a UNIFAP<\/b><\/p><table border=\"1\" width=\"595\" cellspacing=\"0\" cellpadding=\"0\"><tbody><tr><td valign=\"top\" width=\"407\"><b>NOME DA ENTIDADE <\/b><\/td><td valign=\"top\" width=\"188\"><b>VIG\u00caNCIA<\/b><\/td><\/tr><tr><td valign=\"top\" width=\"407\">Minist\u00e9rio de Sa\u00fade\/Secretaria Executiva\/ Fundo Nacional de Sa\u00fade \u2013 Termo de Coopera\u00e7\u00e3o n\u00ba 34\/2011<\/td><td valign=\"top\" width=\"188\">01\/12\/2011 a 20\/11\/2015<\/td><\/tr><tr><td valign=\"top\" width=\"407\">Minist\u00e9rio da Sa\u00fade\/ N\u00facleo estadual do Minist\u00e9rio da Sa\u00fade no Amap\u00e1\/Divis\u00e3o de Conv\u00eanios e Gest\u00e3o\/AP &#8211; n\u00ba 093\/2012<\/td><td valign=\"top\" width=\"188\">27\/11\/2012 a 31\/05\/2015<\/td><\/tr><tr><td valign=\"top\" width=\"407\">Secretaria de Educa\u00e7\u00e3o Superior \u2013 Termo n\u00ba 1346.3<\/td><td valign=\"top\" width=\"188\">Janeiro a Dezembro\/2015<\/td><\/tr><tr><td valign=\"top\" width=\"407\">Coordena\u00e7\u00e3o de Aperfei\u00e7oamento de Pessoal de N\u00edvel Superior \u2013 CAPES \u2013 Termo n\u00ba 1539<\/td><td valign=\"top\" width=\"188\">Abril \/2015 a Maio\/2016<\/td><\/tr><tr><td valign=\"top\" width=\"407\">Secretaria de Educa\u00e7\u00e3o Superior \u2013 SESU \u2013 Termo n\u00ba 1621<\/td><td valign=\"top\" width=\"188\">Agosto\/2015 a Abril\/2016<\/td><\/tr><tr><td valign=\"top\" width=\"407\">\u00a0Secretaria de Educa\u00e7\u00e3o Superior \u2013 SESU &#8211;\u00a0 &#8211; Termo 1940<\/td><td valign=\"top\" width=\"188\">Julho a dezembro\/2015<\/td><\/tr><tr><td valign=\"top\" width=\"407\">Coordena\u00e7\u00e3o de Aperfei\u00e7oamento de Pessoal de N\u00edvel Superior \u2013 CAPES \u2013 Termo 2128<\/td><td valign=\"top\" width=\"188\">Setembro\/2015 a Setembro\/2016<\/td><\/tr><tr><td valign=\"top\" width=\"407\">\u00a0Secretaria de Educa\u00e7\u00e3o Superior \u2013 SESU \u2013 Termo n\u00ba 2492.1<\/td><td valign=\"top\" width=\"188\">Janeiro a Dezembro\/2015<\/td><\/tr><tr><td valign=\"top\" width=\"407\">Secretaria de Educa\u00e7\u00e3o Superior \u2013 SESU \u2013 Termo n\u00ba 2532<\/td><td valign=\"top\" width=\"188\">Janeiro a Julho\/2015<\/td><\/tr><tr><td valign=\"top\" width=\"407\">Coordena\u00e7\u00e3o de Aperfei\u00e7oamento de Pessoal de N\u00edvel Superior \u2013 CAPES \u2013 Termo n\u00ba 2567<\/td><td valign=\"top\" width=\"188\">Fevereiro a Dezembro\/2015<\/td><\/tr><\/tbody><\/table><h2><strong>Rela\u00e7\u00e3o das entidades nacionais que estabeleceram termo de coopera\u00e7\u00e3o com a UNIFAP<\/strong><\/h2><table border=\"1\" width=\"595\" cellspacing=\"0\" cellpadding=\"0\"><tbody><tr><td valign=\"top\" width=\"397\"><b>NOME DA ENTIDADE <\/b><\/td><td valign=\"top\" width=\"198\"><b>VIG\u00caNCIA<\/b><\/td><\/tr><tr><td valign=\"top\" width=\"397\">Tribunal de Justi\u00e7a do Estado do Amap\u00e1 \u2013 TJAP<\/td><td valign=\"top\" width=\"198\">13\/11\/2012 a 18\/12\/2017<\/td><\/tr><tr><td valign=\"top\" width=\"397\">Secretaria Municipal de Educa\u00e7\u00e3o \u2013 SEMED<\/td><td valign=\"top\" width=\"198\">29\/01\/2010 a 29\/01\/2020<\/td><\/tr><tr><td valign=\"top\" width=\"397\">Gea\/Sesa\/Pmm<\/td><td valign=\"top\" width=\"198\">11\/05\/2010 a 11\/05\/2015<\/td><\/tr><tr><td valign=\"top\" width=\"397\">Minist\u00e9rio da Ci\u00eancia e Tecnologia<\/td><td valign=\"top\" width=\"198\">30\/06\/2010 a 30\/06\/2020<\/td><\/tr><tr><td valign=\"top\" width=\"397\">Instituto Macapaense de Ensino Superior<\/td><td valign=\"top\" width=\"198\">08\/02\/2013 a 22\/03\/2015<\/td><\/tr><tr><td valign=\"top\" width=\"397\">Servi\u00e7o Social do Com\u00e9rcio \u2013 SESC<\/td><td valign=\"top\" width=\"198\">24\/05\/2013 a 24\/05\/2015<\/td><\/tr><tr><td valign=\"top\" width=\"397\">Instituto de Pesquisa Econ\u00f4mica Aplicada &#8211; IPEA<\/td><td valign=\"top\" width=\"198\">19\/03\/2013 a 19\/03\/2017<\/td><\/tr><tr><td valign=\"top\" width=\"397\">Justi\u00e7a Federal de primeiro grau &#8211; se\u00e7\u00e3o judici\u00e1ria do Amap\u00e1 \u2013 SJAP<\/td><td valign=\"top\" width=\"198\">17\/08\/2011 a 17\/08\/2016<\/td><\/tr><tr><td valign=\"top\" width=\"397\">Tribunal Regional Eleitoral do Amap\u00e1<\/td><td valign=\"top\" width=\"198\">29\/06\/2011 a 17\/08\/2016<\/td><\/tr><tr><td valign=\"top\" width=\"397\">Sociedade Beneficente S\u00e3o Camilo \u2013 Hospital Escola S\u00e3o Camilo S\u00e3o Luis<\/td><td valign=\"top\" width=\"198\">01\/03\/2012 a 01\/03\/2017<\/td><\/tr><tr><td valign=\"top\" width=\"397\">Governo do Estado do Amap\u00e1 &#8211; GEA \/ Secretaria de Estado da Sa\u00fade do Amap\u00e1 \u2013 SESA<\/td><td valign=\"top\" width=\"198\">03\/08\/2007 a 30\/08\/2017<\/td><\/tr><tr><td valign=\"top\" width=\"397\">Prefeitura Municipal de Macap\u00e1 &#8211; PMM \/ Secretaria Municipal de Sa\u00fade \u2013 SEMA<\/td><td valign=\"top\" width=\"198\">30\/08\/2007 a 30\/08\/2017<\/td><\/tr><tr><td valign=\"top\" width=\"397\">Tribunal de Justi\u00e7a do Estado do Amap\u00e1 \u2013 TJAP<\/td><td valign=\"top\" width=\"198\">18\/12\/2012 a 18\/12\/2017<\/td><\/tr><tr><td valign=\"top\" width=\"397\">Secretaria Especial de Sa\u00fade Ind\u00edgena<\/td><td valign=\"top\" width=\"198\">16\/10\/2013 a 31\/10\/2018<\/td><\/tr><tr><td valign=\"top\" width=\"397\">Empresa Brasileira de Pesquisa Agropecu\u00e1ria &#8211; EMBRAPA<\/td><td valign=\"top\" width=\"198\">07\/06\/2011 a 07\/06\/2016<\/td><\/tr><tr><td valign=\"top\" width=\"397\">Tribunal de Justi\u00e7a do Amap\u00e1 \u2013 TJAP\u00a0 \u2013 TCM n\u00ba 001\/2009<\/td><td valign=\"top\" width=\"198\">27\/07\/2009 a 27\/07\/2015<\/td><\/tr><tr><td valign=\"top\" width=\"397\">RNP \u2013 Termo de Compromisso para Ades\u00e3o a caf\u00e9<\/td><td valign=\"top\" width=\"198\">13\/02\/2014 a 02\/02\/2019<\/td><\/tr><tr><td valign=\"top\" width=\"397\">RNP &#8211;\u00a0 Termo de Compromisso de Ades\u00e3o ao EDUROAMIEP\u00c9 &#8211; Acordo de Coopera\u00e7\u00e3o (<a href=\"http:\/\/www2.unifap.br\/procri\/files\/2013\/09\/TERMO-DE-COOPERA\u00c7\u00c3O-UNIFAP-IEPE-ASSINADO.pdf\">TERMO DE COOPERA\u00c7\u00c3O UNIFAP-IEPE<\/a>)<\/td><td valign=\"top\" width=\"198\">13\/02\/2014 A 02\/02\/201929\/07\/2016 a 29\/07\/2021<\/td><\/tr><\/tbody><\/table>\t\t\t\t\t\t\t\t<\/div>\n\t\t\t\t<\/div>\n\t\t\t\t\t<\/div>\n\t\t<\/div>\n\t\t\t\t\t<\/div>\n\t\t<\/section>\n\t\t\t\t<\/div>\n\t\t","protected":false},"excerpt":{"rendered":"<p>Conv\u00eanios da UNIFAP e outras institui\u00e7\u00f5es Listas extra\u00eddas de nossos sistemas com o nome e a data de vig\u00eancia das entidades com as quais a Universidade Federal do Amap\u00e1 mant\u00e9m conv\u00eanios, acordos e parcerias t\u00e9cnico-cient\u00edficas. Lista de Acordos Internacionais Acordos Internacionais Vigentes Atualizados NOME DA ENTIDADE VIG\u00caNCIA Grupo Coimbra de Universidade Brasileiras (Mobil Intern p\u00f3s-grad)&#8230;<\/p>\n","protected":false},"author":189,"featured_media":0,"parent":4679,"menu_order":0,"comment_status":"open","ping_status":"closed","template":"","meta":{"inline_featured_image":false,"ngg_post_thumbnail":0,"footnotes":""},"class_list":["post-422","page","type-page","status-publish","hentry","entry"],"_links":{"self":[{"href":"https:\/\/www2.unifap.br\/procri\/wp-json\/wp\/v2\/pages\/422","targetHints":{"allow":["GET"]}}],"collection":[{"href":"https:\/\/www2.unifap.br\/procri\/wp-json\/wp\/v2\/pages"}],"about":[{"href":"https:\/\/www2.unifap.br\/procri\/wp-json\/wp\/v2\/types\/page"}],"author":[{"embeddable":true,"href":"https:\/\/www2.unifap.br\/procri\/wp-json\/wp\/v2\/users\/189"}],"replies":[{"embeddable":true,"href":"https:\/\/www2.unifap.br\/procri\/wp-json\/wp\/v2\/comments?post=422"}],"version-history":[{"count":26,"href":"https:\/\/www2.unifap.br\/procri\/wp-json\/wp\/v2\/pages\/422\/revisions"}],"predecessor-version":[{"id":4743,"href":"https:\/\/www2.unifap.br\/procri\/wp-json\/wp\/v2\/pages\/422\/revisions\/4743"}],"up":[{"embeddable":true,"href":"https:\/\/www2.unifap.br\/procri\/wp-json\/wp\/v2\/pages\/4679"}],"wp:attachment":[{"href":"https:\/\/www2.unifap.br\/procri\/wp-json\/wp\/v2\/media?parent=422"}],"curies":[{"name":"wp","href":"https:\/\/api.w.org\/{rel}","templated":true}]}}