{"id":4492,"date":"2019-06-11T13:52:41","date_gmt":"2019-06-11T13:52:41","guid":{"rendered":"http:\/\/www2.unifap.br\/procri\/?page_id=4492"},"modified":"2019-06-11T13:53:08","modified_gmt":"2019-06-11T13:53:08","slug":"edital-no-02-2019-procri-unifap-selecao-para-bolsas-promisaes-sesu-mec-estudantes-pec-g-unifap","status":"publish","type":"page","link":"https:\/\/www2.unifap.br\/procri\/bolsas-para-pesquisa\/editais-2019\/edital-no-02-2019-procri-unifap-selecao-para-bolsas-promisaes-sesu-mec-estudantes-pec-g-unifap\/","title":{"rendered":"EDITAL N\u00ba 02\/2019 \u2013 SELE\u00c7\u00c3O PARA BOLSAS PROMISAES (SESu\/MEC \u2013 Estudantes PEC-G\/UNIFAP)"},"content":{"rendered":"<p style=\"text-align: justify\">A<strong> Pr\u00f3-Reitoria de Coopera\u00e7\u00e3o e Rela\u00e7\u00f5es Interinstitucionais (PROCRI) <\/strong>da<strong> Universidade Federal do Amap\u00e1 (UNIFAP)<\/strong> no uso de suas atribui\u00e7\u00f5es, torna p\u00fablico que estar\u00e3o abertas as inscri\u00e7\u00f5es para processo seletivo, regido pelas regras do presente Edital e seus Anexos, para Aux\u00edlio Financeiro do Projeto MEC\/PROMISAES (Projeto Milton Santos de Acesso ao Ensino Superior) 2019\/1, para o Programa Estudantes-Conv\u00eanio de Gradua\u00e7\u00e3o \u2013 PEC-G da UNIFAP, na observ\u00e2ncia do Decreto Presidencial n\u00ba 7948\/2013 e da Portaria da SESu\/MEC n\u00ba 745\/2012.<\/p>\n<p><a href=\"http:\/\/www2.unifap.br\/procri\/files\/2019\/04\/EDITAL-02-2019-PROMISAES.pdf\">EDITAL N\u00ba 02\/2019\/PROCRI\/UNIFAP &#8211; PROMISAES<\/a><\/p>\n<p><a href=\"http:\/\/www2.unifap.br\/procri\/files\/2019\/04\/portariadopromissaes2012.pdf\">Portaria n\u00ba 745\/2012 &#8211; Regulamenta o PROMISAES<\/a><\/p>\n<p><a href=\"http:\/\/www2.unifap.br\/procri\/files\/2019\/04\/resultado-preliminar-PROMISAES-2019.1.pdf\">Resultado preliminar &#8211; PROMISAES 2019.1<\/a><\/p>\n<p><a href=\"http:\/\/www2.unifap.br\/procri\/files\/2019\/04\/resultado-final-PROMISAES-2019.1.pdf\">Resultado final PROMISAES 2019.1<\/a><\/p>\n","protected":false},"excerpt":{"rendered":"<p>A Pr\u00f3-Reitoria de Coopera\u00e7\u00e3o e Rela\u00e7\u00f5es Interinstitucionais (PROCRI) da Universidade Federal do Amap\u00e1 (UNIFAP) no uso de suas atribui\u00e7\u00f5es, torna p\u00fablico que estar\u00e3o abertas as inscri\u00e7\u00f5es para processo seletivo, regido pelas regras do presente Edital e seus Anexos, para Aux\u00edlio Financeiro do Projeto MEC\/PROMISAES (Projeto Milton Santos de Acesso ao Ensino Superior) 2019\/1, para o&#8230;<\/p>\n","protected":false},"author":885,"featured_media":0,"parent":4427,"menu_order":1,"comment_status":"closed","ping_status":"closed","template":"","meta":{"inline_featured_image":false,"ngg_post_thumbnail":0,"footnotes":""},"class_list":["post-4492","page","type-page","status-publish","hentry","entry"],"_links":{"self":[{"href":"https:\/\/www2.unifap.br\/procri\/wp-json\/wp\/v2\/pages\/4492","targetHints":{"allow":["GET"]}}],"collection":[{"href":"https:\/\/www2.unifap.br\/procri\/wp-json\/wp\/v2\/pages"}],"about":[{"href":"https:\/\/www2.unifap.br\/procri\/wp-json\/wp\/v2\/types\/page"}],"author":[{"embeddable":true,"href":"https:\/\/www2.unifap.br\/procri\/wp-json\/wp\/v2\/users\/885"}],"replies":[{"embeddable":true,"href":"https:\/\/www2.unifap.br\/procri\/wp-json\/wp\/v2\/comments?post=4492"}],"version-history":[{"count":2,"href":"https:\/\/www2.unifap.br\/procri\/wp-json\/wp\/v2\/pages\/4492\/revisions"}],"predecessor-version":[{"id":4494,"href":"https:\/\/www2.unifap.br\/procri\/wp-json\/wp\/v2\/pages\/4492\/revisions\/4494"}],"up":[{"embeddable":true,"href":"https:\/\/www2.unifap.br\/procri\/wp-json\/wp\/v2\/pages\/4427"}],"wp:attachment":[{"href":"https:\/\/www2.unifap.br\/procri\/wp-json\/wp\/v2\/media?parent=4492"}],"curies":[{"name":"wp","href":"https:\/\/api.w.org\/{rel}","templated":true}]}}