{"id":4675,"date":"2019-09-25T14:09:52","date_gmt":"2019-09-25T14:09:52","guid":{"rendered":"http:\/\/www2.unifap.br\/procri\/?page_id=4675"},"modified":"2021-11-09T19:24:15","modified_gmt":"2021-11-09T19:24:15","slug":"politicas-e-diretrizes","status":"publish","type":"page","link":"https:\/\/www2.unifap.br\/procri\/politicas-e-diretrizes\/","title":{"rendered":"Pol\u00edticas e Diretrizes"},"content":{"rendered":"<p>A <strong>Pr\u00f3-Reitoria de Coopera\u00e7\u00e3o e Rela\u00e7\u00f5es Interinstitucionais \u2013 PROCRI<\/strong>, constitu\u00edda pela Resolu\u00e7\u00e3o n.01\/2013 \u2013 CONDIR, tem entre suas compet\u00eancias promover a coopera\u00e7\u00e3o com outras institui\u00e7\u00f5es nacionais e internacionais, apoiar a Reitoria nas rela\u00e7\u00f5es Internacionais, bem como desenvolver programas de internacionaliza\u00e7\u00e3o, interc\u00e2mbio e mobilidade de alunos, t\u00e9cnicos e professores.<br \/>\nA pol\u00edtica de Coopera\u00e7\u00e3o estabelece as rela\u00e7\u00f5es de parcerias com outras institui\u00e7\u00f5es imerso no incentivo \u00e0 pesquisa, ao ensino e a extens\u00e3o e acordos que promovam o bem social, o desenvolvimento e a inova\u00e7\u00e3o tecnol\u00f3gica.<\/p>\n<p><strong>POL\u00cdTICA DE COOPERA\u00c7\u00c3O INTERINSTITUCIONAL<\/strong><br \/>\nAtrav\u00e9s de diretrizes das rela\u00e7\u00f5es interinstitucionais a UNIFAP vem ampliando parcerias e Acordos de coopera\u00e7\u00e3o com as institui\u00e7\u00f5es locais p\u00fablicas e privadas, em diversas \u00e1reas, como: engenharia, energia, comunica\u00e7\u00e3o, cultura, pesquisa, projetos sociais, agricultura, dentre outros, visando o ensino, pesquisa e extens\u00e3o e apoio \u00e0 p\u00f3s-gradua\u00e7\u00e3o.<\/p>\n<p><strong>POL\u00cdTICA DE INTERNACIONALIZA\u00c7\u00c3O<\/strong><br \/>\nA Universidade Federal do Amap\u00e1 (UNIFAP) possui um forte potencial para a internacionaliza\u00e7\u00e3o devido a sua localiza\u00e7\u00e3o estrat\u00e9gica na Amaz\u00f4nia setentrional. O Estado do Amap\u00e1 integra o plat\u00f4 das guianas junto com os pa\u00edses da Guiana Francesa, Suriname e Venezuela, apresentando riquezas naturais, a exist\u00eancia de povos ind\u00edgenas. Ou seja, apresenta um cen\u00e1rio favor\u00e1vel ao desenvolvimento do ensino, da pesquisa e da extens\u00e3o para a internacionaliza\u00e7\u00e3o.<br \/>\nA UNIFAP, atrav\u00e9s do fator internacionaliza\u00e7\u00e3o se enquadra perfeitamente no processo de integra\u00e7\u00e3o da dimens\u00e3o internacional e intercultural. Nessa perspectiva se vislumbra a necessidade de um constante desenvolvimento institucional e acad\u00eamico em que se preze pelos os enfoques internacionais, interculturais e interdisciplinares, permitindo assim a promo\u00e7\u00e3o e o apoio \u00e0s diversas iniciativas de coopera\u00e7\u00e3o e mobilidade internacionais.<br \/>\nA Institui\u00e7\u00e3o se prop\u00f5e \u00e0 melhoria cont\u00ednua da qualidade, da efici\u00eancia e da efic\u00e1cia na promo\u00e7\u00e3o do trip\u00e9 educacional (ensino, pesquisa e extens\u00e3o) que em \u00faltima inst\u00e2ncia \u00e9 um fator primordial para a institui\u00e7\u00e3o ser participe das redes internacionais de educa\u00e7\u00e3o superior.<br \/>\nA mobilidade de estudantes, professores, t\u00e9cnicos e de gestores potencializam substancialmente os la\u00e7os internacionais, estabelecendo conex\u00f5es e criando redes de saber universal. Essas redes aproximam as comunidades acad\u00eamicas de diferentes partes do mundo, refor\u00e7ando a premissa de que \u00e9 no seio da universidade que devem ocorrer os grandes avan\u00e7os cient\u00edficos e tecnol\u00f3gicos e a efetiva integra\u00e7\u00e3o. Al\u00e9m do fortalecimento da institui\u00e7\u00e3o local como refer\u00eancia na qualidade que deve ser, a dimens\u00e3o internacional acad\u00eamica vem agregar valores importantes para a forma\u00e7\u00e3o profissional no mundo globalizado.<\/p>\n<p><strong>DIRETRIZES<\/strong><br \/>\n&#8211; Promover a coopera\u00e7\u00e3o e parcerias com outras institui\u00e7\u00f5es, na busca de incentivo e fomento \u00e0 pesquisa, estudo, ensino, interc\u00e2mbio acad\u00eamico, agregando valores culturais e cient\u00edficos para uma excelente forma\u00e7\u00e3o cient\u00edfica.<br \/>\n&#8211; Facilitar e coordenar as a\u00e7\u00f5es da Reitoria, na constru\u00e7\u00e3o e viabiliza\u00e7\u00e3o da coopera\u00e7\u00e3o t\u00e9cnico-cient\u00edfica nacional e internacional; Representar a ponte de intera\u00e7\u00e3o entre a Universidade e todas as institui\u00e7\u00f5es de ensino e pesquisa do mundo;<br \/>\n&#8211; Identificar as ag\u00eancias de financiamento para elabora\u00e7\u00e3o de conv\u00eanios t\u00e9cnico-cient\u00edficos;<br \/>\n&#8211; Assessorar a Universidade via Reitoria nos assuntos relacionados \u00e0 coopera\u00e7\u00e3o t\u00e9cnica e cient\u00edfica;<br \/>\n&#8211; Identificar as institui\u00e7\u00f5es que tenham interesses e objetivos comuns em Ensino, Pesquisa e na Extens\u00e3o;<br \/>\n&#8211; Apoiar entre as Unidades e os Departamentos Acad\u00eamicos as propostas docentes que visem a coopera\u00e7\u00e3o t\u00e9cnica e cient\u00edfica nas \u00e1reas de ensino, pesquisa e p\u00f3s-gradua\u00e7\u00e3o;<br \/>\n&#8211; Estimular a troca de experi\u00eancias e permutas entre professores e alunos da UNIFAP com outros pares das universidades nacionais e internacionais;<br \/>\n&#8211; Promover a integra\u00e7\u00e3o internacional das ofertas de gradua\u00e7\u00e3o, de p\u00f3s-gradua\u00e7\u00e3o \u201cLato Sensu\u201d e \u201cStricto Sensu\u201d, em todas as \u00e1reas do conhecimento;<br \/>\n&#8211; Apoiar todos os professores\/alunos provenientes de outros pa\u00edses que estejam estudando\/trabalhando na UNIFAP;<br \/>\n&#8211; Assessorar todas as unidades\/departamentos que possuem conv\u00eanios de coopera\u00e7\u00e3o com institui\u00e7\u00f5es nacionais e internacionais;<br \/>\n&#8211; Estabelecer o di\u00e1logo com institui\u00e7\u00f5es de natureza acad\u00eamica \u2013 como universidades e institutos de pesquisa \u2013 com \u00f3rg\u00e3os governamentais \u2013 como embaixadas, consulados e ag\u00eancias internacionais. Em conjunto com o desenvolvimento de parcerias internacionais, mant\u00e9m uma rede nacional de relacionamentos que inclui o MEC\/SESu, o Minist\u00e9rio das Rela\u00e7\u00f5es Exteriores, ag\u00eancias de fomento como a CAPES e o CNPq;<br \/>\n&#8211; Encarregar-se do estabelecimento de rela\u00e7\u00f5es com o exterior, da busca e divulga\u00e7\u00e3o de oportunidades para o p\u00fablico interno, da recep\u00e7\u00e3o de delega\u00e7\u00f5es estrangeiras e da representa\u00e7\u00e3o da UNIFAP no Brasil e no exterior;<br \/>\n&#8211; Acompanhar a tramita\u00e7\u00e3o dos processos de conv\u00eanios desde sua abertura pela unidade interessada at\u00e9 sua assinatura;<br \/>\n&#8211; Ocupar-se de programas de mobilidade acad\u00eamica;<br \/>\n&#8211; Estabelecer rela\u00e7\u00f5es com outras institui\u00e7\u00f5es no Brasil e no Exterior; colaborar na negocia\u00e7\u00e3o para a proposta de conv\u00eanios nacionais e internacionais;<br \/>\n&#8211; Atuar como mediadora no di\u00e1logo entre as diversas institui\u00e7\u00f5es estrangeiras e as unidades da UNIFAP;<br \/>\n&#8211; Atuar como mediadora no dialogo entre as diversas institui\u00e7\u00f5es nacionais, estaduais e municipais e as unidades da UNIFAP; \u2013 Agir junto ao servi\u00e7o de cerimonial na organiza\u00e7\u00e3o de eventos ligados \u00e0 \u00e1rea de Rela\u00e7\u00f5es Internacionais;<br \/>\n&#8211; Cuidar da divulga\u00e7\u00e3o de projetos, oportunidades de interc\u00e2mbio, bolsas etc. em \u00e2mbito intra e interuniversit\u00e1rio; \u2013 Administrar projetos que visem \u00e0 promo\u00e7\u00e3o da atividade de interc\u00e2mbio entre os quadros discente, docente e t\u00e9cnico-administrativo;<br \/>\n&#8211; Colaborar na tradu\u00e7\u00e3o e interpreta\u00e7\u00e3o de textos em l\u00edngua estrangeira necess\u00e1rios \u00e0 realiza\u00e7\u00e3o dos trabalhos de coopera\u00e7\u00e3o e rela\u00e7\u00f5es.<\/p>\n","protected":false},"excerpt":{"rendered":"<p>A Pr\u00f3-Reitoria de Coopera\u00e7\u00e3o e Rela\u00e7\u00f5es Interinstitucionais \u2013 PROCRI, constitu\u00edda pela Resolu\u00e7\u00e3o n.01\/2013 \u2013 CONDIR, tem entre suas compet\u00eancias promover a coopera\u00e7\u00e3o com outras institui\u00e7\u00f5es nacionais e internacionais, apoiar a Reitoria nas rela\u00e7\u00f5es Internacionais, bem como desenvolver programas de internacionaliza\u00e7\u00e3o, interc\u00e2mbio e mobilidade de alunos, t\u00e9cnicos e professores. A pol\u00edtica de Coopera\u00e7\u00e3o estabelece as rela\u00e7\u00f5es&#8230;<\/p>\n","protected":false},"author":885,"featured_media":0,"parent":0,"menu_order":0,"comment_status":"closed","ping_status":"closed","template":"","meta":{"inline_featured_image":false,"ngg_post_thumbnail":0,"footnotes":""},"class_list":["post-4675","page","type-page","status-publish","hentry","entry"],"_links":{"self":[{"href":"https:\/\/www2.unifap.br\/procri\/wp-json\/wp\/v2\/pages\/4675","targetHints":{"allow":["GET"]}}],"collection":[{"href":"https:\/\/www2.unifap.br\/procri\/wp-json\/wp\/v2\/pages"}],"about":[{"href":"https:\/\/www2.unifap.br\/procri\/wp-json\/wp\/v2\/types\/page"}],"author":[{"embeddable":true,"href":"https:\/\/www2.unifap.br\/procri\/wp-json\/wp\/v2\/users\/885"}],"replies":[{"embeddable":true,"href":"https:\/\/www2.unifap.br\/procri\/wp-json\/wp\/v2\/comments?post=4675"}],"version-history":[{"count":5,"href":"https:\/\/www2.unifap.br\/procri\/wp-json\/wp\/v2\/pages\/4675\/revisions"}],"predecessor-version":[{"id":5344,"href":"https:\/\/www2.unifap.br\/procri\/wp-json\/wp\/v2\/pages\/4675\/revisions\/5344"}],"wp:attachment":[{"href":"https:\/\/www2.unifap.br\/procri\/wp-json\/wp\/v2\/media?parent=4675"}],"curies":[{"name":"wp","href":"https:\/\/api.w.org\/{rel}","templated":true}]}}