{"id":2344,"date":"2016-05-30T10:53:18","date_gmt":"2016-05-30T13:53:18","guid":{"rendered":"http:\/\/www2.unifap.br\/proeac\/?page_id=2344"},"modified":"2017-03-16T09:09:35","modified_gmt":"2017-03-16T12:09:35","slug":"planejamentos-e-resultados","status":"publish","type":"page","link":"https:\/\/www2.unifap.br\/proeac\/proeac\/planejamentos-e-resultados\/","title":{"rendered":"Documentos"},"content":{"rendered":"<p><strong style=\"line-height: 1.5em\">RELAT\u00d3RIO DE GEST\u00c3O 2015<\/strong><\/p>\n<p align=\"center\"><b style=\"line-height: 1.5em\">PROEAC EM N\u00daMEROS<\/b><\/p>\n<p><b>Na Assist\u00eancia Estudantil<\/b><\/p>\n<p>Distribui\u00e7\u00e3o de aux\u00edlios com recursos do PNAES entre os Campi:\u00a0<b>3202<\/b><\/p>\n<p>Quantidade de alunos benefici\u00e1rios com aux\u00edlios do PNAES:\u00a0<b>1262<\/b><\/p>\n<p>Quantidade de alunos benefici\u00e1rios da Bolsa Perman\u00eancia do MEC:\u00a0<b>521<\/b><\/p>\n<p><b>\u00a0<\/b><\/p>\n<p><b>Na Extens\u00e3o<\/b><\/p>\n<p>Quantidade de a\u00e7\u00f5es extensionistas por unidade acad\u00eamica:\u00a0<b>121<\/b><\/p>\n<p>Quantidade de professores que atuam nas a\u00e7\u00f5es extensionistas por unidade acad\u00eamica:\u00a0<b>231<\/b><\/p>\n<p>Quantidade de alunos bolsistas que atuam nas a\u00e7\u00f5es extensionistas por unidade acad\u00eamica:\u00a0<b>132<\/b><\/p>\n<p>Quantidade de alunos volunt\u00e1rios que atuam nas a\u00e7\u00f5es extensionistas por unidade acad\u00eamica:\u00a0<b>171<\/b><\/p>\n<p>&nbsp;<\/p>\n<p><b>No<\/b>\u00a0<b>Restaurante Universit\u00e1rio \u2013 RU<\/b><\/p>\n<p>Quantidade alimenta\u00e7\u00f5es servidas nas tr\u00eas refei\u00e7\u00f5es: Desjejum (<b>18.286<\/b>), Almo\u00e7o (<b>39.313<\/b>), Jantar (<b>21.392<\/b>). 4 meses.<\/p>\n<p><b>Na Unidade B\u00e1sica de Sa\u00fade \u2013 UBS<\/b><\/p>\n<p>Quantidade de atendimentos realizados:\u00a0<b>60.021<\/b><\/p>\n<p><b>\u00a0<\/b><\/p>\n<p><b>Resumo dos Recursos Financeiros da PROEAC<\/b><\/p>\n<p><a href=\"http:\/\/www2.unifap.br\/proeac\/files\/2016\/04\/Imagem2.png\"><img fetchpriority=\"high\" decoding=\"async\" alt=\"Imagem2\" src=\"http:\/\/www2.unifap.br\/proeac\/files\/2016\/04\/Imagem2-300x203.png\" width=\"300\" height=\"203\" \/><\/a><\/p>\n<p>&nbsp;<\/p>\n<p>Para visualizar o relat\u00f3rio completo, clique no link a seguir:<\/p>\n<p><a href=\"http:\/\/www2.unifap.br\/proeac\/files\/2016\/05\/Relat\u00f3rio-de-Gest\u00e3o-PROEAC-2015.pdf\">Relat\u00f3rio de Gest\u00e3o &#8211; PROEAC 2015<\/a><\/p>\n<p>&nbsp;<\/p>\n<p>&nbsp;<\/p>\n<p>&nbsp;<\/p>\n<p><a title=\"Para visualizar o relat\u00f3rio completo, clique no link a seguir:\" href=\"http:\/\/www2.unifap.br\/proeac\/2016\/04\/20\/relatorio-de-gestao-2015\/\" target=\"_blank\"><span style=\"line-height: 1.5em\">\u00a0<\/span><\/a><\/p>\n<p>&nbsp;<\/p>\n<p>&nbsp;<\/p>\n<p>&nbsp;<\/p>\n","protected":false},"excerpt":{"rendered":"<p>RELAT\u00d3RIO DE GEST\u00c3O 2015 PROEAC EM N\u00daMEROS Na Assist\u00eancia Estudantil Distribui\u00e7\u00e3o de aux\u00edlios com recursos do PNAES entre os Campi:\u00a03202 Quantidade de alunos benefici\u00e1rios com aux\u00edlios do PNAES:\u00a01262 Quantidade de alunos benefici\u00e1rios da Bolsa Perman\u00eancia do MEC:\u00a0521 \u00a0 Na Extens\u00e3o Quantidade de a\u00e7\u00f5es extensionistas por unidade acad\u00eamica:\u00a0121 Quantidade de professores que atuam nas a\u00e7\u00f5es extensionistas&#8230;<\/p>\n","protected":false},"author":895,"featured_media":0,"parent":2750,"menu_order":15,"comment_status":"closed","ping_status":"closed","template":"","meta":{"inline_featured_image":false,"site-sidebar-layout":"default","site-content-layout":"","ast-site-content-layout":"default","site-content-style":"default","site-sidebar-style":"default","ast-global-header-display":"","ast-banner-title-visibility":"","ast-main-header-display":"","ast-hfb-above-header-display":"","ast-hfb-below-header-display":"","ast-hfb-mobile-header-display":"","site-post-title":"","ast-breadcrumbs-content":"","ast-featured-img":"","footer-sml-layout":"","theme-transparent-header-meta":"","adv-header-id-meta":"","stick-header-meta":"","header-above-stick-meta":"","header-main-stick-meta":"","header-below-stick-meta":"","astra-migrate-meta-layouts":"default","ast-page-background-enabled":"default","ast-page-background-meta":{"desktop":{"background-color":"var(--ast-global-color-4)","background-image":"","background-repeat":"repeat","background-position":"center center","background-size":"auto","background-attachment":"scroll","background-type":"","background-media":"","overlay-type":"","overlay-color":"","overlay-opacity":"","overlay-gradient":""},"tablet":{"background-color":"","background-image":"","background-repeat":"repeat","background-position":"center center","background-size":"auto","background-attachment":"scroll","background-type":"","background-media":"","overlay-type":"","overlay-color":"","overlay-opacity":"","overlay-gradient":""},"mobile":{"background-color":"","background-image":"","background-repeat":"repeat","background-position":"center center","background-size":"auto","background-attachment":"scroll","background-type":"","background-media":"","overlay-type":"","overlay-color":"","overlay-opacity":"","overlay-gradient":""}},"ast-content-background-meta":{"desktop":{"background-color":"var(--ast-global-color-5)","background-image":"","background-repeat":"repeat","background-position":"center center","background-size":"auto","background-attachment":"scroll","background-type":"","background-media":"","overlay-type":"","overlay-color":"","overlay-opacity":"","overlay-gradient":""},"tablet":{"background-color":"var(--ast-global-color-5)","background-image":"","background-repeat":"repeat","background-position":"center center","background-size":"auto","background-attachment":"scroll","background-type":"","background-media":"","overlay-type":"","overlay-color":"","overlay-opacity":"","overlay-gradient":""},"mobile":{"background-color":"var(--ast-global-color-5)","background-image":"","background-repeat":"repeat","background-position":"center center","background-size":"auto","background-attachment":"scroll","background-type":"","background-media":"","overlay-type":"","overlay-color":"","overlay-opacity":"","overlay-gradient":""}},"ngg_post_thumbnail":0,"footnotes":""},"class_list":["post-2344","page","type-page","status-publish","hentry"],"_links":{"self":[{"href":"https:\/\/www2.unifap.br\/proeac\/wp-json\/wp\/v2\/pages\/2344","targetHints":{"allow":["GET"]}}],"collection":[{"href":"https:\/\/www2.unifap.br\/proeac\/wp-json\/wp\/v2\/pages"}],"about":[{"href":"https:\/\/www2.unifap.br\/proeac\/wp-json\/wp\/v2\/types\/page"}],"author":[{"embeddable":true,"href":"https:\/\/www2.unifap.br\/proeac\/wp-json\/wp\/v2\/users\/895"}],"replies":[{"embeddable":true,"href":"https:\/\/www2.unifap.br\/proeac\/wp-json\/wp\/v2\/comments?post=2344"}],"version-history":[{"count":10,"href":"https:\/\/www2.unifap.br\/proeac\/wp-json\/wp\/v2\/pages\/2344\/revisions"}],"predecessor-version":[{"id":2744,"href":"https:\/\/www2.unifap.br\/proeac\/wp-json\/wp\/v2\/pages\/2344\/revisions\/2744"}],"up":[{"embeddable":true,"href":"https:\/\/www2.unifap.br\/proeac\/wp-json\/wp\/v2\/pages\/2750"}],"wp:attachment":[{"href":"https:\/\/www2.unifap.br\/proeac\/wp-json\/wp\/v2\/media?parent=2344"}],"curies":[{"name":"wp","href":"https:\/\/api.w.org\/{rel}","templated":true}]}}