{"id":423,"date":"2025-08-22T13:25:05","date_gmt":"2025-08-22T16:25:05","guid":{"rendered":"https:\/\/www2.unifap.br\/proece\/?page_id=423"},"modified":"2025-10-10T17:11:32","modified_gmt":"2025-10-10T20:11:32","slug":"coordenacao","status":"publish","type":"page","link":"https:\/\/www2.unifap.br\/proece\/o-programa\/coordenacao\/","title":{"rendered":"Coordena\u00e7\u00e3o"},"content":{"rendered":"\t\t<div data-elementor-type=\"wp-page\" data-elementor-id=\"423\" class=\"elementor elementor-423\">\n\t\t\t\t<div class=\"elementor-element elementor-element-e5ee79d e-flex e-con-boxed e-con e-parent\" data-id=\"e5ee79d\" data-element_type=\"container\" data-e-type=\"container\" data-settings=\"{&quot;background_background&quot;:&quot;classic&quot;}\">\n\t\t\t\t\t<div class=\"e-con-inner\">\n\t\t\t\t<div class=\"elementor-element elementor-element-7089b0e elementor-invisible elementor-widget elementor-widget-heading\" data-id=\"7089b0e\" data-element_type=\"widget\" data-e-type=\"widget\" data-settings=\"{&quot;_animation&quot;:&quot;slideInLeft&quot;}\" data-widget_type=\"heading.default\">\n\t\t\t\t\t<h2 class=\"elementor-heading-title elementor-size-default\">Coordena\u00e7\u00e3o<\/h2>\t\t\t\t<\/div>\n\t\t\t\t<div class=\"elementor-element elementor-element-6941a33 elementor-widget-divider--view-line elementor-invisible elementor-widget elementor-widget-divider\" data-id=\"6941a33\" data-element_type=\"widget\" data-e-type=\"widget\" data-settings=\"{&quot;_animation&quot;:&quot;slideInLeft&quot;}\" data-widget_type=\"divider.default\">\n\t\t\t\t\t\t\t<div class=\"elementor-divider\">\n\t\t\t<span class=\"elementor-divider-separator\">\n\t\t\t\t\t\t<\/span>\n\t\t<\/div>\n\t\t\t\t\t\t<\/div>\n\t\t\t\t\t<\/div>\n\t\t\t\t<\/div>\n\t\t<div class=\"elementor-element elementor-element-1fc68a9 e-flex e-con-boxed e-con e-parent\" data-id=\"1fc68a9\" data-element_type=\"container\" data-e-type=\"container\">\n\t\t\t\t\t<div class=\"e-con-inner\">\n\t\t<div class=\"elementor-element elementor-element-b3a5808 e-con-full e-flex e-con e-child\" data-id=\"b3a5808\" data-element_type=\"container\" data-e-type=\"container\">\n\t\t\t\t<div class=\"elementor-element elementor-element-71ab85a elementor-position-left elementor-vertical-align-top elementor-widget elementor-widget-image-box\" data-id=\"71ab85a\" data-element_type=\"widget\" data-e-type=\"widget\" data-widget_type=\"image-box.default\">\n\t\t\t\t\t<div class=\"elementor-image-box-wrapper\"><figure class=\"elementor-image-box-img\"><img fetchpriority=\"high\" decoding=\"async\" width=\"1920\" height=\"2560\" src=\"https:\/\/www2.unifap.br\/proece\/files\/2025\/08\/IMG_3532-scaled.jpeg\" class=\"attachment-full size-full wp-image-903\" alt=\"\" srcset=\"https:\/\/www2.unifap.br\/proece\/files\/2025\/08\/IMG_3532-scaled.jpeg 1920w, https:\/\/www2.unifap.br\/proece\/files\/2025\/08\/IMG_3532-225x300.jpeg 225w, https:\/\/www2.unifap.br\/proece\/files\/2025\/08\/IMG_3532-768x1024.jpeg 768w, https:\/\/www2.unifap.br\/proece\/files\/2025\/08\/IMG_3532-1152x1536.jpeg 1152w, https:\/\/www2.unifap.br\/proece\/files\/2025\/08\/IMG_3532-1536x2048.jpeg 1536w\" sizes=\"(max-width: 1920px) 100vw, 1920px\" \/><\/figure><div class=\"elementor-image-box-content\"><h3 class=\"elementor-image-box-title\">Coordenadora<\/h3><p class=\"elementor-image-box-description\">Enfermeira e docente permanente do PROECE. Mestre em Enfermagem pela UEPA\/UFAM (2015) e Doutora em Sa\u00fade p\u00fablica pela FIOCRUZ (2022). <br>proece@unifap.br<\/p><\/div><\/div>\t\t\t\t<\/div>\n\t\t\t\t<\/div>\n\t\t<div class=\"elementor-element elementor-element-991b806 e-con-full e-flex e-con e-child\" data-id=\"991b806\" data-element_type=\"container\" data-e-type=\"container\">\n\t\t\t\t<div class=\"elementor-element elementor-element-a6aaeed elementor-position-left elementor-vertical-align-top elementor-widget elementor-widget-image-box\" data-id=\"a6aaeed\" data-element_type=\"widget\" data-e-type=\"widget\" data-widget_type=\"image-box.default\">\n\t\t\t\t\t<div class=\"elementor-image-box-wrapper\"><figure class=\"elementor-image-box-img\"><img decoding=\"async\" width=\"1920\" height=\"2560\" src=\"https:\/\/www2.unifap.br\/proece\/files\/2025\/08\/IMG_3543-_1_-scaled.jpeg\" class=\"attachment-full size-full wp-image-953\" alt=\"\" srcset=\"https:\/\/www2.unifap.br\/proece\/files\/2025\/08\/IMG_3543-_1_-scaled.jpeg 1920w, https:\/\/www2.unifap.br\/proece\/files\/2025\/08\/IMG_3543-_1_-225x300.jpeg 225w, https:\/\/www2.unifap.br\/proece\/files\/2025\/08\/IMG_3543-_1_-768x1024.jpeg 768w, https:\/\/www2.unifap.br\/proece\/files\/2025\/08\/IMG_3543-_1_-1152x1536.jpeg 1152w, https:\/\/www2.unifap.br\/proece\/files\/2025\/08\/IMG_3543-_1_-1536x2048.jpeg 1536w\" sizes=\"(max-width: 1920px) 100vw, 1920px\" \/><\/figure><div class=\"elementor-image-box-content\"><h3 class=\"elementor-image-box-title\">Vice-Coordenadora<\/h3><p class=\"elementor-image-box-description\">Enfermeira e docente permanente do PROECE. Mestre em Ci\u00eancias Farmac\u00eauticas (2019) e Doutora em Inova\u00e7\u00e3o Farmac\u00eautica pela UNIFAP (2022).<br>proece@unifap.br<\/p><\/div><\/div>\t\t\t\t<\/div>\n\t\t\t\t<\/div>\n\t\t\t\t\t<\/div>\n\t\t\t\t<\/div>\n\t\t\t\t<\/div>\n\t\t","protected":false},"excerpt":{"rendered":"<p>Coordena\u00e7\u00e3o Coordenadora Enfermeira e docente permanente do PROECE. Mestre em Enfermagem pela UEPA\/UFAM (2015) e Doutora em Sa\u00fade p\u00fablica pela FIOCRUZ (2022). proece@unifap.br Vice-Coordenadora Enfermeira e docente permanente do PROECE. Mestre em Ci\u00eancias Farmac\u00eauticas (2019) e Doutora em Inova\u00e7\u00e3o Farmac\u00eautica pela UNIFAP (2022).proece@unifap.br<\/p>\n","protected":false},"author":4049,"featured_media":0,"parent":24,"menu_order":0,"comment_status":"closed","ping_status":"closed","template":"","meta":{"inline_featured_image":false,"site-sidebar-layout":"no-sidebar","site-content-layout":"","ast-site-content-layout":"full-width-container","site-content-style":"default","site-sidebar-style":"default","ast-global-header-display":"","ast-banner-title-visibility":"","ast-main-header-display":"","ast-hfb-above-header-display":"","ast-hfb-below-header-display":"","ast-hfb-mobile-header-display":"","site-post-title":"disabled","ast-breadcrumbs-content":"","ast-featured-img":"disabled","footer-sml-layout":"","theme-transparent-header-meta":"default","adv-header-id-meta":"","stick-header-meta":"","header-above-stick-meta":"","header-main-stick-meta":"","header-below-stick-meta":"","astra-migrate-meta-layouts":"set","ast-page-background-enabled":"default","ast-page-background-meta":{"desktop":{"background-color":"var(--ast-global-color-5)","background-image":"","background-repeat":"repeat","background-position":"center center","background-size":"auto","background-attachment":"scroll","background-type":"","background-media":"","overlay-type":"","overlay-color":"","overlay-opacity":"","overlay-gradient":""},"tablet":{"background-color":"","background-image":"","background-repeat":"repeat","background-position":"center center","background-size":"auto","background-attachment":"scroll","background-type":"","background-media":"","overlay-type":"","overlay-color":"","overlay-opacity":"","overlay-gradient":""},"mobile":{"background-color":"","background-image":"","background-repeat":"repeat","background-position":"center center","background-size":"auto","background-attachment":"scroll","background-type":"","background-media":"","overlay-type":"","overlay-color":"","overlay-opacity":"","overlay-gradient":""}},"ast-content-background-meta":{"desktop":{"background-color":"var(--ast-global-color-4)","background-image":"","background-repeat":"repeat","background-position":"center center","background-size":"auto","background-attachment":"scroll","background-type":"","background-media":"","overlay-type":"","overlay-color":"","overlay-opacity":"","overlay-gradient":""},"tablet":{"background-color":"var(--ast-global-color-4)","background-image":"","background-repeat":"repeat","background-position":"center center","background-size":"auto","background-attachment":"scroll","background-type":"","background-media":"","overlay-type":"","overlay-color":"","overlay-opacity":"","overlay-gradient":""},"mobile":{"background-color":"var(--ast-global-color-4)","background-image":"","background-repeat":"repeat","background-position":"center center","background-size":"auto","background-attachment":"scroll","background-type":"","background-media":"","overlay-type":"","overlay-color":"","overlay-opacity":"","overlay-gradient":""}},"footnotes":""},"class_list":["post-423","page","type-page","status-publish","hentry"],"_links":{"self":[{"href":"https:\/\/www2.unifap.br\/proece\/wp-json\/wp\/v2\/pages\/423","targetHints":{"allow":["GET"]}}],"collection":[{"href":"https:\/\/www2.unifap.br\/proece\/wp-json\/wp\/v2\/pages"}],"about":[{"href":"https:\/\/www2.unifap.br\/proece\/wp-json\/wp\/v2\/types\/page"}],"author":[{"embeddable":true,"href":"https:\/\/www2.unifap.br\/proece\/wp-json\/wp\/v2\/users\/4049"}],"replies":[{"embeddable":true,"href":"https:\/\/www2.unifap.br\/proece\/wp-json\/wp\/v2\/comments?post=423"}],"version-history":[{"count":17,"href":"https:\/\/www2.unifap.br\/proece\/wp-json\/wp\/v2\/pages\/423\/revisions"}],"predecessor-version":[{"id":1343,"href":"https:\/\/www2.unifap.br\/proece\/wp-json\/wp\/v2\/pages\/423\/revisions\/1343"}],"up":[{"embeddable":true,"href":"https:\/\/www2.unifap.br\/proece\/wp-json\/wp\/v2\/pages\/24"}],"wp:attachment":[{"href":"https:\/\/www2.unifap.br\/proece\/wp-json\/wp\/v2\/media?parent=423"}],"curies":[{"name":"wp","href":"https:\/\/api.w.org\/{rel}","templated":true}]}}