{"id":53,"date":"2022-02-07T23:02:56","date_gmt":"2022-02-08T01:02:56","guid":{"rendered":"http:\/\/www2.unifap.br\/profei\/?page_id=53"},"modified":"2025-09-08T17:09:07","modified_gmt":"2025-09-08T20:09:07","slug":"estrutura-curricular","status":"publish","type":"page","link":"https:\/\/www2.unifap.br\/profei\/?page_id=53","title":{"rendered":"Estrutura Curricular"},"content":{"rendered":"<h1>&nbsp;<\/h1>\n<h1>Estrutura Curricular<\/h1>\n<p>&nbsp;<\/p>\n<p><strong>Disciplinas Obrigat\u00f3rias:<\/strong><\/p>\n<ul>\n<li>Fundamentos e Pr\u00e1ticas de Educa\u00e7\u00e3o Inclusiva<\/li>\n<li>Inova\u00e7\u00e3o e TDIC na educa\u00e7\u00e3o<\/li>\n<li>Metodologia da Pesquisa Cientifica<\/li>\n<\/ul>\n<p><strong>Disciplinas <\/strong><strong>Eletivas:<\/strong><\/p>\n<ul>\n<li>Avalia\u00e7\u00e3o de pessoa com defici\u00eancia intelectual<\/li>\n<li>Braille: c\u00f3digo t\u00e1til de leitura e escrita<\/li>\n<li>Contextualiza\u00e7\u00e3o e conceito da defici\u00eancia auditiva\/surdez<\/li>\n<li>Contextualiza\u00e7\u00e3o e conceito da defici\u00eancia f\u00edsica<\/li>\n<li>Contextualiza\u00e7\u00e3o e conceito das altas habilidades\/superdota\u00e7\u00e3o<\/li>\n<li>Contextualiza\u00e7\u00e3o e conceito de Transtornos Globais do Desenvolvimento<\/li>\n<li>Contextualiza\u00e7\u00e3o e conceito da defici\u00eancia intelectual<\/li>\n<li>Defici\u00eancia e acesso ao ensino universit\u00e1rio<\/li>\n<li>Defici\u00eancia visual: conhecimento necess\u00e1rio para a pr\u00e1tica pedag\u00f3gica<\/li>\n<li>Desenvolvimento e aprendizagem da Libras (l\u00edngua brasileira de sinais)<\/li>\n<li>Desenvolvimento humano, sexualidade e fam\u00edlia<\/li>\n<li>Diversidade e cultura inclusiva<\/li>\n<li>Educa\u00e7\u00e3o,&nbsp; Trabalho e Envelhecimento da Pessoa com Defici\u00eancia<\/li>\n<li>Escolariza\u00e7\u00e3o do estudante com altas habilidades\/superdota\u00e7\u00e3o<\/li>\n<li>Gest\u00e3o democr\u00e1tica e projeto pedag\u00f3gico<\/li>\n<li>Ingresso e a perman\u00eancia dos EPAEE no ensino superior<\/li>\n<li>Legisla\u00e7\u00e3o, \u00e9tica e trabalho docente<\/li>\n<li>Lingu\u00edstica aplicada: forma\u00e7\u00e3o de professores e educa\u00e7\u00e3o inclusiva<\/li>\n<li>Plano de ensino individualizado e ensino colaborativo nas diferentes \u00e1reas da Educa\u00e7\u00e3o Especial<\/li>\n<li>Pol\u00edticas p\u00fablicas: Educa\u00e7\u00e3o Especial e Inclusiva<\/li>\n<li>Sorob\u00e3<\/li>\n<li>Tecnologia Assistiva: estrat\u00e9gias e recursos<\/li>\n<li>T\u00f3picos especiais: comunica\u00e7\u00e3o alternativa nos TGD<\/li>\n<li>T\u00f3picos espec\u00edficos: acessibilidade e desenho universal<\/li>\n<\/ul>\n","protected":false},"excerpt":{"rendered":"<p>&nbsp; Estrutura Curricular &nbsp; Disciplinas Obrigat\u00f3rias: Fundamentos e Pr\u00e1ticas de Educa\u00e7\u00e3o Inclusiva Inova\u00e7\u00e3o e TDIC na educa\u00e7\u00e3o Metodologia da Pesquisa Cientifica Disciplinas Eletivas: Avalia\u00e7\u00e3o de pessoa com defici\u00eancia intelectual Braille: c\u00f3digo t\u00e1til de leitura e escrita Contextualiza\u00e7\u00e3o e conceito da defici\u00eancia auditiva\/surdez Contextualiza\u00e7\u00e3o e conceito da defici\u00eancia f\u00edsica Contextualiza\u00e7\u00e3o e conceito das altas habilidades\/superdota\u00e7\u00e3o Contextualiza\u00e7\u00e3o&#8230;<\/p>\n","protected":false},"author":3929,"featured_media":0,"parent":288,"menu_order":2,"comment_status":"closed","ping_status":"closed","template":"elementor_header_footer","meta":{"inline_featured_image":false,"site-sidebar-layout":"default","site-content-layout":"","ast-site-content-layout":"default","site-content-style":"default","site-sidebar-style":"default","ast-global-header-display":"","ast-banner-title-visibility":"","ast-main-header-display":"","ast-hfb-above-header-display":"","ast-hfb-below-header-display":"","ast-hfb-mobile-header-display":"","site-post-title":"","ast-breadcrumbs-content":"","ast-featured-img":"","footer-sml-layout":"","theme-transparent-header-meta":"default","adv-header-id-meta":"","stick-header-meta":"","header-above-stick-meta":"","header-main-stick-meta":"","header-below-stick-meta":"","astra-migrate-meta-layouts":"set","ast-page-background-enabled":"default","ast-page-background-meta":{"desktop":{"background-color":"var(--ast-global-color-4)","background-image":"","background-repeat":"repeat","background-position":"center center","background-size":"auto","background-attachment":"scroll","background-type":"","background-media":"","overlay-type":"","overlay-color":"","overlay-opacity":"","overlay-gradient":""},"tablet":{"background-color":"","background-image":"","background-repeat":"repeat","background-position":"center center","background-size":"auto","background-attachment":"scroll","background-type":"","background-media":"","overlay-type":"","overlay-color":"","overlay-opacity":"","overlay-gradient":""},"mobile":{"background-color":"","background-image":"","background-repeat":"repeat","background-position":"center center","background-size":"auto","background-attachment":"scroll","background-type":"","background-media":"","overlay-type":"","overlay-color":"","overlay-opacity":"","overlay-gradient":""}},"ast-content-background-meta":{"desktop":{"background-color":"var(--ast-global-color-5)","background-image":"","background-repeat":"repeat","background-position":"center center","background-size":"auto","background-attachment":"scroll","background-type":"","background-media":"","overlay-type":"","overlay-color":"","overlay-opacity":"","overlay-gradient":""},"tablet":{"background-color":"var(--ast-global-color-5)","background-image":"","background-repeat":"repeat","background-position":"center center","background-size":"auto","background-attachment":"scroll","background-type":"","background-media":"","overlay-type":"","overlay-color":"","overlay-opacity":"","overlay-gradient":""},"mobile":{"background-color":"var(--ast-global-color-5)","background-image":"","background-repeat":"repeat","background-position":"center center","background-size":"auto","background-attachment":"scroll","background-type":"","background-media":"","overlay-type":"","overlay-color":"","overlay-opacity":"","overlay-gradient":""}},"ngg_post_thumbnail":0,"footnotes":""},"class_list":["post-53","page","type-page","status-publish","hentry"],"_links":{"self":[{"href":"https:\/\/www2.unifap.br\/profei\/index.php?rest_route=\/wp\/v2\/pages\/53","targetHints":{"allow":["GET"]}}],"collection":[{"href":"https:\/\/www2.unifap.br\/profei\/index.php?rest_route=\/wp\/v2\/pages"}],"about":[{"href":"https:\/\/www2.unifap.br\/profei\/index.php?rest_route=\/wp\/v2\/types\/page"}],"author":[{"embeddable":true,"href":"https:\/\/www2.unifap.br\/profei\/index.php?rest_route=\/wp\/v2\/users\/3929"}],"replies":[{"embeddable":true,"href":"https:\/\/www2.unifap.br\/profei\/index.php?rest_route=%2Fwp%2Fv2%2Fcomments&post=53"}],"version-history":[{"count":21,"href":"https:\/\/www2.unifap.br\/profei\/index.php?rest_route=\/wp\/v2\/pages\/53\/revisions"}],"predecessor-version":[{"id":732,"href":"https:\/\/www2.unifap.br\/profei\/index.php?rest_route=\/wp\/v2\/pages\/53\/revisions\/732"}],"up":[{"embeddable":true,"href":"https:\/\/www2.unifap.br\/profei\/index.php?rest_route=\/wp\/v2\/pages\/288"}],"wp:attachment":[{"href":"https:\/\/www2.unifap.br\/profei\/index.php?rest_route=%2Fwp%2Fv2%2Fmedia&parent=53"}],"curies":[{"name":"wp","href":"https:\/\/api.w.org\/{rel}","templated":true}]}}