{"id":230,"date":"2018-06-21T02:54:41","date_gmt":"2018-06-21T02:54:41","guid":{"rendered":"http:\/\/www2.unifap.br\/profhistoria\/?page_id=230"},"modified":"2020-10-28T12:59:33","modified_gmt":"2020-10-28T12:59:33","slug":"230-2","status":"publish","type":"page","link":"https:\/\/www2.unifap.br\/profhistoria\/programa\/230-2\/","title":{"rendered":"FORMUL\u00c1RIOS"},"content":{"rendered":"<p><a href=\"http:\/\/www2.unifap.br\/profhistoria\/files\/2018\/06\/1-Formul\u00e1rio-solicita\u00e7\u00e3o-de-Diploma.pdf\">1 Formul\u00e1rio solicita\u00e7\u00e3o de Diploma<\/a><\/p>\n<p><a href=\"http:\/\/www2.unifap.br\/profhistoria\/files\/2018\/06\/Formul\u00e1rio-de-Solicita\u00e7\u00e3o-de-Qualifica\u00e7\u00e3o.pdf\">2 Formul\u00e1rio de Solicita\u00e7\u00e3o de Qualifica\u00e7\u00e3o<\/a><\/p>\n<p><a href=\"http:\/\/www2.unifap.br\/profhistoria\/files\/2018\/06\/Formul\u00e1rio-de-Solicita\u00e7\u00e3o-de-Defesa.pdf\">3 Formul\u00e1rio de Solicita\u00e7\u00e3o de Defesa<\/a><\/p>\n<p><a href=\"http:\/\/www2.unifap.br\/profhistoria\/files\/2018\/06\/Termo-de-Compromisso-Bolsista-CAPES.pdf\">4 Termo de Compromisso Bolsista CAPES<\/a><\/p>\n<p><a href=\"http:\/\/www2.unifap.br\/profhistoria\/files\/2018\/06\/Modelo-Ata-de-Defesa.pdf\">5 Modelo Ata de Defesa<\/a><\/p>\n<p><a href=\"http:\/\/www2.unifap.br\/profhistoria\/files\/2019\/03\/Modelo-Ata-de-Qualifica\u00e7\u00e3o.doc\">6 Modelo Ata de Qualifica\u00e7\u00e3o<\/a><\/p>\n<p><a href=\"http:\/\/www2.unifap.br\/profhistoria\/files\/2019\/07\/Formul\u00e1rio-de-matr\u00edcula-discente-externo.docx\">7 Formul\u00e1rio de matr\u00edcula discente externo<\/a><\/p>\n<p><a href=\"http:\/\/www2.unifap.br\/profhistoria\/files\/2019\/08\/Formul\u00e1rio-Solicita\u00e7\u00e3o-Aux\u00edlio-Discente.docx\">8 Formul\u00e1rio Solicita\u00e7\u00e3o Aux\u00edlio Discente <\/a><\/p>\n<p><a href=\"http:\/\/www2.unifap.br\/profhistoria\/files\/2020\/02\/9-Requerimento-Geral.docx\">9 Requerimento Geral<\/a><\/p>\n<p><a href=\"http:\/\/www2.unifap.br\/profhistoria\/files\/2020\/09\/10-Formul\u00e1rio-Cadastro-Docente-e-Institui\u00e7\u00e3o-para-Banca.docx\">10 Formul\u00e1rio Cadastro Docente e Institui\u00e7\u00e3o para Banca<\/a><\/p>\n<p><a href=\"http:\/\/www2.unifap.br\/profhistoria\/files\/2020\/10\/Formul\u00e1rio-solicita\u00e7\u00e3o-de-Diploma-Meio-Digital.docx\">11 Formul\u00e1rio solicita\u00e7\u00e3o de Diploma Meio Digital<\/a><\/p>\n","protected":false},"excerpt":{"rendered":"<p>1 Formul\u00e1rio solicita\u00e7\u00e3o de Diploma 2 Formul\u00e1rio de Solicita\u00e7\u00e3o de Qualifica\u00e7\u00e3o 3 Formul\u00e1rio de Solicita\u00e7\u00e3o de Defesa 4 Termo de Compromisso Bolsista CAPES 5 Modelo Ata de Defesa 6 Modelo Ata de Qualifica\u00e7\u00e3o 7 Formul\u00e1rio de matr\u00edcula discente externo 8&hellip; <\/p>\n<p><a href=\"https:\/\/www2.unifap.br\/profhistoria\/programa\/230-2\/\" class=\"readmore-button\">Continue Reading<\/a><\/p>\n","protected":false},"author":930,"featured_media":0,"parent":34,"menu_order":0,"comment_status":"open","ping_status":"open","template":"","meta":{"inline_featured_image":false,"ngg_post_thumbnail":0,"footnotes":""},"class_list":["post-230","page","type-page","status-publish","hentry"],"_links":{"self":[{"href":"https:\/\/www2.unifap.br\/profhistoria\/wp-json\/wp\/v2\/pages\/230","targetHints":{"allow":["GET"]}}],"collection":[{"href":"https:\/\/www2.unifap.br\/profhistoria\/wp-json\/wp\/v2\/pages"}],"about":[{"href":"https:\/\/www2.unifap.br\/profhistoria\/wp-json\/wp\/v2\/types\/page"}],"author":[{"embeddable":true,"href":"https:\/\/www2.unifap.br\/profhistoria\/wp-json\/wp\/v2\/users\/930"}],"replies":[{"embeddable":true,"href":"https:\/\/www2.unifap.br\/profhistoria\/wp-json\/wp\/v2\/comments?post=230"}],"version-history":[{"count":13,"href":"https:\/\/www2.unifap.br\/profhistoria\/wp-json\/wp\/v2\/pages\/230\/revisions"}],"predecessor-version":[{"id":1019,"href":"https:\/\/www2.unifap.br\/profhistoria\/wp-json\/wp\/v2\/pages\/230\/revisions\/1019"}],"up":[{"embeddable":true,"href":"https:\/\/www2.unifap.br\/profhistoria\/wp-json\/wp\/v2\/pages\/34"}],"wp:attachment":[{"href":"https:\/\/www2.unifap.br\/profhistoria\/wp-json\/wp\/v2\/media?parent=230"}],"curies":[{"name":"wp","href":"https:\/\/api.w.org\/{rel}","templated":true}]}}