{"id":234,"date":"2018-06-21T02:57:34","date_gmt":"2018-06-21T02:57:34","guid":{"rendered":"http:\/\/www2.unifap.br\/profhistoria\/?page_id=234"},"modified":"2018-06-21T02:57:59","modified_gmt":"2018-06-21T02:57:59","slug":"documentos","status":"publish","type":"page","link":"https:\/\/www2.unifap.br\/profhistoria\/programa\/documentos\/","title":{"rendered":"DOCUMENTOS"},"content":{"rendered":"<p><a href=\"http:\/\/www2.unifap.br\/profhistoria\/files\/2016\/04\/Regimento-Geral.pdf\">Regimento Geral<\/a><\/p>\n<p><a href=\"http:\/\/www2.unifap.br\/profhistoria\/files\/2016\/04\/Regimento-Interno-ProfHist\u00f3ria-Unifap.pdf\">Regimento Interno ProfHist\u00f3ria Unifap<\/a><a href=\"http:\/\/www2.unifap.br\/profhistoria\/files\/2018\/06\/Orientacoes-para-elaboracao-de-resumo-e-palavras-chave.pdf\"><br \/>\n<\/a><\/p>\n<p><a href=\"http:\/\/www2.unifap.br\/profhistoria\/files\/2016\/04\/Resolu\u00e7\u00e3o-Consu-10-2016-.pdf\">Resolu\u00e7\u00e3o Consu 10 &#8211; 2016<\/a><\/p>\n<p><a href=\"http:\/\/www2.unifap.br\/profhistoria\/files\/2018\/06\/Orientacoes-para-elaboracao-de-resumo-e-palavras-chave.pdf\">Orientacoes para elaboracao de resumo e palavras chave<\/a><\/p>\n","protected":false},"excerpt":{"rendered":"<p>Regimento Geral Regimento Interno ProfHist\u00f3ria Unifap Resolu\u00e7\u00e3o Consu 10 &#8211; 2016 Orientacoes para elaboracao de resumo e palavras chave<\/p>\n","protected":false},"author":930,"featured_media":0,"parent":34,"menu_order":0,"comment_status":"open","ping_status":"open","template":"","meta":{"inline_featured_image":false,"ngg_post_thumbnail":0,"footnotes":""},"class_list":["post-234","page","type-page","status-publish","hentry"],"_links":{"self":[{"href":"https:\/\/www2.unifap.br\/profhistoria\/wp-json\/wp\/v2\/pages\/234","targetHints":{"allow":["GET"]}}],"collection":[{"href":"https:\/\/www2.unifap.br\/profhistoria\/wp-json\/wp\/v2\/pages"}],"about":[{"href":"https:\/\/www2.unifap.br\/profhistoria\/wp-json\/wp\/v2\/types\/page"}],"author":[{"embeddable":true,"href":"https:\/\/www2.unifap.br\/profhistoria\/wp-json\/wp\/v2\/users\/930"}],"replies":[{"embeddable":true,"href":"https:\/\/www2.unifap.br\/profhistoria\/wp-json\/wp\/v2\/comments?post=234"}],"version-history":[{"count":2,"href":"https:\/\/www2.unifap.br\/profhistoria\/wp-json\/wp\/v2\/pages\/234\/revisions"}],"predecessor-version":[{"id":236,"href":"https:\/\/www2.unifap.br\/profhistoria\/wp-json\/wp\/v2\/pages\/234\/revisions\/236"}],"up":[{"embeddable":true,"href":"https:\/\/www2.unifap.br\/profhistoria\/wp-json\/wp\/v2\/pages\/34"}],"wp:attachment":[{"href":"https:\/\/www2.unifap.br\/profhistoria\/wp-json\/wp\/v2\/media?parent=234"}],"curies":[{"name":"wp","href":"https:\/\/api.w.org\/{rel}","templated":true}]}}