{"id":56,"date":"2016-04-12T19:52:39","date_gmt":"2016-04-12T19:52:39","guid":{"rendered":"http:\/\/www2.unifap.br\/profhistoria\/?page_id=56"},"modified":"2018-06-18T23:23:44","modified_gmt":"2018-06-18T23:23:44","slug":"area-de-concentracao","status":"publish","type":"page","link":"https:\/\/www2.unifap.br\/profhistoria\/apresentacao\/area-de-concentracao\/","title":{"rendered":"\u00c1rea de Concentra\u00e7\u00e3o"},"content":{"rendered":"<p align=\"left\"><b>Nome: <\/b>Ensino de Hist\u00f3ria<\/p>\n<p align=\"left\"><strong>Descri\u00e7\u00e3o:<\/strong>\u00a0 A \u00e1rea de concentra\u00e7\u00e3o privilegiar\u00e1 a considera\u00e7\u00e3o aprofundada da rela\u00e7\u00e3o entre passado, presente e futuro no contexto do ensino da Hist\u00f3ria e tendo em vista ao menos duas demandas complementares: (a) a exig\u00eancia de reflex\u00e3o sobre o ensino escolar, considerando-se seus saberes e pr\u00e1ticas, bem como a rela\u00e7\u00e3o com a disciplina de refer\u00eancia; (b) a necessidade de compreens\u00e3o das m\u00faltiplas formas de ensinar e aprender hist\u00f3ria vigentes na sociedade contempor\u00e2nea, para al\u00e9m da escola, que tensionam continuamente tanto a historiografia profissional como o ensino da disciplina em seus diferentes n\u00edveis.<\/p>\n","protected":false},"excerpt":{"rendered":"<p>Nome: Ensino de Hist\u00f3ria Descri\u00e7\u00e3o:\u00a0 A \u00e1rea de concentra\u00e7\u00e3o privilegiar\u00e1 a considera\u00e7\u00e3o aprofundada da rela\u00e7\u00e3o entre passado, presente e futuro no contexto do ensino da Hist\u00f3ria e tendo em vista ao menos duas demandas complementares: (a) a exig\u00eancia de reflex\u00e3o&hellip; <\/p>\n<p><a href=\"https:\/\/www2.unifap.br\/profhistoria\/apresentacao\/area-de-concentracao\/\" class=\"readmore-button\">Continue Reading<\/a><\/p>\n","protected":false},"author":308,"featured_media":0,"parent":50,"menu_order":0,"comment_status":"open","ping_status":"open","template":"","meta":{"inline_featured_image":false,"ngg_post_thumbnail":0,"footnotes":""},"class_list":["post-56","page","type-page","status-publish","hentry"],"_links":{"self":[{"href":"https:\/\/www2.unifap.br\/profhistoria\/wp-json\/wp\/v2\/pages\/56","targetHints":{"allow":["GET"]}}],"collection":[{"href":"https:\/\/www2.unifap.br\/profhistoria\/wp-json\/wp\/v2\/pages"}],"about":[{"href":"https:\/\/www2.unifap.br\/profhistoria\/wp-json\/wp\/v2\/types\/page"}],"author":[{"embeddable":true,"href":"https:\/\/www2.unifap.br\/profhistoria\/wp-json\/wp\/v2\/users\/308"}],"replies":[{"embeddable":true,"href":"https:\/\/www2.unifap.br\/profhistoria\/wp-json\/wp\/v2\/comments?post=56"}],"version-history":[{"count":2,"href":"https:\/\/www2.unifap.br\/profhistoria\/wp-json\/wp\/v2\/pages\/56\/revisions"}],"predecessor-version":[{"id":211,"href":"https:\/\/www2.unifap.br\/profhistoria\/wp-json\/wp\/v2\/pages\/56\/revisions\/211"}],"up":[{"embeddable":true,"href":"https:\/\/www2.unifap.br\/profhistoria\/wp-json\/wp\/v2\/pages\/50"}],"wp:attachment":[{"href":"https:\/\/www2.unifap.br\/profhistoria\/wp-json\/wp\/v2\/media?parent=56"}],"curies":[{"name":"wp","href":"https:\/\/api.w.org\/{rel}","templated":true}]}}