{"id":915,"date":"2022-01-27T16:25:40","date_gmt":"2022-01-27T18:25:40","guid":{"rendered":"http:\/\/www2.unifap.br\/profid\/?page_id=915"},"modified":"2024-04-04T10:20:04","modified_gmt":"2024-04-04T13:20:04","slug":"geohistoria-2022","status":"publish","type":"page","link":"https:\/\/www2.unifap.br\/profid\/geohistoria-2022\/","title":{"rendered":"GeoHist\u00f3ria 2022"},"content":{"rendered":"\t\t<div data-elementor-type=\"wp-page\" data-elementor-id=\"915\" class=\"elementor elementor-915\">\n\t\t\t\t\t\t<section class=\"elementor-section elementor-top-section elementor-element elementor-element-170134c elementor-section-boxed elementor-section-height-default elementor-section-height-default\" data-id=\"170134c\" data-element_type=\"section\" data-e-type=\"section\">\n\t\t\t\t\t\t<div class=\"elementor-container elementor-column-gap-default\">\n\t\t\t\t\t<div class=\"elementor-column elementor-col-100 elementor-top-column elementor-element elementor-element-1b4487a\" data-id=\"1b4487a\" data-element_type=\"column\" data-e-type=\"column\">\n\t\t\t<div class=\"elementor-widget-wrap elementor-element-populated\">\n\t\t\t\t\t\t<div class=\"elementor-element elementor-element-7baf1ee elementor-widget elementor-widget-heading\" data-id=\"7baf1ee\" data-element_type=\"widget\" data-e-type=\"widget\" data-widget_type=\"heading.default\">\n\t\t\t\t<div class=\"elementor-widget-container\">\n\t\t\t\t\t<h2 class=\"elementor-heading-title elementor-size-default\">Editais<\/h2>\t\t\t\t<\/div>\n\t\t\t\t<\/div>\n\t\t\t\t\t<\/div>\n\t\t<\/div>\n\t\t\t\t\t<\/div>\n\t\t<\/section>\n\t\t\t\t<section class=\"elementor-section elementor-top-section elementor-element elementor-element-3941d5a elementor-section-boxed elementor-section-height-default elementor-section-height-default\" data-id=\"3941d5a\" data-element_type=\"section\" data-e-type=\"section\">\n\t\t\t\t\t\t<div class=\"elementor-container elementor-column-gap-default\">\n\t\t\t\t\t<div class=\"elementor-column elementor-col-100 elementor-top-column elementor-element elementor-element-0c8dc2a\" data-id=\"0c8dc2a\" data-element_type=\"column\" data-e-type=\"column\">\n\t\t\t<div class=\"elementor-widget-wrap elementor-element-populated\">\n\t\t\t\t\t\t<div class=\"elementor-element elementor-element-0ec26bf elementor-widget elementor-widget-text-editor\" data-id=\"0ec26bf\" data-element_type=\"widget\" data-e-type=\"widget\" data-widget_type=\"text-editor.default\">\n\t\t\t\t<div class=\"elementor-widget-container\">\n\t\t\t\t\t\t\t\t\t<p>06\/06\/2022 &#8211;<strong> <a style=\"color: blue;\" href=\"http:\/\/www2.unifap.br\/profid\/files\/2022\/06\/HOMOLOGAC\u0327A\u0303O-DAS-INSCRIC\u0327O\u0303ES-turma-D.pdf\">INSCRI\u00c7\u00d5ES HOMOLOGADAS<\/a><\/strong><\/p><p>\u00a0<\/p><p>\u00a0<\/p>\t\t\t\t\t\t\t\t<\/div>\n\t\t\t\t<\/div>\n\t\t\t\t\t<\/div>\n\t\t<\/div>\n\t\t\t\t\t<\/div>\n\t\t<\/section>\n\t\t\t\t<section class=\"elementor-section elementor-top-section elementor-element elementor-element-057f8f3 elementor-section-boxed elementor-section-height-default elementor-section-height-default\" data-id=\"057f8f3\" data-element_type=\"section\" data-e-type=\"section\">\n\t\t\t\t\t\t<div class=\"elementor-container elementor-column-gap-default\">\n\t\t\t\t\t<div class=\"elementor-column elementor-col-100 elementor-top-column elementor-element elementor-element-1182592\" data-id=\"1182592\" data-element_type=\"column\" data-e-type=\"column\">\n\t\t\t<div class=\"elementor-widget-wrap elementor-element-populated\">\n\t\t\t\t\t\t<div class=\"elementor-element elementor-element-bb8ee54 elementor-widget elementor-widget-text-editor\" data-id=\"bb8ee54\" data-element_type=\"widget\" data-e-type=\"widget\" data-widget_type=\"text-editor.default\">\n\t\t\t\t<div class=\"elementor-widget-container\">\n\t\t\t\t\t\t\t\t\t25\/05\/2022 &#8211; <a  href=\"http:\/\/www2.unifap.br\/profid\/files\/2022\/05\/COMUNICADO-3-PS-Geohisto\u0301ria-marc\u0327o-2022.pdf\">COMUNICADO 3 PS Geohisto\u0301ria marc\u0327o 2022<\/a>\t\t\t\t\t\t\t\t<\/div>\n\t\t\t\t<\/div>\n\t\t\t\t\t<\/div>\n\t\t<\/div>\n\t\t\t\t\t<\/div>\n\t\t<\/section>\n\t\t\t\t<section class=\"elementor-section elementor-top-section elementor-element elementor-element-9bdd34d elementor-section-boxed elementor-section-height-default elementor-section-height-default\" data-id=\"9bdd34d\" data-element_type=\"section\" data-e-type=\"section\">\n\t\t\t\t\t\t<div class=\"elementor-container elementor-column-gap-default\">\n\t\t\t\t\t<div class=\"elementor-column elementor-col-100 elementor-top-column elementor-element elementor-element-56e97ed\" data-id=\"56e97ed\" data-element_type=\"column\" data-e-type=\"column\">\n\t\t\t<div class=\"elementor-widget-wrap elementor-element-populated\">\n\t\t\t\t\t\t<div class=\"elementor-element elementor-element-5857ac6 elementor-widget elementor-widget-text-editor\" data-id=\"5857ac6\" data-element_type=\"widget\" data-e-type=\"widget\" data-widget_type=\"text-editor.default\">\n\t\t\t\t<div class=\"elementor-widget-container\">\n\t\t\t\t\t\t\t\t\t25\/04\/2022 &#8211; \u00a0<a href=\"http:\/\/www2.unifap.br\/profid\/files\/2022\/04\/EDITAL-SELECAO-ALUNOS-GeoHistoria.pdf\">EDITAL SELECAO ALUNOS GeoHistoria<\/a>\t\t\t\t\t\t\t\t<\/div>\n\t\t\t\t<\/div>\n\t\t\t\t\t<\/div>\n\t\t<\/div>\n\t\t\t\t\t<\/div>\n\t\t<\/section>\n\t\t\t\t<section class=\"elementor-section elementor-top-section elementor-element elementor-element-64b2311 elementor-section-boxed elementor-section-height-default elementor-section-height-default\" data-id=\"64b2311\" data-element_type=\"section\" data-e-type=\"section\">\n\t\t\t\t\t\t<div class=\"elementor-container elementor-column-gap-default\">\n\t\t\t\t\t<div class=\"elementor-column elementor-col-100 elementor-top-column elementor-element elementor-element-09ade73\" data-id=\"09ade73\" data-element_type=\"column\" data-e-type=\"column\">\n\t\t\t<div class=\"elementor-widget-wrap elementor-element-populated\">\n\t\t\t\t\t\t<div class=\"elementor-element elementor-element-1ee115f elementor-widget elementor-widget-text-editor\" data-id=\"1ee115f\" data-element_type=\"widget\" data-e-type=\"widget\" data-widget_type=\"text-editor.default\">\n\t\t\t\t<div class=\"elementor-widget-container\">\n\t\t\t\t\t\t\t\t\t19\/04\/2022 &#8211; <a href=\"http:\/\/www2.unifap.br\/profid\/files\/2022\/04\/HOMOLOGAC\u0327A\u0303O-DAS-INSCRIC\u0327O\u0303ES-turma-C.pdf\">HOMOLOGAC\u0327A\u0303O DAS INSCRIC\u0327O\u0303ES TURMA C<\/a>\t\t\t\t\t\t\t\t<\/div>\n\t\t\t\t<\/div>\n\t\t\t\t\t<\/div>\n\t\t<\/div>\n\t\t\t\t\t<\/div>\n\t\t<\/section>\n\t\t\t\t<section class=\"elementor-section elementor-top-section elementor-element elementor-element-90c2020 elementor-section-boxed elementor-section-height-default elementor-section-height-default\" data-id=\"90c2020\" data-element_type=\"section\" data-e-type=\"section\">\n\t\t\t\t\t\t<div class=\"elementor-container elementor-column-gap-default\">\n\t\t\t\t\t<div class=\"elementor-column elementor-col-100 elementor-top-column elementor-element elementor-element-577fb09\" data-id=\"577fb09\" data-element_type=\"column\" data-e-type=\"column\">\n\t\t\t<div class=\"elementor-widget-wrap elementor-element-populated\">\n\t\t\t\t\t\t<div class=\"elementor-element elementor-element-6a69e1d elementor-widget elementor-widget-text-editor\" data-id=\"6a69e1d\" data-element_type=\"widget\" data-e-type=\"widget\" data-widget_type=\"text-editor.default\">\n\t\t\t\t<div class=\"elementor-widget-container\">\n\t\t\t\t\t\t\t\t\t30\/03\/2022 &#8211; <a href=\"http:\/\/www2.unifap.br\/profid\/files\/2022\/03\/COMUNICADO-PS-Geohisto\u0301ria-marc\u0327o-2022.pdf\">COMUNICADO GEOHISTORIA<\/a>\t\t\t\t\t\t\t\t<\/div>\n\t\t\t\t<\/div>\n\t\t\t\t\t<\/div>\n\t\t<\/div>\n\t\t\t\t\t<\/div>\n\t\t<\/section>\n\t\t\t\t<section class=\"elementor-section elementor-top-section elementor-element elementor-element-03f12d6 elementor-section-boxed elementor-section-height-default elementor-section-height-default\" data-id=\"03f12d6\" data-element_type=\"section\" data-e-type=\"section\">\n\t\t\t\t\t\t<div class=\"elementor-container elementor-column-gap-default\">\n\t\t\t\t\t<div class=\"elementor-column elementor-col-100 elementor-top-column elementor-element elementor-element-1be3e6c\" data-id=\"1be3e6c\" data-element_type=\"column\" data-e-type=\"column\">\n\t\t\t<div class=\"elementor-widget-wrap elementor-element-populated\">\n\t\t\t\t\t\t<div class=\"elementor-element elementor-element-76d4e40 elementor-widget elementor-widget-text-editor\" data-id=\"76d4e40\" data-element_type=\"widget\" data-e-type=\"widget\" data-widget_type=\"text-editor.default\">\n\t\t\t\t<div class=\"elementor-widget-container\">\n\t\t\t\t\t\t\t\t\t17\/03\/2022 &#8211; <a href=\"http:\/\/www2.unifap.br\/profid\/files\/2022\/03\/EDITAL-12-SELEC\u0327A\u0303O-ALUNOS-GeoHisto\u0301ria.pdf\" target=\"_blank\" rel=\"noopener\">EDITAL 12 SELEC\u0327A\u0303O ALUNOS GeoHisto\u0301ria<\/a>\t\t\t\t\t\t\t\t<\/div>\n\t\t\t\t<\/div>\n\t\t\t\t\t<\/div>\n\t\t<\/div>\n\t\t\t\t\t<\/div>\n\t\t<\/section>\n\t\t\t\t<section class=\"elementor-section elementor-top-section elementor-element elementor-element-57bd269 elementor-section-boxed elementor-section-height-default elementor-section-height-default\" data-id=\"57bd269\" data-element_type=\"section\" data-e-type=\"section\">\n\t\t\t\t\t\t<div class=\"elementor-container elementor-column-gap-default\">\n\t\t\t\t\t<div class=\"elementor-column elementor-col-100 elementor-top-column elementor-element elementor-element-7e50b02\" data-id=\"7e50b02\" data-element_type=\"column\" data-e-type=\"column\">\n\t\t\t<div class=\"elementor-widget-wrap elementor-element-populated\">\n\t\t\t\t\t\t<div class=\"elementor-element elementor-element-cb05dc0 elementor-widget elementor-widget-text-editor\" data-id=\"cb05dc0\" data-element_type=\"widget\" data-e-type=\"widget\" data-widget_type=\"text-editor.default\">\n\t\t\t\t<div class=\"elementor-widget-container\">\n\t\t\t\t\t\t\t\t\t<p>28\/02\/2022 &#8211; <a href=\"http:\/\/www2.unifap.br\/profid\/files\/2022\/02\/EDITAL-072022-GeoHistA\u0303\u00b3ria-resultado-FINAL-turma-B.-PDF.pdf\">RESULTADO FINAL GEOHISTORIA &#8211; turma B<\/a>\u00a0<\/p><p>28\/02\/2022 &#8211; <a href=\"http:\/\/www2.unifap.br\/profid\/files\/2022\/02\/EDITAL-072022-GeoHistA\u0303\u00b3ria-resultado-preliminar-turma-B.-PDF.pdf\">RESULTADO PRELIMINAR GEOHISTORIA &#8211; turma B<\/a><\/p>\t\t\t\t\t\t\t\t<\/div>\n\t\t\t\t<\/div>\n\t\t\t\t\t<\/div>\n\t\t<\/div>\n\t\t\t\t\t<\/div>\n\t\t<\/section>\n\t\t\t\t<section class=\"elementor-section elementor-top-section elementor-element elementor-element-22ada48 elementor-section-boxed elementor-section-height-default elementor-section-height-default\" data-id=\"22ada48\" data-element_type=\"section\" data-e-type=\"section\">\n\t\t\t\t\t\t<div class=\"elementor-container elementor-column-gap-default\">\n\t\t\t\t\t<div class=\"elementor-column elementor-col-100 elementor-top-column elementor-element elementor-element-346cfcd\" data-id=\"346cfcd\" data-element_type=\"column\" data-e-type=\"column\">\n\t\t\t<div class=\"elementor-widget-wrap elementor-element-populated\">\n\t\t\t\t\t\t<div class=\"elementor-element elementor-element-f32e27c elementor-widget elementor-widget-text-editor\" data-id=\"f32e27c\" data-element_type=\"widget\" data-e-type=\"widget\" data-widget_type=\"text-editor.default\">\n\t\t\t\t<div class=\"elementor-widget-container\">\n\t\t\t\t\t\t\t\t\t<p>14\/02\/2022 &#8211; <a href=\"http:\/\/www2.unifap.br\/profid\/files\/2022\/02\/EDITAL-SELEC\u0327A\u0303O-ALUNOS-GeoHisto\u0301ria-2022.pdf\">EDITAL SELEC\u0327A\u0303O ALUNOS GeoHisto\u0301ria 2022 RETIFICADO<\/a><\/p><p><span style=\"font-size: 1em; letter-spacing: -0.6px;\">14\/02\/2022 &#8211; <\/span><a style=\"font-size: 1em; letter-spacing: -0.6px;\" href=\"http:\/\/www2.unifap.br\/profid\/files\/2022\/02\/COMUNICADO2_PS.Geohisto\u0301ria.pdf\">RETIFICA\u00c7\u00c3O DO EDITAL PARA SELE\u00c7\u00c3O DE ALUNOS<\/a><\/p><p><span style=\"font-size: 1em; letter-spacing: -0.6px;\">27\/01\/2022 &#8211; <\/span><a style=\"font-size: 1em; letter-spacing: -0.6px;\" href=\"http:\/\/www2.unifap.br\/profid\/files\/2022\/01\/7-EDITAL-SELEC\u0327A\u0303O-ALUNOS-GeoHisto\u0301ria-2022.pdf\" target=\"_blank\" rel=\"noopener\">EDITAL PARA SELEC\u0327A\u0303O DE ALUNOS GeoHisto\u0301ria 2022<\/a><\/p>\t\t\t\t\t\t\t\t<\/div>\n\t\t\t\t<\/div>\n\t\t\t\t\t<\/div>\n\t\t<\/div>\n\t\t\t\t\t<\/div>\n\t\t<\/section>\n\t\t\t\t<\/div>\n\t\t","protected":false},"excerpt":{"rendered":"<p>Editais 06\/06\/2022 &#8211; INSCRI\u00c7\u00d5ES HOMOLOGADAS \u00a0 \u00a0 25\/05\/2022 &#8211; COMUNICADO 3 PS Geohisto\u0301ria marc\u0327o 202225\/04\/2022 &#8211; \u00a0EDITAL SELECAO ALUNOS GeoHistoria19\/04\/2022 &#8211; HOMOLOGAC\u0327A\u0303O DAS INSCRIC\u0327O\u0303ES TURMA C30\/03\/2022 &#8211; COMUNICADO GEOHISTORIA17\/03\/2022 &#8211; EDITAL 12 SELEC\u0327A\u0303O ALUNOS GeoHisto\u0301ria 28\/02\/2022 &#8211; RESULTADO FINAL GEOHISTORIA &#8211; turma B\u00a0 28\/02\/2022 &#8211; RESULTADO PRELIMINAR GEOHISTORIA &#8211; turma B 14\/02\/2022 &#8211; EDITAL SELEC\u0327A\u0303O&#8230;<\/p>\n","protected":false},"author":902,"featured_media":0,"parent":0,"menu_order":0,"comment_status":"closed","ping_status":"closed","template":"","meta":{"inline_featured_image":false,"ngg_post_thumbnail":0,"footnotes":""},"class_list":["post-915","page","type-page","status-publish","hentry","entry"],"_links":{"self":[{"href":"https:\/\/www2.unifap.br\/profid\/wp-json\/wp\/v2\/pages\/915","targetHints":{"allow":["GET"]}}],"collection":[{"href":"https:\/\/www2.unifap.br\/profid\/wp-json\/wp\/v2\/pages"}],"about":[{"href":"https:\/\/www2.unifap.br\/profid\/wp-json\/wp\/v2\/types\/page"}],"author":[{"embeddable":true,"href":"https:\/\/www2.unifap.br\/profid\/wp-json\/wp\/v2\/users\/902"}],"replies":[{"embeddable":true,"href":"https:\/\/www2.unifap.br\/profid\/wp-json\/wp\/v2\/comments?post=915"}],"version-history":[{"count":29,"href":"https:\/\/www2.unifap.br\/profid\/wp-json\/wp\/v2\/pages\/915\/revisions"}],"predecessor-version":[{"id":1859,"href":"https:\/\/www2.unifap.br\/profid\/wp-json\/wp\/v2\/pages\/915\/revisions\/1859"}],"wp:attachment":[{"href":"https:\/\/www2.unifap.br\/profid\/wp-json\/wp\/v2\/media?parent=915"}],"curies":[{"name":"wp","href":"https:\/\/api.w.org\/{rel}","templated":true}]}}