{"id":917,"date":"2022-01-27T16:26:26","date_gmt":"2022-01-27T18:26:26","guid":{"rendered":"http:\/\/www2.unifap.br\/profid\/?page_id=917"},"modified":"2022-07-01T08:22:58","modified_gmt":"2022-07-01T11:22:58","slug":"jovem-bilingue-2022","status":"publish","type":"page","link":"https:\/\/www2.unifap.br\/profid\/jovem-bilingue-2022\/","title":{"rendered":"Jovem Bil\u00edngue 2022"},"content":{"rendered":"\t\t<div data-elementor-type=\"wp-page\" data-elementor-id=\"917\" class=\"elementor elementor-917\">\n\t\t\t\t\t\t<section class=\"elementor-section elementor-top-section elementor-element elementor-element-b300e27 elementor-section-boxed elementor-section-height-default elementor-section-height-default\" data-id=\"b300e27\" data-element_type=\"section\" data-e-type=\"section\">\n\t\t\t\t\t\t<div class=\"elementor-container elementor-column-gap-default\">\n\t\t\t\t\t<div class=\"elementor-column elementor-col-100 elementor-top-column elementor-element elementor-element-8328c4e\" data-id=\"8328c4e\" data-element_type=\"column\" data-e-type=\"column\">\n\t\t\t<div class=\"elementor-widget-wrap elementor-element-populated\">\n\t\t\t\t\t\t<div class=\"elementor-element elementor-element-897fd57 elementor-widget elementor-widget-heading\" data-id=\"897fd57\" data-element_type=\"widget\" data-e-type=\"widget\" data-widget_type=\"heading.default\">\n\t\t\t\t<div class=\"elementor-widget-container\">\n\t\t\t\t\t<h2 class=\"elementor-heading-title elementor-size-default\">Editais<\/h2>\t\t\t\t<\/div>\n\t\t\t\t<\/div>\n\t\t\t\t\t<\/div>\n\t\t<\/div>\n\t\t\t\t\t<\/div>\n\t\t<\/section>\n\t\t\t\t<section class=\"elementor-section elementor-top-section elementor-element elementor-element-229d8d8 elementor-section-boxed elementor-section-height-default elementor-section-height-default\" data-id=\"229d8d8\" data-element_type=\"section\" data-e-type=\"section\">\n\t\t\t\t\t\t<div class=\"elementor-container elementor-column-gap-default\">\n\t\t\t\t\t<div class=\"elementor-column elementor-col-100 elementor-top-column elementor-element elementor-element-dd9ede7\" data-id=\"dd9ede7\" data-element_type=\"column\" data-e-type=\"column\">\n\t\t\t<div class=\"elementor-widget-wrap elementor-element-populated\">\n\t\t\t\t\t\t<div class=\"elementor-element elementor-element-1cf4f1f elementor-widget elementor-widget-text-editor\" data-id=\"1cf4f1f\" data-element_type=\"widget\" data-e-type=\"widget\" data-widget_type=\"text-editor.default\">\n\t\t\t\t<div class=\"elementor-widget-container\">\n\t\t\t\t\t\t\t\t\t<p>30\/06\/2022 &#8211; <a style=\"color: blue;\" href=\"http:\/\/www2.unifap.br\/profid\/files\/2022\/07\/2-RESULTADO-FINAL-INGLe\u0302S-2022.2.pdf\"><strong>RESULTADO FINAL INGL\u00caS 2022.2<\/strong><\/a><\/p>\t\t\t\t\t\t\t\t<\/div>\n\t\t\t\t<\/div>\n\t\t\t\t\t<\/div>\n\t\t<\/div>\n\t\t\t\t\t<\/div>\n\t\t<\/section>\n\t\t\t\t<section class=\"elementor-section elementor-top-section elementor-element elementor-element-6730a9c elementor-section-boxed elementor-section-height-default elementor-section-height-default\" data-id=\"6730a9c\" data-element_type=\"section\" data-e-type=\"section\">\n\t\t\t\t\t\t<div class=\"elementor-container elementor-column-gap-default\">\n\t\t\t\t\t<div class=\"elementor-column elementor-col-100 elementor-top-column elementor-element elementor-element-e847d0e\" data-id=\"e847d0e\" data-element_type=\"column\" data-e-type=\"column\">\n\t\t\t<div class=\"elementor-widget-wrap elementor-element-populated\">\n\t\t\t\t\t\t<div class=\"elementor-element elementor-element-7022848 elementor-widget elementor-widget-text-editor\" data-id=\"7022848\" data-element_type=\"widget\" data-e-type=\"widget\" data-widget_type=\"text-editor.default\">\n\t\t\t\t<div class=\"elementor-widget-container\">\n\t\t\t\t\t\t\t\t\t30\/06\/2022 &#8211; <a style=\"color: blue;\" href=\"http:\/\/www2.unifap.br\/profid\/files\/2022\/07\/2-RESULTADO-FINAL-FRANCE\u0302S-2022.2.pdf\"><strong>RESULTADO FINAL FRANCE\u0302S 2022.2<\/strong><\/a>\t\t\t\t\t\t\t\t<\/div>\n\t\t\t\t<\/div>\n\t\t\t\t\t<\/div>\n\t\t<\/div>\n\t\t\t\t\t<\/div>\n\t\t<\/section>\n\t\t\t\t<section class=\"elementor-section elementor-top-section elementor-element elementor-element-e7ac0ee elementor-section-boxed elementor-section-height-default elementor-section-height-default\" data-id=\"e7ac0ee\" data-element_type=\"section\" data-e-type=\"section\">\n\t\t\t\t\t\t<div class=\"elementor-container elementor-column-gap-default\">\n\t\t\t\t\t<div class=\"elementor-column elementor-col-100 elementor-top-column elementor-element elementor-element-718739b\" data-id=\"718739b\" data-element_type=\"column\" data-e-type=\"column\">\n\t\t\t<div class=\"elementor-widget-wrap elementor-element-populated\">\n\t\t\t\t\t\t<div class=\"elementor-element elementor-element-cebacab elementor-widget elementor-widget-text-editor\" data-id=\"cebacab\" data-element_type=\"widget\" data-e-type=\"widget\" data-widget_type=\"text-editor.default\">\n\t\t\t\t<div class=\"elementor-widget-container\">\n\t\t\t\t\t\t\t\t\t<p>30\/06\/2022 &#8211; <a style=\"color: blue;\" href=\"http:\/\/www2.unifap.br\/profid\/files\/2022\/07\/RESULTADOS-DOS-RECURSOS-2022.2.pdf\"><strong>RESULTADOS DOS RECURSOS 2022.2<\/strong><\/a><\/p>\t\t\t\t\t\t\t\t<\/div>\n\t\t\t\t<\/div>\n\t\t\t\t\t<\/div>\n\t\t<\/div>\n\t\t\t\t\t<\/div>\n\t\t<\/section>\n\t\t\t\t<section class=\"elementor-section elementor-top-section elementor-element elementor-element-eeb91c3 elementor-section-boxed elementor-section-height-default elementor-section-height-default\" data-id=\"eeb91c3\" data-element_type=\"section\" data-e-type=\"section\">\n\t\t\t\t\t\t<div class=\"elementor-container elementor-column-gap-default\">\n\t\t\t\t\t<div class=\"elementor-column elementor-col-100 elementor-top-column elementor-element elementor-element-079774e\" data-id=\"079774e\" data-element_type=\"column\" data-e-type=\"column\">\n\t\t\t<div class=\"elementor-widget-wrap elementor-element-populated\">\n\t\t\t\t\t\t<div class=\"elementor-element elementor-element-9ea6a0e elementor-widget elementor-widget-text-editor\" data-id=\"9ea6a0e\" data-element_type=\"widget\" data-e-type=\"widget\" data-widget_type=\"text-editor.default\">\n\t\t\t\t<div class=\"elementor-widget-container\">\n\t\t\t\t\t\t\t\t\t<p>29\/06\/2022 &#8211; <a href=\"http:\/\/www2.unifap.br\/profid\/files\/2022\/06\/1-RESULTADO-PRELIMINAR-INGLeS-2022.2.pdf\">RESULTADO PRELIMINAR INGL\u00caS 2022.2<\/a><\/p>\t\t\t\t\t\t\t\t<\/div>\n\t\t\t\t<\/div>\n\t\t\t\t\t<\/div>\n\t\t<\/div>\n\t\t\t\t\t<\/div>\n\t\t<\/section>\n\t\t\t\t<section class=\"elementor-section elementor-top-section elementor-element elementor-element-1478534 elementor-section-boxed elementor-section-height-default elementor-section-height-default\" data-id=\"1478534\" data-element_type=\"section\" data-e-type=\"section\">\n\t\t\t\t\t\t<div class=\"elementor-container elementor-column-gap-default\">\n\t\t\t\t\t<div class=\"elementor-column elementor-col-100 elementor-top-column elementor-element elementor-element-36a9677\" data-id=\"36a9677\" data-element_type=\"column\" data-e-type=\"column\">\n\t\t\t<div class=\"elementor-widget-wrap elementor-element-populated\">\n\t\t\t\t\t\t<div class=\"elementor-element elementor-element-781d38b elementor-widget elementor-widget-text-editor\" data-id=\"781d38b\" data-element_type=\"widget\" data-e-type=\"widget\" data-widget_type=\"text-editor.default\">\n\t\t\t\t<div class=\"elementor-widget-container\">\n\t\t\t\t\t\t\t\t\t29\/06\/2022 &#8211; <a href=\"http:\/\/www2.unifap.br\/profid\/files\/2022\/06\/1-RESULTADO-PRELIMINAR-FRANCES-2022.2.pdf\">RESULTADO PRELIMINAR FRANC\u00caS 2022.2<\/a>\t\t\t\t\t\t\t\t<\/div>\n\t\t\t\t<\/div>\n\t\t\t\t\t<\/div>\n\t\t<\/div>\n\t\t\t\t\t<\/div>\n\t\t<\/section>\n\t\t\t\t<section class=\"elementor-section elementor-top-section elementor-element elementor-element-109a0b4 elementor-section-boxed elementor-section-height-default elementor-section-height-default\" data-id=\"109a0b4\" data-element_type=\"section\" data-e-type=\"section\">\n\t\t\t\t\t\t<div class=\"elementor-container elementor-column-gap-default\">\n\t\t\t\t\t<div class=\"elementor-column elementor-col-100 elementor-top-column elementor-element elementor-element-9ea522b\" data-id=\"9ea522b\" data-element_type=\"column\" data-e-type=\"column\">\n\t\t\t<div class=\"elementor-widget-wrap elementor-element-populated\">\n\t\t\t\t\t\t<div class=\"elementor-element elementor-element-b5c47e4 elementor-widget elementor-widget-text-editor\" data-id=\"b5c47e4\" data-element_type=\"widget\" data-e-type=\"widget\" data-widget_type=\"text-editor.default\">\n\t\t\t\t<div class=\"elementor-widget-container\">\n\t\t\t\t\t\t\t\t\t<p>22\/06\/2022 &#8211;\u00a0<a href=\"http:\/\/www2.unifap.br\/profid\/files\/2022\/06\/RETIFICACAO-II-JOVEM-BILINGUE.pdf\"><span class=\"media-list-title\">RETIFICA\u00c7\u00c3O II JOVEM BILINGUE<\/span><\/a><\/p>\t\t\t\t\t\t\t\t<\/div>\n\t\t\t\t<\/div>\n\t\t\t\t\t<\/div>\n\t\t<\/div>\n\t\t\t\t\t<\/div>\n\t\t<\/section>\n\t\t\t\t<section class=\"elementor-section elementor-top-section elementor-element elementor-element-b235bf7 elementor-section-boxed elementor-section-height-default elementor-section-height-default\" data-id=\"b235bf7\" data-element_type=\"section\" data-e-type=\"section\">\n\t\t\t\t\t\t<div class=\"elementor-container elementor-column-gap-default\">\n\t\t\t\t\t<div class=\"elementor-column elementor-col-100 elementor-top-column elementor-element elementor-element-665bc1a\" data-id=\"665bc1a\" data-element_type=\"column\" data-e-type=\"column\">\n\t\t\t<div class=\"elementor-widget-wrap elementor-element-populated\">\n\t\t\t\t\t\t<div class=\"elementor-element elementor-element-b2ba476 elementor-widget elementor-widget-text-editor\" data-id=\"b2ba476\" data-element_type=\"widget\" data-e-type=\"widget\" data-widget_type=\"text-editor.default\">\n\t\t\t\t<div class=\"elementor-widget-container\">\n\t\t\t\t\t\t\t\t\t<p>14\/06\/2022 &#8211; <a href=\"http:\/\/www2.unifap.br\/profid\/files\/2022\/06\/EDITAL-15-RETIFICACAO-I.pdf\">EDITAL 15\u00a0 RETIFICA\u00c7\u00c3O I<\/a><\/p>\t\t\t\t\t\t\t\t<\/div>\n\t\t\t\t<\/div>\n\t\t\t\t\t<\/div>\n\t\t<\/div>\n\t\t\t\t\t<\/div>\n\t\t<\/section>\n\t\t\t\t<section class=\"elementor-section elementor-top-section elementor-element elementor-element-e6bf2a5 elementor-section-boxed elementor-section-height-default elementor-section-height-default\" data-id=\"e6bf2a5\" data-element_type=\"section\" data-e-type=\"section\">\n\t\t\t\t\t\t<div class=\"elementor-container elementor-column-gap-default\">\n\t\t\t\t\t<div class=\"elementor-column elementor-col-100 elementor-top-column elementor-element elementor-element-3fcad38\" data-id=\"3fcad38\" data-element_type=\"column\" data-e-type=\"column\">\n\t\t\t<div class=\"elementor-widget-wrap elementor-element-populated\">\n\t\t\t\t\t\t<div class=\"elementor-element elementor-element-37adc7e elementor-widget elementor-widget-text-editor\" data-id=\"37adc7e\" data-element_type=\"widget\" data-e-type=\"widget\" data-widget_type=\"text-editor.default\">\n\t\t\t\t<div class=\"elementor-widget-container\">\n\t\t\t\t\t\t\t\t\t09\/06\/2022 &#8211; <a href=\"http:\/\/www2.unifap.br\/profid\/files\/2022\/06\/EDITAL-15-JOVEM-BILINGUE-ATUALIZADOO.pdf\">EDITAL 15 JOVEM BIL\u00cdNGUE<\/a>\t\t\t\t\t\t\t\t<\/div>\n\t\t\t\t<\/div>\n\t\t\t\t\t<\/div>\n\t\t<\/div>\n\t\t\t\t\t<\/div>\n\t\t<\/section>\n\t\t\t\t<section class=\"elementor-section elementor-top-section elementor-element elementor-element-a82cc15 elementor-section-boxed elementor-section-height-default elementor-section-height-default\" data-id=\"a82cc15\" data-element_type=\"section\" data-e-type=\"section\">\n\t\t\t\t\t\t<div class=\"elementor-container elementor-column-gap-default\">\n\t\t\t\t\t<div class=\"elementor-column elementor-col-100 elementor-top-column elementor-element elementor-element-7b10ebe\" data-id=\"7b10ebe\" data-element_type=\"column\" data-e-type=\"column\">\n\t\t\t<div class=\"elementor-widget-wrap elementor-element-populated\">\n\t\t\t\t\t\t<div class=\"elementor-element elementor-element-aad9c6d elementor-widget elementor-widget-text-editor\" data-id=\"aad9c6d\" data-element_type=\"widget\" data-e-type=\"widget\" data-widget_type=\"text-editor.default\">\n\t\t\t\t<div class=\"elementor-widget-container\">\n\t\t\t\t\t\t\t\t\t<p>14\/03\/2022 &#8211;\u00a0<a href=\"http:\/\/www2.unifap.br\/profid\/files\/2022\/03\/2.\u00aa-convocat\u00f3ria-do-cadastro-reseva-dos-cursos-de-Franc\u00eas-e-Ingl\u00eas.pdf\" target=\"_blank\" rel=\"noopener\">2.\u00aa convocat\u00f3ria do cadastro reseva dos cursos de Franc\u00eas e Ingl\u00eas<\/a><\/p><p>\u00a0<\/p><p>03\/03\/2022 &#8211; <a href=\"http:\/\/www2.unifap.br\/profid\/files\/2022\/03\/1.\u00aa-CONVOCAT\u00d3RIA-DO-CADASTRO-RESEVA-DO-CURSO-DE-INGL\u00caS.pdf\" target=\"_blank\" rel=\"noopener\">1.\u00aa CONVOCAT\u00d3RIA DO CADASTRO RESEVA DO CURSO DE INGL\u00caS<\/a><\/p>\t\t\t\t\t\t\t\t<\/div>\n\t\t\t\t<\/div>\n\t\t\t\t\t<\/div>\n\t\t<\/div>\n\t\t\t\t\t<\/div>\n\t\t<\/section>\n\t\t\t\t<section class=\"elementor-section elementor-top-section elementor-element elementor-element-fd520ea elementor-section-boxed elementor-section-height-default elementor-section-height-default\" data-id=\"fd520ea\" data-element_type=\"section\" data-e-type=\"section\">\n\t\t\t\t\t\t<div class=\"elementor-container elementor-column-gap-default\">\n\t\t\t\t\t<div class=\"elementor-column elementor-col-100 elementor-top-column elementor-element elementor-element-daea5b8\" data-id=\"daea5b8\" data-element_type=\"column\" data-e-type=\"column\">\n\t\t\t<div class=\"elementor-widget-wrap elementor-element-populated\">\n\t\t\t\t\t\t<div class=\"elementor-element elementor-element-3e5e8d7 elementor-widget elementor-widget-text-editor\" data-id=\"3e5e8d7\" data-element_type=\"widget\" data-e-type=\"widget\" data-widget_type=\"text-editor.default\">\n\t\t\t\t<div class=\"elementor-widget-container\">\n\t\t\t\t\t\t\t\t\t28\/02\/2022 &#8211; <a href=\"http:\/\/www2.unifap.br\/profid\/files\/2022\/02\/1.-RESULTADO-FINAL-FRANC\u00caS-2022.1.pdf\">RESULTADO FINAL &#8211; FRANC\u00caS &#8211; 2022.1<\/a>\n\n28\/02\/2022 &#8211; <a  href=\"http:\/\/www2.unifap.br\/profid\/files\/2022\/02\/1.-RESULTADO-FINAL-INGL\u00caS-2022.1.pdf\">RESULTADO FINAL &#8211; INGL\u00caS &#8211; 2022.1<\/a>\n\n28\/02\/2022 &#8211; <a  href=\"http:\/\/www2.unifap.br\/profid\/files\/2022\/02\/RESULTADOS-DOS-RECURSOS-2022.1.pdf\">RESULTADOS DOS RECURSOS- 2022.1<\/a>\t\t\t\t\t\t\t\t<\/div>\n\t\t\t\t<\/div>\n\t\t\t\t\t<\/div>\n\t\t<\/div>\n\t\t\t\t\t<\/div>\n\t\t<\/section>\n\t\t\t\t<section class=\"elementor-section elementor-top-section elementor-element elementor-element-69f5a62 elementor-section-boxed elementor-section-height-default elementor-section-height-default\" data-id=\"69f5a62\" data-element_type=\"section\" data-e-type=\"section\">\n\t\t\t\t\t\t<div class=\"elementor-container elementor-column-gap-default\">\n\t\t\t\t\t<div class=\"elementor-column elementor-col-100 elementor-top-column elementor-element elementor-element-7f5132c\" data-id=\"7f5132c\" data-element_type=\"column\" data-e-type=\"column\">\n\t\t\t<div class=\"elementor-widget-wrap elementor-element-populated\">\n\t\t\t\t\t\t<div class=\"elementor-element elementor-element-a113a4a elementor-widget elementor-widget-text-editor\" data-id=\"a113a4a\" data-element_type=\"widget\" data-e-type=\"widget\" data-widget_type=\"text-editor.default\">\n\t\t\t\t<div class=\"elementor-widget-container\">\n\t\t\t\t\t\t\t\t\t<p>24\/02\/2022 &#8211; <a href=\"http:\/\/www2.unifap.br\/profid\/files\/2022\/02\/RESULTADO-PRELIMINAR-FRANC\u00caS-2022.1.pdf\">RESULTADO PRELIMINAR &#8211; FRANC\u00caS &#8211; 2022.1<\/a>\u00a0\u00a0<\/p><p>24\/02\/2022 &#8211; <a href=\"http:\/\/www2.unifap.br\/profid\/files\/2022\/02\/RESULTADO-PRELIMINAR-INGL\u00caS-2022.1.pdf\">RESULTADO PRELIMINAR &#8211; INGL\u00caS &#8211; 2022.1<\/a>\u00a0\u00a0<\/p><p>24\/02\/2022 &#8211; <a href=\"http:\/\/www2.unifap.br\/profid\/files\/2022\/02\/RESULTADO-PRELIMINAR-CADASTRO-RESERVA-2022.1.pdf\">RESULTADO PRELIMINAR CADASTRO RESERVA &#8211; 2022.1<\/a><\/p>\t\t\t\t\t\t\t\t<\/div>\n\t\t\t\t<\/div>\n\t\t\t\t\t<\/div>\n\t\t<\/div>\n\t\t\t\t\t<\/div>\n\t\t<\/section>\n\t\t\t\t<section class=\"elementor-section elementor-top-section elementor-element elementor-element-16bf043 elementor-section-boxed elementor-section-height-default elementor-section-height-default\" data-id=\"16bf043\" data-element_type=\"section\" data-e-type=\"section\">\n\t\t\t\t\t\t<div class=\"elementor-container elementor-column-gap-default\">\n\t\t\t\t\t<div class=\"elementor-column elementor-col-100 elementor-top-column elementor-element elementor-element-e4362ef\" data-id=\"e4362ef\" data-element_type=\"column\" data-e-type=\"column\">\n\t\t\t<div class=\"elementor-widget-wrap elementor-element-populated\">\n\t\t\t\t\t\t<div class=\"elementor-element elementor-element-cd265a7 elementor-widget elementor-widget-text-editor\" data-id=\"cd265a7\" data-element_type=\"widget\" data-e-type=\"widget\" data-widget_type=\"text-editor.default\">\n\t\t\t\t<div class=\"elementor-widget-container\">\n\t\t\t\t\t\t\t\t\t27\/01\/2022 &#8211; <a href=\"http:\/\/www2.unifap.br\/profid\/files\/2022\/01\/EDITAL-JOVEM-BIL\u00cdNGUE-2022.-oficial.pdf\" target=\"_blank\" rel=\"noopener\">EDITAL PARA SELE\u00c7\u00c3O DE ALUNOS JOVEM BIL\u00cdNGUE 2022<\/a>\t\t\t\t\t\t\t\t<\/div>\n\t\t\t\t<\/div>\n\t\t\t\t\t<\/div>\n\t\t<\/div>\n\t\t\t\t\t<\/div>\n\t\t<\/section>\n\t\t\t\t<\/div>\n\t\t","protected":false},"excerpt":{"rendered":"<p>Editais 30\/06\/2022 &#8211; RESULTADO FINAL INGL\u00caS 2022.2 30\/06\/2022 &#8211; RESULTADO FINAL FRANCE\u0302S 2022.2 30\/06\/2022 &#8211; RESULTADOS DOS RECURSOS 2022.2 29\/06\/2022 &#8211; RESULTADO PRELIMINAR INGL\u00caS 2022.2 29\/06\/2022 &#8211; RESULTADO PRELIMINAR FRANC\u00caS 2022.2 22\/06\/2022 &#8211;\u00a0RETIFICA\u00c7\u00c3O II JOVEM BILINGUE 14\/06\/2022 &#8211; EDITAL 15\u00a0 RETIFICA\u00c7\u00c3O I 09\/06\/2022 &#8211; EDITAL 15 JOVEM BIL\u00cdNGUE 14\/03\/2022 &#8211;\u00a02.\u00aa convocat\u00f3ria do cadastro reseva dos&#8230;<\/p>\n","protected":false},"author":902,"featured_media":0,"parent":0,"menu_order":0,"comment_status":"closed","ping_status":"closed","template":"","meta":{"inline_featured_image":false,"ngg_post_thumbnail":0,"footnotes":""},"class_list":["post-917","page","type-page","status-publish","hentry","entry"],"_links":{"self":[{"href":"https:\/\/www2.unifap.br\/profid\/wp-json\/wp\/v2\/pages\/917","targetHints":{"allow":["GET"]}}],"collection":[{"href":"https:\/\/www2.unifap.br\/profid\/wp-json\/wp\/v2\/pages"}],"about":[{"href":"https:\/\/www2.unifap.br\/profid\/wp-json\/wp\/v2\/types\/page"}],"author":[{"embeddable":true,"href":"https:\/\/www2.unifap.br\/profid\/wp-json\/wp\/v2\/users\/902"}],"replies":[{"embeddable":true,"href":"https:\/\/www2.unifap.br\/profid\/wp-json\/wp\/v2\/comments?post=917"}],"version-history":[{"count":28,"href":"https:\/\/www2.unifap.br\/profid\/wp-json\/wp\/v2\/pages\/917\/revisions"}],"predecessor-version":[{"id":1294,"href":"https:\/\/www2.unifap.br\/profid\/wp-json\/wp\/v2\/pages\/917\/revisions\/1294"}],"wp:attachment":[{"href":"https:\/\/www2.unifap.br\/profid\/wp-json\/wp\/v2\/media?parent=917"}],"curies":[{"name":"wp","href":"https:\/\/api.w.org\/{rel}","templated":true}]}}