{"id":1478,"date":"2023-07-13T20:26:23","date_gmt":"2023-07-13T20:26:23","guid":{"rendered":"http:\/\/www2.unifap.br\/propespg\/files\/2023\/07\/RELATORIO-DE-PRESTACAO-DE-CONTAS-AUXILIO-FINANCEIRO-AO-PESQUISADOR-PROAP-CAPES.docx"},"modified":"2023-07-13T20:26:23","modified_gmt":"2023-07-13T20:26:23","slug":"relatorio-de-prestacao-de-contas-auxilio-financeiro-ao-pesquisador-proap-capes","status":"inherit","type":"attachment","link":"https:\/\/www2.unifap.br\/propespg\/proap\/relatorio-de-prestacao-de-contas-auxilio-financeiro-ao-pesquisador-proap-capes\/","title":{"rendered":"RELAT\u00d3RIO DE PRESTA\u00c7\u00c3O DE CONTAS &#8211; AUX\u00cdLIO FINANCEIRO AO PESQUISADOR &#8211; PROAP CAPES"},"author":623,"featured_media":0,"comment_status":"open","ping_status":"closed","template":"","meta":{"inline_featured_image":false,"ngg_post_thumbnail":0},"class_list":["post-1478","attachment","type-attachment","status-inherit","hentry"],"description":{"rendered":"<p class=\"attachment\"><a href='https:\/\/www2.unifap.br\/propespg\/files\/2023\/07\/RELATORIO-DE-PRESTACAO-DE-CONTAS-AUXILIO-FINANCEIRO-AO-PESQUISADOR-PROAP-CAPES.docx'>RELAT\u00d3RIO DE PRESTA\u00c7\u00c3O DE CONTAS - AUX\u00cdLIO FINANCEIRO AO PESQUISADOR - PROAP CAPES<\/a><\/p>\n"},"caption":{"rendered":"<p>RELAT\u00d3RIO DE PRESTA\u00c7\u00c3O DE CONTAS &#8211; AUX\u00cdLIO FINANCEIRO AO PESQUISADOR &#8211; PROAP CAPES<\/p>\n"},"alt_text":"","media_type":"file","mime_type":"application\/vnd.openxmlformats-officedocument.wordprocessingml.document","media_details":{"filesize":36012,"sizes":{}},"post":400,"source_url":"https:\/\/www2.unifap.br\/propespg\/files\/2023\/07\/RELATORIO-DE-PRESTACAO-DE-CONTAS-AUXILIO-FINANCEIRO-AO-PESQUISADOR-PROAP-CAPES.docx","_links":{"self":[{"href":"https:\/\/www2.unifap.br\/propespg\/wp-json\/wp\/v2\/media\/1478","targetHints":{"allow":["GET"]}}],"collection":[{"href":"https:\/\/www2.unifap.br\/propespg\/wp-json\/wp\/v2\/media"}],"about":[{"href":"https:\/\/www2.unifap.br\/propespg\/wp-json\/wp\/v2\/types\/attachment"}],"author":[{"embeddable":true,"href":"https:\/\/www2.unifap.br\/propespg\/wp-json\/wp\/v2\/users\/623"}],"replies":[{"embeddable":true,"href":"https:\/\/www2.unifap.br\/propespg\/wp-json\/wp\/v2\/comments?post=1478"}]}}

RELATÓRIO DE PRESTAÇÃO DE CONTAS &#8211; AUXÍLIO FINANCEIRO AO PESQUISADOR &#8211; PROAP CAPES

<p class="attachment"><a href='https://www2.unifap.br/propespg/files/2023/07/RELATORIO-DE-PRESTACAO-DE-CONTAS-AUXILIO-FINANCEIRO-AO-PESQUISADOR-PROAP-CAPES.docx'>RELATÓRIO DE PRESTAÇÃO DE CONTAS - AUXÍLIO FINANCEIRO AO PESQUISADOR - PROAP CAPES</a></p>

<p>RELATÓRIO DE PRESTAÇÃO DE CONTAS &#8211; AUXÍLIO FINANCEIRO AO PESQUISADOR &#8211; PROAP CAPES</p>
