{"id":109,"date":"2013-08-28T17:57:51","date_gmt":"2013-08-28T17:57:51","guid":{"rendered":"http:\/\/www2.unifap.br\/propespg\/?page_id=109"},"modified":"2020-09-19T14:59:07","modified_gmt":"2020-09-19T14:59:07","slug":"equipe","status":"publish","type":"page","link":"https:\/\/www2.unifap.br\/propespg\/pro-reitoria-de-pesquisa-e-pos-graduacao-propespg\/equipe\/","title":{"rendered":"Equipe e Contatos"},"content":{"rendered":"<p style=\"text-align: center\">\u00a0<a href=\"http:\/\/www2.unifap.br\/propespg\/files\/2013\/08\/Amanda-Foto.jpg\"><img fetchpriority=\"high\" decoding=\"async\" class=\"alignnone size-full wp-image-1264\" src=\"http:\/\/www2.unifap.br\/propespg\/files\/2013\/08\/Amanda-Foto.jpg\" alt=\"Amanda Foto\" width=\"576\" height=\"576\" srcset=\"https:\/\/www2.unifap.br\/propespg\/files\/2013\/08\/Amanda-Foto.jpg 576w, https:\/\/www2.unifap.br\/propespg\/files\/2013\/08\/Amanda-Foto-150x150.jpg 150w, https:\/\/www2.unifap.br\/propespg\/files\/2013\/08\/Amanda-Foto-300x300.jpg 300w, https:\/\/www2.unifap.br\/propespg\/files\/2013\/08\/Amanda-Foto-70x70.jpg 70w\" sizes=\"(max-width: 576px) 100vw, 576px\" \/><\/a><\/p>\n<p><span style=\"color: #000000;text-align: justify\">Possui gradua\u00e7\u00e3o em Ci\u00eancias Biol\u00f3gicas &#8211; Modalidade M\u00e9dica (Biomedicina) pela Universidade Federal do Par\u00e1 (2004) e t\u00edtulo de especialista em Microbiologia (2006) pela mesma institui\u00e7\u00e3o. Mestrado (2011) e Doutorado em Doen\u00e7as Tropicais (2015) pelo programa de P\u00f3s-gradua\u00e7\u00e3o do N\u00facleo de Medicina Tropical da Universidade Federal do Par\u00e1. Atualmente \u00e9 Pesquisadora colaboradora do Laborat\u00f3rio de Patologia Cl\u00ednica das Doen\u00e7as Tropicais do mesmo n\u00facleo e Professora Pesquisadora do Curso de Medicina da Universidade Federal do Amap\u00e1. Atua principalmente nas seguintes \u00e1reas: Gen\u00e9tica, com \u00eanfase em Gen\u00e9tica Humana e M\u00e9dica, Microbiologia, Parasitologia e Epidemiologia.<\/span><\/p>\n<p><strong><span style=\"color: #000000\">Pr\u00f3-Reitora de Pesquisa e P\u00f3s-Gradua\u00e7\u00e3o<\/span><\/strong><\/p>\n<address><span style=\"color: #000000\">Prof\u00aa Dr\u00aa Amanda Alves Fecury<\/span><\/address>\n<address><span style=\"color: #000000\">(96) 3312-1738<\/span><\/address>\n<address><span style=\"color: #0a2882\">amanda@unifap.br \/ amanda_fecury@yahoo.com.br<\/span><\/address>\n<p style=\"text-align: justify\"><span style=\"color: #000000\"><strong>Secretaria Executiva<\/strong><\/span><\/p>\n<address><span style=\"color: #000000\"> Valdenora de Silva Monteiro<\/span><br \/>\n<span style=\"color: #000000\"> (96) 3312-1737<\/span><br \/>\n<span style=\"color: #0a2882\">deca@unifap.br<\/span><\/address>\n<p>\u00a0<span style=\"color: #000000\"><strong>T\u00e9cnicos Administrativos<\/strong><\/span><\/p>\n<address><span style=\"color: #000000\">Isabella Cristina Paiva<\/span><br \/>\n<span style=\"color: #000000\">(96) 33121739<\/span><br \/>\n<span style=\"color: #0a2882\">isabella@unifap.br<\/span><\/address>\n<address>\u00a0<\/address>\n<address><span style=\"color: #000000\">Luiz Ot\u00e1vio Pereira do Carmo Junior<\/span><\/address>\n<address><span style=\"color: #000000\">(96) 3312-1739<\/span><\/address>\n<address><span style=\"color: #0a2882\">luiz.otavio@unifap.br<\/span><\/address>\n<address>\u00a0<\/address>\n<address><span style=\"color: #000000\">Risam Costa da Luz<\/span><br \/>\n<span style=\"color: #000000\">(96) 33121739<\/span><br \/>\n<span style=\"color: #0a2882\">risamcosta@unifap.br<\/span><\/address>\n<p><strong>\u00a0<\/strong><\/p>\n<p>&nbsp;<\/p>\n","protected":false},"excerpt":{"rendered":"<p>\u00a0 Possui gradua\u00e7\u00e3o em Ci\u00eancias Biol\u00f3gicas &#8211; Modalidade M\u00e9dica (Biomedicina) pela Universidade Federal do Par\u00e1 (2004) e t\u00edtulo de especialista em Microbiologia (2006) pela mesma institui\u00e7\u00e3o. Mestrado (2011) e Doutorado em Doen\u00e7as Tropicais (2015) pelo programa de P\u00f3s-gradua\u00e7\u00e3o do N\u00facleo&hellip; <\/p>\n<p><a href=\"https:\/\/www2.unifap.br\/propespg\/pro-reitoria-de-pesquisa-e-pos-graduacao-propespg\/equipe\/\" class=\"readmore-button\">Continue Reading<\/a><\/p>\n","protected":false},"author":306,"featured_media":0,"parent":96,"menu_order":1,"comment_status":"open","ping_status":"open","template":"","meta":{"inline_featured_image":false,"ngg_post_thumbnail":0,"footnotes":""},"class_list":["post-109","page","type-page","status-publish","hentry"],"_links":{"self":[{"href":"https:\/\/www2.unifap.br\/propespg\/wp-json\/wp\/v2\/pages\/109","targetHints":{"allow":["GET"]}}],"collection":[{"href":"https:\/\/www2.unifap.br\/propespg\/wp-json\/wp\/v2\/pages"}],"about":[{"href":"https:\/\/www2.unifap.br\/propespg\/wp-json\/wp\/v2\/types\/page"}],"author":[{"embeddable":true,"href":"https:\/\/www2.unifap.br\/propespg\/wp-json\/wp\/v2\/users\/306"}],"replies":[{"embeddable":true,"href":"https:\/\/www2.unifap.br\/propespg\/wp-json\/wp\/v2\/comments?post=109"}],"version-history":[{"count":28,"href":"https:\/\/www2.unifap.br\/propespg\/wp-json\/wp\/v2\/pages\/109\/revisions"}],"predecessor-version":[{"id":1333,"href":"https:\/\/www2.unifap.br\/propespg\/wp-json\/wp\/v2\/pages\/109\/revisions\/1333"}],"up":[{"embeddable":true,"href":"https:\/\/www2.unifap.br\/propespg\/wp-json\/wp\/v2\/pages\/96"}],"wp:attachment":[{"href":"https:\/\/www2.unifap.br\/propespg\/wp-json\/wp\/v2\/media?parent=109"}],"curies":[{"name":"wp","href":"https:\/\/api.w.org\/{rel}","templated":true}]}}