{"id":1408,"date":"2023-01-18T13:27:52","date_gmt":"2023-01-18T13:27:52","guid":{"rendered":"https:\/\/www2.unifap.br\/propespg\/?page_id=1408"},"modified":"2023-01-18T13:27:52","modified_gmt":"2023-01-18T13:27:52","slug":"acoes-e-programas-dpq","status":"publish","type":"page","link":"https:\/\/www2.unifap.br\/propespg\/acoes-e-programas\/acoes-e-programas-dpq\/","title":{"rendered":"A\u00c7\u00d5ES E PROGRAMAS &#8211; DPQ"},"content":{"rendered":"<p><span style=\"color: #000000\">A PROPESPG, atrav\u00e9s do Departamento de Pesquisa (DPQ), oferta bolsas de Inicia\u00e7\u00e3o<\/span><br \/>\n<span style=\"color: #000000\">Cient\u00edfica (IC) com o objetivo de despertar a voca\u00e7\u00e3o cient\u00edfica e incentivar talentos<\/span><br \/>\n<span style=\"color: #000000\">potenciais entre estudantes de gradua\u00e7\u00e3o, mediante participa\u00e7\u00e3o em projetos de pesquisa,<\/span><br \/>\n<span style=\"color: #000000\">orientados por pesquisadores qualificados, possibilitando ao iniciante a aprendizagem de<\/span><br \/>\n<span style=\"color: #000000\">t\u00e9cnicas e de m\u00e9todos, por meio do desenvolvimento do pensar e do criar cientificamente,<\/span><br \/>\n<span style=\"color: #000000\">al\u00e9m de aprimorar seu esp\u00edrito cr\u00edtico. Atualmente o DPQ disponibiliza os programas de<\/span><br \/>\n<span style=\"color: #000000\">IC\/PIBIC\/CNPq, PROBIC\/UNIFAP e PROVIC.<\/span><\/p>\n<p><strong><span style=\"color: #000000\">A\u00c7\u00d5ES REALIZADAS RECENTEMENTE &#8211; 2022<\/span><\/strong><\/p>\n<p><span style=\"color: #000000\">1- CHAMADA P\u00daBLICA N.\u00ba 01\/2022 DPq\/ PROPESPG\/UNIFAP \u2013 PROGRAMA INSTITUCIONAL DE BOLSAS DE INICIA\u00c7\u00c3O CIENT\u00cdFICA DA UNIFAP &#8211; Para oferta de 118 bolsas de inicia\u00e7\u00e3o cient\u00edfica, nas modalidades PIBIC\/ CNPq, PROBIC\/UNIFAP, PIBIC AF\/CNPq, PROBICAF\/UNIFAP.<\/span><\/p>\n<p>&nbsp;<\/p>\n<p><span style=\"color: #000000\">2- XI CONGRESSO AMAPAENSE DE INICIA\u00c7\u00c3O CIENT\u00cdFICA \u2013 CONAIC &#8211; ocorreu nos dias 18, 19 e 20 de outubro nas depend\u00eancias do Campus da Universidade do Estado do Amap\u00e1 &#8211; UEAP. Com apresenta\u00e7\u00f5es orais e em formato de banners virtuais dos trabalhos de inicia\u00e7\u00e3o cient\u00edfica desenvolvidos no bi\u00eanio 2021-2022 por acad\u00eamicos e professores\/pesquisadores de todas as Institui\u00e7\u00f5es de Ci\u00eancia e Tecnologia p\u00fablicas do Amap\u00e1.<\/span><\/p>\n<p>&nbsp;<\/p>\n<p><span style=\"color: #000000\">2.1- PR\u00caMIO DESTAQUE INICIA\u00c7\u00c3O CIENT\u00cdFICA 2022 &#8211; O Pr\u00eamio Destaque na Inicia\u00e7\u00e3o Cient\u00edfica teve como objetivo premiar os trabalhos cient\u00edficos apresentados por alunos dos Programas de Inicia\u00e7\u00e3o Cient\u00edfica e Tecnol\u00f3gica da UNIFAP (ciclo 2021- 2022), que se destacaram no XI Congresso Amapaense de Inicia\u00e7\u00e3o Cient\u00edfica-CONAIC. Ao todo, 17 bolsistas foram premiados, com valores em dinheiro e certificados de men\u00e7\u00e3o honrosa.<\/span><\/p>\n","protected":false},"excerpt":{"rendered":"<p>A PROPESPG, atrav\u00e9s do Departamento de Pesquisa (DPQ), oferta bolsas de Inicia\u00e7\u00e3o Cient\u00edfica (IC) com o objetivo de despertar a voca\u00e7\u00e3o cient\u00edfica e incentivar talentos potenciais entre estudantes de gradua\u00e7\u00e3o, mediante participa\u00e7\u00e3o em projetos de pesquisa, orientados por pesquisadores qualificados,&hellip; <\/p>\n<p><a href=\"https:\/\/www2.unifap.br\/propespg\/acoes-e-programas\/acoes-e-programas-dpq\/\" class=\"readmore-button\">Continue Reading<\/a><\/p>\n","protected":false},"author":623,"featured_media":0,"parent":1398,"menu_order":0,"comment_status":"closed","ping_status":"closed","template":"","meta":{"inline_featured_image":false,"ngg_post_thumbnail":0,"footnotes":""},"class_list":["post-1408","page","type-page","status-publish","hentry"],"_links":{"self":[{"href":"https:\/\/www2.unifap.br\/propespg\/wp-json\/wp\/v2\/pages\/1408","targetHints":{"allow":["GET"]}}],"collection":[{"href":"https:\/\/www2.unifap.br\/propespg\/wp-json\/wp\/v2\/pages"}],"about":[{"href":"https:\/\/www2.unifap.br\/propespg\/wp-json\/wp\/v2\/types\/page"}],"author":[{"embeddable":true,"href":"https:\/\/www2.unifap.br\/propespg\/wp-json\/wp\/v2\/users\/623"}],"replies":[{"embeddable":true,"href":"https:\/\/www2.unifap.br\/propespg\/wp-json\/wp\/v2\/comments?post=1408"}],"version-history":[{"count":1,"href":"https:\/\/www2.unifap.br\/propespg\/wp-json\/wp\/v2\/pages\/1408\/revisions"}],"predecessor-version":[{"id":1409,"href":"https:\/\/www2.unifap.br\/propespg\/wp-json\/wp\/v2\/pages\/1408\/revisions\/1409"}],"up":[{"embeddable":true,"href":"https:\/\/www2.unifap.br\/propespg\/wp-json\/wp\/v2\/pages\/1398"}],"wp:attachment":[{"href":"https:\/\/www2.unifap.br\/propespg\/wp-json\/wp\/v2\/media?parent=1408"}],"curies":[{"name":"wp","href":"https:\/\/api.w.org\/{rel}","templated":true}]}}